000
CDUS41 KCLE 162111
CLIYNG


CLIMATE REPORT
NATIONAL WEATHER SERVICE CLEVELAND OH
510 PM EDT TUE JUL 16 2019


...................................

...THE YOUNGSTOWN OH CLIMATE SUMMARY FOR JULY 16 2019...
VALID TODAY AS OF 0500 PM LOCAL TIME.

CLIMATE NORMAL PERIOD 1981 TO 2010
CLIMATE RECORD PERIOD 1897 TO 2019


WEATHER ITEM   OBSERVED TIME   RECORD YEAR NORMAL DEPARTURE LAST
                VALUE   (LST)  VALUE       VALUE  FROM      YEAR
                                                  NORMAL
..................................................................
TEMPERATURE (F)
 TODAY
  MAXIMUM         87    226 PM 100    1988  82      5       91
  MINIMUM         70    524 AM  46    2015  60     10       67
  AVERAGE         79                        71      8       79

PRECIPITATION (IN)
  TODAY            T                         0.15  -0.15     0.13
  MONTH TO DATE    1.77                      2.24  -0.47     0.19
  SINCE JUN 1      9.92                      6.12   3.80     6.33
  SINCE JAN 1     27.95                     20.91   7.04    27.55

SNOWFALL (IN)
  TODAY            0.0                       0.0    0.0      0.0
  MONTH TO DATE    0.0                       0.0    0.0      0.0
  SINCE JUN 1      0.0                       0.0    0.0      0.0
  SINCE JUL 1      0.0                       0.0    0.0      0.0
  SNOW DEPTH       0

DEGREE DAYS
 HEATING
  TODAY            0                         0      0        0
  MONTH TO DATE    0                         8     -8        0
  SINCE JUN 1     45                        77    -32       27
  SINCE JUL 1      0                         8     -8        0

 COOLING
  TODAY           14                         6      8       14
  MONTH TO DATE  162                        96     66      158
  SINCE JUN 1    288                       206     82      297
  SINCE JAN 1    344                       245     99      403
..................................................................


WIND (MPH)
  HIGHEST WIND SPEED    16   HIGHEST WIND DIRECTION    SW (240)
  HIGHEST GUST SPEED    22   HIGHEST GUST DIRECTION    SW (210)


SKY COVER
  POSSIBLE SUNSHINE  MM
  AVERAGE SKY COVER 0.9


WEATHER CONDITIONS
 THE FOLLOWING WEATHER WAS RECORDED TODAY.
  NO SIGNIFICANT WEATHER WAS OBSERVED.


RELATIVE HUMIDITY (PERCENT)
 HIGHEST    84           500 AM
 LOWEST     51           100 PM
 AVERAGE    68

..........................................................


THE YOUNGSTOWN OH CLIMATE NORMALS FOR TOMORROW
                         NORMAL    RECORD    YEAR
 MAXIMUM TEMPERATURE (F)   82        98      1931
 MINIMUM TEMPERATURE (F)   60        47      1974


SUNRISE AND SUNSET
JULY 16 2019..........SUNRISE   603 AM EDT   SUNSET   854 PM EDT
JULY 17 2019..........SUNRISE   604 AM EDT   SUNSET   853 PM EDT


-  INDICATES NEGATIVE NUMBERS.
R  INDICATES RECORD WAS SET OR TIED.
MM INDICATES DATA IS MISSING.
T  INDICATES TRACE AMOUNT.




$$
