000
CDUS41 KCLE 242111
CLIYNG


CLIMATE REPORT
NATIONAL WEATHER SERVICE CLEVELAND OH
511 PM EDT WED APR 24 2019


...................................

...THE YOUNGSTOWN OH CLIMATE SUMMARY FOR APRIL 24 2019...
VALID TODAY AS OF 0500 PM LOCAL TIME.

CLIMATE NORMAL PERIOD 1981 TO 2010
CLIMATE RECORD PERIOD 1897 TO 2019


WEATHER ITEM   OBSERVED TIME   RECORD YEAR NORMAL DEPARTURE LAST
                VALUE   (LST)  VALUE       VALUE  FROM      YEAR
                                                  NORMAL
..................................................................
TEMPERATURE (F)
 TODAY
  MAXIMUM         62    342 PM  88    1897  63     -1       61
  MINIMUM         44    741 AM  26    2003  41      3       50
  AVERAGE         53                        52      1       56

PRECIPITATION (IN)
  TODAY            0.00                      0.10  -0.10     0.26
  MONTH TO DATE    2.12                      2.72  -0.60     4.26
  SINCE MAR 1      5.73                      5.66   0.07     8.71
  SINCE JAN 1     12.29                     10.36   1.93    16.92

SNOWFALL (IN)
  TODAY            0.0                       0.0    0.0      0.0
  MONTH TO DATE    0.3                       2.9   -2.6      7.6
  SINCE MAR 1      6.3                      13.8   -7.5     23.2
  SINCE JUL 1     45.6                      62.6  -17.0     81.3
  SNOW DEPTH       0

DEGREE DAYS
 HEATING
  TODAY           12                        14     -2        9
  MONTH TO DATE  309                       426   -117      527
  SINCE MAR 1   1225                      1302    -77     1503
  SINCE JUL 1   5603                      5950   -347     5818

 COOLING
  TODAY            0                         0      0        0
  MONTH TO DATE    3                         0      3        2
  SINCE MAR 1      3                         1      2        2
  SINCE JAN 1      3                         1      2        4
..................................................................


WIND (MPH)
  HIGHEST WIND SPEED    13   HIGHEST WIND DIRECTION     N (340)
  HIGHEST GUST SPEED    18   HIGHEST GUST DIRECTION     N (340)


SKY COVER
  POSSIBLE SUNSHINE  MM
  AVERAGE SKY COVER 0.9


WEATHER CONDITIONS
 THE FOLLOWING WEATHER WAS RECORDED TODAY.
  NO SIGNIFICANT WEATHER WAS OBSERVED.


RELATIVE HUMIDITY (PERCENT)
 HIGHEST    83           300 AM
 LOWEST     36           300 PM
 AVERAGE    60

..........................................................


THE YOUNGSTOWN OH CLIMATE NORMALS FOR TOMORROW
                         NORMAL    RECORD    YEAR
 MAXIMUM TEMPERATURE (F)   63        86      2009
                                             1990
 MINIMUM TEMPERATURE (F)   41        25      1956


SUNRISE AND SUNSET
APRIL 24 2019.........SUNRISE   630 AM EDT   SUNSET   812 PM EDT
APRIL 25 2019.........SUNRISE   629 AM EDT   SUNSET   813 PM EDT


-  INDICATES NEGATIVE NUMBERS.
R  INDICATES RECORD WAS SET OR TIED.
MM INDICATES DATA IS MISSING.
T  INDICATES TRACE AMOUNT.




$$
