000
CDUS41 KPBZ 240704
CLIZZV


CLIMATE REPORT
NATIONAL WEATHER SERVICE PITTSBURGH PA
303 AM EDT MON JUN 24 2019


...................................

...THE ZANESVILLE OH CLIMATE SUMMARY FOR JUNE 23 2019...

CLIMATE NORMAL PERIOD 1981 TO 2010
CLIMATE RECORD PERIOD 1895 TO 2019


WEATHER ITEM   OBSERVED TIME   RECORD YEAR NORMAL DEPARTURE LAST
                VALUE   (LST)  VALUE       VALUE  FROM      YEAR
                                                  NORMAL
..................................................................
TEMPERATURE (F)
 YESTERDAY
  MAXIMUM         81    535 PM  96    1899  82     -1       78
  MINIMUM         53    533 AM  42    1918  60     -7       66
  AVERAGE         67                        71     -4       72

PRECIPITATION (IN)
  YESTERDAY        0.00          2.20 2017   0.14  -0.14     0.12
  MONTH TO DATE    2.99                      3.08  -0.09     3.93
  SINCE JUN 1      2.99                      3.08  -0.09     3.93
  SINCE JAN 1     22.61                     18.54   4.07    24.36

DEGREE DAYS
 HEATING
  YESTERDAY        0                         0      0        0
  MONTH TO DATE   22                        30     -8       15
  SINCE JUN 1     22                        30     -8       15
  SINCE JUL 1   5179                      5569   -390     5374

 COOLING
  YESTERDAY        2                         7     -5        7
  MONTH TO DATE   89                       108    -19      161
  SINCE JUN 1     89                       108    -19      161
  SINCE JAN 1    200                       162     38      346
..................................................................


WIND (MPH)
  HIGHEST WIND SPEED    12   HIGHEST WIND DIRECTION     S (170)
  HIGHEST GUST SPEED    15   HIGHEST GUST DIRECTION    SW (210)
  AVERAGE WIND SPEED     3.3


SKY COVER
  POSSIBLE SUNSHINE  MM
  AVERAGE SKY COVER 0.0


WEATHER CONDITIONS
 THE FOLLOWING WEATHER WAS RECORDED YESTERDAY.
  NO SIGNIFICANT WEATHER WAS OBSERVED.


RELATIVE HUMIDITY (PERCENT)
 HIGHEST    93           200 AM
 LOWEST     35           100 PM
 AVERAGE    64

..........................................................


THE ZANESVILLE OH CLIMATE NORMALS FOR TODAY
                         NORMAL    RECORD    YEAR
 MAXIMUM TEMPERATURE (F)   83        98      1930
 MINIMUM TEMPERATURE (F)   60        42      1915


SUNRISE AND SUNSET
JUNE 24 2019..........SUNRISE   600 AM EDT   SUNSET   900 PM EDT
JUNE 25 2019..........SUNRISE   600 AM EDT   SUNSET   900 PM EDT


-  INDICATES NEGATIVE NUMBERS.
R  INDICATES RECORD WAS SET OR TIED.
MM INDICATES DATA IS MISSING.
T  INDICATES TRACE AMOUNT.




$$
