472
CDUS41 KPBZ 190720
CLIZZV


CLIMATE REPORT
NATIONAL WEATHER SERVICE PITTSBURGH PA
320 AM EDT FRI APR 19 2019


...................................

...THE ZANESVILLE OH CLIMATE SUMMARY FOR APRIL 18 2019...

CLIMATE NORMAL PERIOD 1981 TO 2010
CLIMATE RECORD PERIOD 1895 TO 2019


WEATHER ITEM   OBSERVED TIME   RECORD YEAR NORMAL DEPARTURE LAST
                VALUE   (LST)  VALUE       VALUE  FROM      YEAR
                                                  NORMAL
..................................................................
TEMPERATURE (F)
 YESTERDAY
  MAXIMUM         80    533 PM  92    1896  64     16       58
  MINIMUM         59    132 AM  25    2018  41     18       25
                                      1983
                                      1953
  AVERAGE         70                        52     18       42

PRECIPITATION (IN)
  YESTERDAY        0.00          0.95 1939   0.12  -0.12     0.33
  MONTH TO DATE    1.61                      2.07  -0.46     4.22
  SINCE JUN 1     46.15                     32.30  13.85    37.67
  SINCE JAN 1     13.07                      9.90   3.17    14.81

DEGREE DAYS
 HEATING
  YESTERDAY        0                        13    -13       23
  MONTH TO DATE  180                       281   -101      359
  SINCE MAR 1    998                      1034    -36     1212
  SINCE JUL 1   4941                      5225   -284     5161

 COOLING
  YESTERDAY        5                         0      5        0
  MONTH TO DATE    5                         0      5       10
  SINCE MAR 1      6                         1      5       10
  SINCE JAN 1      6                         1      5       15
..................................................................


WIND (MPH)
  HIGHEST WIND SPEED    22   HIGHEST WIND DIRECTION    SW (220)
  HIGHEST GUST SPEED    31   HIGHEST GUST DIRECTION    SW (210)
  AVERAGE WIND SPEED     9.1


SKY COVER
  POSSIBLE SUNSHINE  MM
  AVERAGE SKY COVER 0.5


WEATHER CONDITIONS
 THE FOLLOWING WEATHER WAS RECORDED YESTERDAY.
  NO SIGNIFICANT WEATHER WAS OBSERVED.


RELATIVE HUMIDITY (PERCENT)
 HIGHEST    64           100 AM
 LOWEST     36           800 PM
 AVERAGE    50

..........................................................


THE ZANESVILLE OH CLIMATE NORMALS FOR TODAY
                         NORMAL    RECORD    YEAR
 MAXIMUM TEMPERATURE (F)   65        90      1941
 MINIMUM TEMPERATURE (F)   41        21      1953


SUNRISE AND SUNSET
APRIL 19 2019.........SUNRISE   644 AM EDT   SUNSET   810 PM EDT
APRIL 20 2019.........SUNRISE   643 AM EDT   SUNSET   811 PM EDT


-  INDICATES NEGATIVE NUMBERS.
R  INDICATES RECORD WAS SET OR TIED.
MM INDICATES DATA IS MISSING.
T  INDICATES TRACE AMOUNT.




$$
