000
CXUS51 KBOX 011410
CLMBDL
CLIMATE REPORT
NATIONAL WEATHER SERVICE BOSTON/NORTON MA
1010 AM EDT MON APR 01 2024
...................................
...THE HARTFORD CT CLIMATE SUMMARY FOR THE MONTH OF MARCH 2024...
CLIMATE NORMAL PERIOD 1991 TO 2020
CLIMATE RECORD PERIOD 1904 TO 2024
WEATHER OBSERVED NORMAL DEPART LAST YEAR`S
VALUE DATE(S) VALUE FROM VALUE
NORMAL
..............................................................
TEMPERATURE (F)
RECORD
HIGH 89 03/31/1998
LOW -6 03/07/2003
03/19/1967
HIGHEST 72 03/14 65
LOWEST 22 03/01 22
AVG. MAXIMUM 53.7 47.3 6.4
AVG. MINIMUM 35.3 28.2 7.1
MEAN 44.5 37.8 6.7
DAYS MAX >= 90 0 0.0 0.0
DAYS MAX <= 32 0 2.1 -2.1
DAYS MIN <= 32 9 21.4 -12.4
DAYS MIN <= 0 0 0.1 -0.1
PRECIPITATION (INCHES)
RECORD
MAXIMUM 9.21 1953
MINIMUM 0.27 1981
TOTALS 7.99 3.81 4.18
DAILY AVG. 0.26 0.12 0.14
DAYS >= .01 12 11.2 0.8
DAYS >= .10 8 7.0 1.0
DAYS >= .50 7 2.8 4.2
DAYS >= 1.00 3 0.9 2.1
GREATEST
24 HR. TOTAL 2.24 03/23 TO 03/23
SNOWFALL (INCHES)
RECORDS
MAXIMUM 43.3 1956
MINIMUM 0.0 1995
1946
SNOW DEPTH 27 03/27/1916
TOTALS T 9.4 -9.4
LIQUID EQUIV T
SINCE 7/1 24.0 50.6 -26.6
SNOWDEPTH AVG. 0
DAYS >= TRACE 2 3.8 -1.8
DAYS >= 1.0 0 2.4 -2.4
GREATEST
SNOW DEPTH 0
24 HR TOTAL T 03/21 TO 03/21
03/11 TO 03/11
DEGREE DAYS
HEATING TOTAL 628 845 -217
SINCE 7/1 4386 5181 -795
COOLING TOTAL 0 0 0
SINCE 1/1 0 0 0
..............................................................
WIND (MPH)
AVERAGE WIND SPEED 9.9
RESULTANT WIND SPEED/DIRECTION 5/330
HIGHEST WIND SPEED/DIRECTION 40/300 DATE 03/11
HIGHEST GUST SPEED/DIRECTION 57/300 DATE 03/30
SKY COVER
POSSIBLE SUNSHINE (PERCENT) MM
AVERAGE SKY COVER 0.69
NUMBER OF DAYS FAIR 2
NUMBER OF DAYS PC 15
NUMBER OF DAYS CLOUDY 14
AVERAGE RH (PERCENT) 60
WEATHER CONDITIONS. NUMBER OF DAYS WITH
THUNDERSTORM 0 MIXED PRECIP 0
HEAVY RAIN 3 RAIN 9
LIGHT RAIN 15 FREEZING RAIN 0
LT FREEZING RAIN 0 HAIL 0
HEAVY SNOW 0 SNOW 0
LIGHT SNOW 1 SLEET 0
FOG 12 FOG W/VIS <= 1/4 MILE 0
HAZE 4
- INDICATES NEGATIVE NUMBERS.
R INDICATES RECORD WAS SET OR TIED.
MM INDICATES DATA IS MISSING.
T INDICATES TRACE AMOUNT.
$$