000
CXUS44 KBRO 011522
CLMBRO


CLIMATE REPORT
NATIONAL WEATHER SERVICE BROWNSVILLE TX
1020 AM CDT TUE MAY 1 2018

...................................

...THE BROWNSVILLE CLIMATE SUMMARY FOR THE MONTH OF APRIL 2018...

CLIMATE NORMAL PERIOD 1981 TO 2010
CLIMATE RECORD PERIOD 1878 TO 2018

WEATHER         OBSERVED          NORMAL  DEPART  LAST YEAR`S
                 VALUE   DATE(S)  VALUE   FROM    VALUE  DATE(S)
                                          NORMAL
................................................................
TEMPERATURE (F)
HIGHEST            90   04/13        94      -4      104  04/26
LOWEST             51   04/08        49       2       58  04/24
                                                          04/06
AVG. MAXIMUM     84.1              83.7     0.4     87.9
AVG. MINIMUM     65.6              65.9    -0.3     69.3
MEAN             74.9              74.8     0.1     78.6
DAYS MAX >= 90      1               3.4    -2.4        7
DAYS MAX <= 32      0               0.0     0.0        0
DAYS MIN <= 32      0               0.0     0.0        0
DAYS MIN <= 0       0               0.0     0.0        0

PRECIPITATION (INCHES)
TOTALS           1.90              1.54    0.36     0.63
DAILY AVG.       0.06              0.05    0.01     0.02
DAYS >= .01         8               4.0     4.0        6
DAYS >= .10         6               2.1     3.9        2
DAYS >= .50         1               0.7     0.3        0
DAYS >= 1.00        0               0.3    -0.3        0
GREATEST
 24 HR. TOTAL    0.81   04/25 TO 04/25
 STORM TOTAL       MM
 (MM/DD(HH))            MM

SNOWFALL (INCHES)
TOTALS            0.0               0.0     0.0      0.0
SINCE 7/1         0.3               0.0     0.3
SNOWDEPTH AVG.      0                MM      MM

DEGREE_DAYS
HEATING TOTAL       3                 8      -5        0
 SINCE 7/1        485               554     -69      201
COOLING TOTAL     306               302       4      416
 SINCE 1/1        878               617     261     1097
.................................................................

WIND (MPH)
AVERAGE WIND SPEED              12.4
HIGHEST WIND SPEED/DIRECTION    37/150    DATE  04/02
HIGHEST GUST SPEED/DIRECTION    45/150    DATE  04/02

SKY COVER
POSSIBLE SUNSHINE (PERCENT)   MM
AVERAGE SKY COVER           0.60
NUMBER OF DAYS FAIR            7
NUMBER OF DAYS PC             12
NUMBER OF DAYS CLOUDY         10

AVERAGE RH (PERCENT)     74

WEATHER CONDITIONS. NUMBER OF DAYS WITH
  0
  4
  0
  0
  0
  0
  0
HAZE                      0

-  INDICATES NEGATIVE NUMBERS.
R  INDICATES RECORD WAS SET OR TIED.
MM INDICATES DATA IS MISSING.
T  INDICATES TRACE AMOUNT.

$$
