000
CXUS55 KABQ 021508 CCA
CLMCAO

ABQCLMCAO 000
TTAA00 KABQ 011500


CLIMATE REPORT...CORRECTION
NATIONAL WEATHER SERVICE ALBUQUERQUE NM
905 AM MDT MON APR 2 2018

...................................

...THE CLAYTON  NM CLIMATE SUMMARY FOR THE MONTH OF MARCH 2018...

CLIMATE NORMAL PERIOD 1981 TO 2010
CLIMATE RECORD PERIOD 1896 TO 2018

WEATHER         OBSERVED          NORMAL  DEPART  LAST YEAR`S
                 VALUE   DATE(S)  VALUE   FROM    VALUE  DATE(S)
                                          NORMAL
................................................................
TEMPERATURE (F)
RECORD
 HIGH              87   03/19/2017
                        03/30/2010
                        83/02/2582
 LOW              -11   03/11/1948
HIGHEST            80   03/23        MM      MM       87  03/19
LOWEST             14   03/06        29     -15       19  03/01
AVG. MAXIMUM     63.2              58.5     4.7     67.4
AVG. MINIMUM     29.6              30.0    -0.4     35.3
MEAN             46.4              44.2     2.2     51.4
DAYS MAX >= 90      0               0.0     0.0        0
DAYS MAX <= 32      0               0.8    -0.8        0
DAYS MIN <= 32     19              18.2     0.8       11
DAYS MIN <= 0       0               0.0     0.0        0

PRECIPITATION (INCHES)
RECORD
 MAXIMUM           MM   MM
 MINIMUM           MM   MM
TOTALS           0.07              0.95   -0.88     0.80
DAILY AVG.       0.00              0.03   -0.03     0.03
DAYS >= .01         2               5.2    -3.2        4
DAYS >= .10         0               2.5    -2.5        2
DAYS >= .50         0               0.5    -0.5        0
DAYS >= 1.00        0               0.1    -0.1        0
GREATEST
 24 HR. TOTAL    0.05   03/27 TO 03/27              0.44

SNOWFALL (INCHES)
RECORDS
 TOTAL             MM   MM
TOTALS              T               6.3    -6.3      0.1
SINCE 7/1         0.8              25.8   -25.0     11.5
SNOWDEPTH AVG.      0                MM      MM        0
DAYS >= 1.0         0               2.4    -2.4        0
GREATEST
 SNOW DEPTH         0   MM                             0  MM
 24 HR TOTAL        T   03/27 TO 03/27               0.1

DEGREE_DAYS
HEATING TOTAL     567               644     -77      422
 SINCE 7/1       3947              4321    -374     3442
COOLING TOTAL       0                 1      -1        6
 SINCE 1/1          0                 1      -1        8
.................................................................

WIND (MPH)
AVERAGE WIND SPEED              13.6
HIGHEST WIND SPEED/DIRECTION    44/350    DATE  03/19
HIGHEST GUST SPEED/DIRECTION    56/340    DATE  03/19

SKY COVER
POSSIBLE SUNSHINE (PERCENT)   MM
AVERAGE SKY COVER           0.10
NUMBER OF DAYS FAIR           26
NUMBER OF DAYS PC              4
NUMBER OF DAYS CLOUDY          1

AVERAGE RH (PERCENT)     40

WEATHER CONDITIONS. NUMBER OF DAYS WITH
THUNDERSTORM              0     MIXED PRECIP               0
HEAVY RAIN                0     RAIN                       0
LIGHT RAIN                0     FREEZING RAIN              0
LT FREEZING RAIN          0     HAIL                       0
HEAVY SNOW                0     SNOW                       0
LIGHT SNOW                0     SLEET                      0
FOG                       3     FOG W/VIS <= 1/4 MILE      1
HAZE                      3

-  INDICATES NEGATIVE NUMBERS.
R  INDICATES RECORD WAS SET OR TIED.
MM INDICATES DATA IS MISSING.
T  INDICATES TRACE AMOUNT.

$$
