000
CXUS54 KHGX 011554
CLMCLL

CLIMATE REPORT
NATIONAL WEATHER SERVICE HOUSTON/GALVESTON TX
948 AM CDT TUE MAY 1 2018

...................................

...THE COLLEGE STATION CLIMATE SUMMARY FOR THE MONTH OF APRIL 2018...

CLIMATE NORMAL PERIOD 1981 TO 2010
CLIMATE RECORD PERIOD 1902 TO 2018

WEATHER         OBSERVED          NORMAL  DEPART  LAST YEAR`S
                 VALUE   DATE(S)  VALUE   FROM    VALUE  DATE(S)
                                          NORMAL
................................................................
TEMPERATURE (F)
RECORD
 HIGH              96   04/19/2011
                        04/30/1933
                        04/16/1920
 LOW               28   04/10/1973
HIGHEST            84   04/24        MM      MM       93  04/28
                        04/12
                        04/06
LOWEST             41   04/15        MM      MM       47  04/06
                        04/07
AVG. MAXIMUM     76.6              78.9    -2.3     81.5
AVG. MINIMUM     53.5              58.1    -4.6     59.2
MEAN             65.1              68.5    -3.4     70.4
DAYS MAX >= 90      0               0.7    -0.7        3
DAYS MAX <= 32      0               0.0     0.0        0
DAYS MIN <= 32      0               0.0     0.0        0
DAYS MIN <= 0       0               0.0     0.0        0

PRECIPITATION (INCHES)
RECORD
 MAXIMUM        12.50   1957
 MINIMUM            T   2011
TOTALS           1.48              2.66   -1.18     2.92
DAILY AVG.       0.05              0.09   -0.04     0.10
DAYS >= .01         6               6.5    -0.5        7
DAYS >= .10         4               3.6     0.4        4
DAYS >= .50         1               1.9    -0.9        2
DAYS >= 1.00        0               0.9    -0.9        1
GREATEST
 24 HR. TOTAL    0.83   04/21 TO 04/21

SNOWFALL (INCHES)
RECORDS
 TOTAL              T   2007
TOTALS            0.0               0.0     0.0      0.0
SINCE 7/1         5.0                 T     5.0        T
SNOWDEPTH AVG.      0                MM      MM        0
DAYS >= 1.0         0               0.0     0.0        0
GREATEST
 SNOW DEPTH         0   MM                             0  MM
 24 HR TOTAL      0.0   04/30 TO 04/30

DEGREE_DAYS
HEATING TOTAL      74                47      27       12
 SINCE 7/1       1521              1606     -85      847
COOLING TOTAL      84               152     -68      180
 SINCE 1/1        232               239      -7      452
.................................................................

WIND (MPH)
AVERAGE WIND SPEED              9.8
HIGHEST WIND SPEED/DIRECTION    32/320    DATE  04/13
HIGHEST GUST SPEED/DIRECTION    42/310    DATE  04/13

SKY COVER
AVERAGE SKY COVER           0.30

AVERAGE RH (PERCENT)     69

WEATHER CONDITIONS. NUMBER OF DAYS WITH
THUNDERSTORM              6     MIXED PRECIP               0
HEAVY RAIN                3     RAIN                       2
LIGHT RAIN                6     FREEZING RAIN              0
LT FREEZING RAIN          0     HAIL                       0
HEAVY SNOW                0     SNOW                       0
LIGHT SNOW                0     SLEET                      0
FOG                      10     FOG W/VIS <= 1/4 MILE      0
HAZE                      3

-  INDICATES NEGATIVE NUMBERS.
R  INDICATES RECORD WAS SET OR TIED.
MM INDICATES DATA IS MISSING.
T  INDICATES TRACE AMOUNT.

$$
