000
CXUS51 KGYX 022355
CLMCON

PWMCLMCON 000
TTAA00 KGYX 020147


CLIMATE REPORT
NATIONAL WEATHER SERVICE GRAY ME
755 PM EDT WED MAY 2 2018

...................................

...THE CONCORD NH CLIMATE SUMMARY FOR THE MONTH OF APRIL 2018...

CLIMATE NORMAL PERIOD 1981 TO 2010
CLIMATE RECORD PERIOD 1868 TO 2018

WEATHER         OBSERVED          NORMAL  DEPART  LAST YEAR`S
                 VALUE   DATE(S)  VALUE   FROM    VALUE  DATE(S)
                                          NORMAL
................................................................
TEMPERATURE (F)
RECORD
 HIGH              95   04/19/1976
 LOW                4   04/05/2016
HIGHEST            73   04/24        82      -9       87  04/16
                                                          04/11
LOWEST             18   04/06        20      -2       23  04/03
AVG. MAXIMUM     52.0              57.4    -5.4     61.2
AVG. MINIMUM     31.2              32.7    -1.5     37.6
MEAN             41.6              45.1    -3.5     49.4
DAYS MAX >= 90      0               0.2    -0.2        0
DAYS MAX <= 32      1               0.2     0.8        0
DAYS MIN <= 32     20              15.0     5.0        9
DAYS MIN <= 0       0               0.0     0.0        0

PRECIPITATION (INCHES)
RECORD
 MAXIMUM         7.74   1904
 MINIMUM         0.42   1941
TOTALS           4.30              3.41    0.89     4.23
DAILY AVG.       0.14              0.11    0.03     0.14
DAYS >= .01        14              11.8     2.2       11
DAYS >= .10        10               7.1     2.9        8
DAYS >= .50         2               2.1    -0.1        5
DAYS >= 1.00        1               0.7     0.3        0
GREATEST
 24 HR. TOTAL    1.80   04/16

SNOWFALL (INCHES)
RECORDS
 TOTAL           35.0   1874
TOTALS            1.7               2.8    -1.1      6.9
SINCE 7/1        87.9              61.4    26.5     86.3
SNOWDEPTH AVG.      0
DAYS >= TRACE       4               1.2     2.8        1
DAYS >= 1.0         0               0.6    -0.6        1
GREATEST
 SNOW DEPTH         1   04/16
 24 HR TOTAL      0.8   04/16

DEGREE_DAYS
HEATING TOTAL     695               600      95      470
 SINCE 7/1       6461              6847    -386     6072
COOLING TOTAL       0                 2      -2        8
 SINCE 1/1          0                 2      -2        8
.................................................................

WIND (MPH)
AVERAGE WIND SPEED              7.1
HIGHEST WIND SPEED/DIRECTION    33/070    DATE  04/16
HIGHEST GUST SPEED/DIRECTION    46/060    DATE  04/16

SKY COVER
AVERAGE SKY COVER           0.60

AVERAGE RH (PERCENT)     62


-  INDICATES NEGATIVE NUMBERS.
R  INDICATES RECORD WAS SET OR TIED.
MM INDICATES DATA IS MISSING.
T  INDICATES TRACE AMOUNT.


&&

THE SPRING-LIKE WARMTH THAT FINALLY ARRIVED AT THE END OF MARCH MADE
A SWIFT DEPARTURE ONCE APRIL CAME AROUND. SEVERAL BACK TO BACK
TROUGHS OF LOW PRESSURE BROUGHT COLD AIR IN FROM CANADA, WITH THE
APRIL SUN TRIGGERING AFTERNOON SHOWERS. SOME OF THESE SHOWERS FELL
IN THE FORM OF SNOW, THOUGH THE SNOW RARELY ACCUMULATED OR STUCK
AROUND. THE HEAVIEST SNOW FELL ON APRIL 6 WHEN 0.6 INCHES WAS
MEASURED. AFTER A BRIEF WARM UP BROUGHT 60 DEGREE WARMTH, MORE COLD
AIR POURED IN FOR THE MIDDLE OF THE MONTH. THE COLDEST DAY WAS APRIL
15 WHEN THE TEMPERATURE WAS BELOW FREEZING ALL DAY. SLEET AND
FREEZING RAIN FELL MOST OF THE DAY, LEAVING AN ICY COATING THAT IS
QUITE UNCOMMON FOR THIS LATE IN THE SEASON. THE HIGH TEMPERATURE OF
32 ON APRIL 15 WAS THE LATEST DATE ON RECORD THAT THE HIGH
TEMPERATURE DID NOT WARM ABOVE FREEZING. HEAVY RAIN MOVED IN ON THE
16TH WHEN NEARLY 2 INCHES OF RAIN FELL WITH TEMPERATURES WARMING UP
JUST A BIT, BUT STAYING BELOW NORMAL. WARMER, SPRING-LIKE WEATHER
FINALLY ARRIVED AGAIN BY THE END OF APRIL, WITH 6 OUT OF 7 DAYS
TOPPING 60 DEGREES FROM THE 22ND THRU 28TH, INCLUDING A FEW THAT
REACHED 70.

THE AVERAGE TEMPERATURE FOR THE MONTH WAS 41.6 DEGREES WHICH WAS 3.5
DEGREES BELOW NORMAL AND THE COLDEST APRIL SINCE 2003. THE COLDEST
APRIL ON RECORD WAS IN 1874 WHEN THE AVERAGE TEMPERATURE WAS 37.0
DEGREES. THE WARMEST WAS IN 1941 AT 51.4 DEGREES.

A TOTAL OF 4.30 INCHES OF PRECIPITATION FELL WHICH WAS 0.89 INCHES
ABOVE NORMAL. THE HEAVIEST FELL ON APRIL 16 WHEN 1.80 INCHES WAS
RECORDED. THE WETTEST APRIL ON RECORD WAS IN 1904 WHEN 7.44 INCHES
WAS RECORDED. THE DRIEST WAS IN 1941 WHEN ONLY 0.42 INCHES FELL.

A TOTAL OF 1.7 INCHES OF SNOW FELL WHICH WAS 1.1 INCHES BELOW
NORMAL. THE HEAVIEST FELL ON APRIL 15 AND 16 WHEN 1.1 INCHES OF SNOW
AND SLEET WAS RECORDED. SNOWFALL IN APRIL IS OFTEN VARIABLE. THE
SNOWIEST APRIL WAS IN 1874 WHEN 35.0 INCHES FELL. THERE HAVE BEEN 10
YEARS THAT HAD NO SNOW IN APRIL, INCLUDING MOST RECENTLY IN 2012. AN
ADDITIONAL 36 YEARS OBSERVED ONLY A TRACE OF SNOW IN APRIL, MOST
RECENTLY IN 2010. THUS, ACCUMULATING SNOW FALLS IN APRIL IN 69
PERCENT OF YEARS.

THERE WERE NO DAILY RECORDS SET OR TIED IN APRIL 2018.

$$

KIMBLE
