000
CXUS52 KMLB 101706 RRA
CLMDAB

CLIMATE REPORT
NATIONAL WEATHER SERVICE MELBOURNE FL
105 PM EDT THU MAY 10 2018

...................................

...THE DAYTONA BEACH CLIMATE SUMMARY FOR THE MONTH OF APRIL 2018...

CLIMATE NORMAL PERIOD 1981 TO 2010
CLIMATE RECORD PERIOD 1923 TO 2018

WEATHER         OBSERVED          NORMAL  DEPART
                 VALUE   DATE(S)  VALUE   FROM
                                          NORMAL
................................................
TEMPERATURE (F)
MONTHLY RECORD
 HOTTEST         75.3   2015
 COLDEST         63.7 1950
DAILY RECORD
 HIGH              96   04/24/1968
 LOW               32   04/14/1940

APRIL 2018
HIGHEST            88   04/15
LOWEST             48   04/17
AVG. MAXIMUM     79.3              79.2     0.1
AVG. MINIMUM     60.8              58.6     2.2
MEAN             70.0              68.9     1.1
DAYS MAX >= 90      0               0.8    -0.8
DAYS MAX <= 32      0               0.0     0.0
DAYS MIN <= 32      0               0.0     0.0
DAYS MIN <= 0       0               0.0     0.0

PRECIPITATION (INCHES)
MONTHLY RECORD
 MAXIMUM         7.12   1949
 MINIMUM            T   1967
DAILY RECORD
 MAXIMUM         4.07   4/05/1931

APRIL 2018
TOTALS           4.09              2.18    1.91
DAYS >= .01         8               5.8     2.2
DAYS >= .10         7               3.5     3.5
DAYS >= .50         3               1.3     1.7
DAYS >= 1.00        1               0.6     0.4
GREATEST
 24 HR. TOTAL    1.15   04/09 TO 04/09

SNOWFALL (INCHES)
TOTALS              0.0             0.0     0.0
SINCE 7/1           0.0             0.0     0.0
DAYS >= TRACE       0

DEGREE_DAYS
HEATING TOTAL       9                28     -19
 SINCE 7/1        645               807    -162
COOLING TOTAL     168               145      23
 SINCE 1/1        400               287     113
.................................................

WIND (MPH)
AVERAGE WIND SPEED              8.0
HIGHEST WIND SPEED/DIRECTION    31/230    DATE  04/15
HIGHEST GUST SPEED/DIRECTION    39/230    DATE  04/15


WEATHER CONDITIONS. NUMBER OF DAYS WITH
THUNDERSTORM              6     MIXED PRECIP               0
HEAVY RAIN                7     RAIN                       5
LIGHT RAIN               12     LT FREEZING RAIN           0
HAIL                      1     LIGHT SNOW                 0
SLEET                     0     FOG                       20
FOG W/VIS <= 1/4 MILE     0     HAZE                       3

-  INDICATES NEGATIVE NUMBERS.
R  INDICATES RECORD WAS SET OR TIED.
MM INDICATES DATA IS MISSING.
T  INDICATES TRACE AMOUNT.

$$
