000
CXUS51 KRNK 011100
CLMDAN


CLIMATE REPORT
NATIONAL WEATHER SERVICE BLACKSBURG VA
639 AM EDT SUN APR 1 2018

...................................

...THE DANVILLE VA CLIMATE SUMMARY FOR THE MONTH OF MARCH 2018...

CLIMATE NORMAL PERIOD 1981 TO 2010
CLIMATE RECORD PERIOD 1948 TO 2018

WEATHER         OBSERVED          NORMAL  DEPART  LAST YEAR`S
                 VALUE   DATE(S)  VALUE   FROM    VALUE
                                          NORMAL
.............................................................
TEMPERATURE (F)
RECORD
 HIGH              91   03/13/1990
 LOW                8   03/06/1960
HIGHEST            79   03/29                         78
LOWEST             22   03/15                         19
AVG. MAXIMUM     54.6              59.1    -4.5     62.5
AVG. MINIMUM     32.3              38.2    -5.9     36.5
MEAN             43.5              48.7    -5.2     49.5
DAYS MAX >= 90      0               0.0     0.0        0
DAYS MAX <= 32      0               0.1    -0.1        0
DAYS MIN <= 32     20               8.4    11.6       14
DAYS MIN <= 0       0               0.0     0.0        0

PRECIPITATION (INCHES)
RECORD
 MAXIMUM        10.43   1975
 MINIMUM         0.56   2006
TOTALS           3.55              4.11   -0.56     2.65
DAILY AVG.       0.12              0.13   -0.01     0.09
DAYS >= .01        11              10.3     0.7       10
DAYS >= .10         9               7.0     2.0        7
DAYS >= .50         2               2.9    -0.9        2
DAYS >= 1.00        0               1.1    -1.1        0
GREATEST
 24 HR. TOTAL    0.76                               0.87

SNOWFALL (INCHES)
TOTALS            7.4                                  T
DAYS >= TRACE       5                                  2
DAYS >= 1.0         3                                  0
GREATEST
 24 HR TOTAL      3.7                                  T

DEGREE_DAYS
HEATING TOTAL     618               510     108      478
COOLING TOTAL       1                 3      -2        3
..............................................................

WIND (MPH)
AVERAGE WIND SPEED              6.8
HIGHEST WIND SPEED/DIRECTION    25/320    DATE  03/16
HIGHEST GUST SPEED/DIRECTION    34/270    DATE  03/15

SKY COVER
AVERAGE SKY COVER           0.40

AVERAGE RH (PERCENT)     65

WEATHER CONDITIONS. NUMBER OF DAYS WITH:
THUNDERSTORM              2     MIXED PRECIP                  0
HEAVY RAIN                1     RAIN                          5
LIGHT RAIN               13     FREEZING RAIN                 0
LT FREEZING RAIN          0     HAIL                          0
HEAVY SNOW                1     SNOW                          1
LIGHT SNOW                4     SLEET                         2
FOG                      13     FOG W/VIS <= 1/4 MILE         2
HAZE                      0

-  INDICATES NEGATIVE NUMBERS.
R  INDICATES RECORD WAS SET OR TIED.
MM INDICATES DATA IS MISSING.
T  INDICATES TRACE AMOUNT.

REMARKS:
DUE TO MISSING DATAS FROM JANUARY 4-9, 21-22, AND MARCH 2-3...ALL
INFORMATION WILL BE CALCULATED WITHOUT DATA FROM THESE DATES.

$$

RAB
