000
CXUS56 KHNX 020011
CLMFAT


CLIMATE REPORT
NATIONAL WEATHER SERVICE SAN JOAQUIN VALLEY, CA
511 PM PDT SUN APR 1 2018

...................................

...THE FRESNO CA CLIMATE SUMMARY FOR THE MONTH OF MARCH 2018...

CLIMATE NORMAL PERIOD 1981 TO 2010
CLIMATE RECORD PERIOD 1887 TO 2018

WEATHER         OBSERVED          NORMAL  DEPART  LAST YEAR`S
                 VALUE   DATE(S)  VALUE   FROM    VALUE  DATE(S)
                                          NORMAL
................................................................
TEMPERATURE (F)
RECORD
 HIGH              91   03/27/2015
                        03/15/2015
                        55/11/2629
 LOW               26   03/03/1966
                        03/02/1953
HIGHEST            84   03/30        MM      MM       87  03/14
LOWEST             37   03/05        MM      MM       34  03/06
AVG. MAXIMUM     67.4              67.6    -0.2     70.3
AVG. MINIMUM     46.3              45.6     0.7     47.2
MEAN             56.8              56.6     0.2     58.8
DAYS MAX >= 90      0               0.0     0.0        0
DAYS MIN <= 32      0               0.1    -0.1        0

PRECIPITATION (INCHES)
RECORD
 MAXIMUM         7.24   1991
TOTALS           4.19              2.03    2.16     1.08
DAYS >= .01        12               7.5     4.5        7
DAYS >= .10         7               4.9     2.1        2
DAYS >= .50         4               1.3     2.7        0
DAYS >= 1.00        1               0.2     0.8        0
GREATEST
 24 HR. TOTAL    1.06   03/22 TO 03/22

SNOWFALL (INCHES)
RECORDS
 TOTAL            0.2   5
                        0
                        -26215
TOTALS            0.0               0.0

DEGREE_DAYS
HEATING TOTAL     258               265      -7      202
 SINCE 7/1       1739              2177    -438     1816
COOLING TOTAL      10                 5       5       17
 SINCE 1/1         10                 5       5       17
.................................................................

WIND (MPH)
AVERAGE WIND SPEED              6.3
HIGHEST WIND SPEED/DIRECTION    25/150    DATE  03/22
HIGHEST GUST SPEED/DIRECTION    33/110    DATE  03/20

AVERAGE RH (PERCENT)     64

WEATHER CONDITIONS. NUMBER OF DAYS WITH
THUNDERSTORM              0     RAIN                       6
HAIL                      0     FOG                       14
FOG W/VIS <= 1/4 MILE     2     HAZE                       2

-  INDICATES NEGATIVE NUMBERS.
R  INDICATES RECORD WAS SET OR TIED.
MM INDICATES DATA IS MISSING.
T  INDICATES TRACE AMOUNT.

$$
