000
CXUS53 KEAX 030327 RRA
CLMIRK

CLIMATE REPORT
NATIONAL WEATHER SERVICE KANSAS CITY/PLEASANT HILL MO
1021 PM CDT MON APR 2 2018

...................................

...THE KIRKSVILLE CLIMATE SUMMARY FOR THE MONTH OF MARCH 2018...

CLIMATE NORMAL PERIOD 1981 TO 2010
CLIMATE RECORD PERIOD 9999 TO 9999

WEATHER         OBSERVED          NORMAL  DEPART  LAST YEAR`S
                 VALUE   DATE(S)  VALUE   FROM    VALUE  DATE(S)
                                          NORMAL
................................................................
TEMPERATURE (F)
HIGHEST            63   03/31        75     -12       73  03/20
LOWEST             17   03/14        11       6        7  03/15
AVG. MAXIMUM     48.1              50.9    -2.8     53.7
AVG. MINIMUM     30.2              30.5    -0.3     34.5
MEAN             39.1              40.7    -1.6     44.1
DAYS MAX >= 90      0               0.0     0.0        0
DAYS MAX <= 32      0               2.2    -2.2        0
DAYS MIN <= 32     19              18.4     0.6       13
DAYS MIN <= 0       0               0.2    -0.2        0

PRECIPITATION (INCHES)
TOTALS           2.82              2.55    0.27     3.64
DAILY AVG.       0.09              0.08    0.01     0.12
DAYS >= .01        14               9.5     4.5       11
DAYS >= .10         6               5.9     0.1        7
DAYS >= .50         1               1.6    -0.6        4
DAYS >= 1.00        0               0.6    -0.6        0
GREATEST
 24 HR. TOTAL    0.82   03/05 TO 03/05

DEGREE_DAYS
HEATING TOTAL     792               754      38      642
 SINCE 7/1       5111              5287    -176     4171
COOLING TOTAL       0                 0       0        0
 SINCE 1/1          0                 0       0        0
.................................................................

WIND (MPH)
AVERAGE WIND SPEED              10.5
HIGHEST WIND SPEED/DIRECTION    37/130    DATE  03/26
HIGHEST GUST SPEED/DIRECTION    47/130    DATE  03/26

SKY COVER
POSSIBLE SUNSHINE (PERCENT)   MM
AVERAGE SKY COVER           0.50
NUMBER OF DAYS FAIR           10
NUMBER OF DAYS PC             10
NUMBER OF DAYS CLOUDY         11

AVERAGE RH (PERCENT)     73

WEATHER CONDITIONS. NUMBER OF DAYS WITH
  0
  4
  0
  0
  2
  0
  1
HAZE                      3

-  INDICATES NEGATIVE NUMBERS.
R  INDICATES RECORD WAS SET OR TIED.
MM INDICATES DATA IS MISSING.
T  INDICATES TRACE AMOUNT.

$$
