399
CXUS53 KGRR 021754 AAA
CLMLAN

CLIMATE REPORT...UPDATED
NATIONAL WEATHER SERVICE GRAND RAPIDS, MI
143 PM EDT MON APR 2 2018

...................................

...THE LANSING MI CLIMATE SUMMARY FOR THE MONTH OF MARCH 2018...

CLIMATE NORMAL PERIOD 1981 TO 2010
CLIMATE RECORD PERIOD 1864 TO 2018

WEATHER         OBSERVED          NORMAL  DEPART  LAST YEAR`S
                 VALUE   DATE(S)  VALUE   FROM    VALUE  DATE(S)
                                          NORMAL
................................................................
TEMPERATURE (F)
RECORD
 HIGH              86   03/21/2012
 LOW              -25   03/02/1868
HIGHEST            56   03/18        68     -12       74  03/24
LOWEST             17   03/25         3      14       12  03/12
                        03/10                             03/11
AVG. MAXIMUM     41.8              44.1    -2.3     43.3
AVG. MINIMUM     24.4              26.0    -1.6     26.5
MEAN             33.1              35.1    -2.0     34.9
DAYS MAX >= 90      0               0.0     0.0        0
DAYS MAX <= 32      1               4.5    -3.5        7
DAYS MIN <= 32     28              22.3     5.7       18
DAYS MIN <= 0       0               0.5    -0.5        0

PRECIPITATION (INCHES)
RECORD
 MAXIMUM         5.59   1877
 MINIMUM         0.17   2001
TOTALS           1.29              2.06   -0.77     3.63
DAILY AVG.       0.04              0.07   -0.03     0.12
DAYS >= .01         8              11.2    -3.2       14
DAYS >= .10         4               5.4    -1.4        8
DAYS >= .50         0               1.2    -1.2        2
DAYS >= 1.00        0               0.2    -0.2        2
GREATEST
 24 HR. TOTAL    0.37   03/27 TO 03/27
                        03/01 TO 03/01

SNOWFALL (INCHES)
RECORDS
 TOTAL           34.8   1877
 24 HR TOTAL     15.5   03/17/1973 TO 03/18/1973
 SNOW DEPTH        20   03/05/1875
                        03/03/1875
TOTALS            5.3               7.0    -1.7      2.2
SINCE 7/1        50.6              49.2     1.4     29.8
SNOWDEPTH AVG.      0                MM      MM        0
DAYS >= TRACE      10               5.8     4.2        7
DAYS >= 1.0         3               2.3     0.7        1
GREATEST
 SNOW DEPTH         1   03/07                          1  03/18
                        03/02                             03/14
 24 HR TOTAL      2.4   03/07 TO 03/07

DEGREE_DAYS
HEATING TOTAL     981               929      52      925
 SINCE 7/1       5759              5864    -105     4970
COOLING TOTAL       0                 1      -1        0
 SINCE 1/1          0                 1      -1        0

FREEZE DATES
RECORD
 EARLIEST     08/03/1894
 LATEST       07/15/1863
EARLIEST                        10/01
LATEST                          05/10
.................................................................

WIND (MPH)
AVERAGE WIND SPEED              9.3
RESULTANT WIND SPEED/DIRECTION   3/002
HIGHEST WIND SPEED/DIRECTION    33/220    DATE  03/31
HIGHEST GUST SPEED/DIRECTION    45/210    DATE  03/31

SKY COVER
POSSIBLE SUNSHINE (PERCENT)   MM
AVERAGE SKY COVER           0.40
NUMBER OF DAYS FAIR           17
NUMBER OF DAYS PC              4
NUMBER OF DAYS CLOUDY         10

AVERAGE RH (PERCENT)     67

WEATHER CONDITIONS. NUMBER OF DAYS WITH
THUNDERSTORM              0     MIXED PRECIP               0
HEAVY RAIN                0     RAIN                       0
LIGHT RAIN                5     FREEZING RAIN              0
LT FREEZING RAIN          0     HAIL                       0
HEAVY SNOW                0     SNOW                       3
LIGHT SNOW               10     SLEET                      0
FOG                      10     FOG W/VIS <= 1/4 MILE      1
HAZE                      4

-  INDICATES NEGATIVE NUMBERS.
R  INDICATES RECORD WAS SET OR TIED.
MM INDICATES DATA IS MISSING.
T  INDICATES TRACE AMOUNT.

&&

MARCH 2018 WAS COOLER THAN NORMAL, DRIER THAN NORMAL, AND HAD LESS
SNOW THAN NORMAL. NO MONTHLY TOP TENS OR RECORDS WERE ACHIEVED THIS
MONTH. SEVERAL SYSTEMS MOVED THROUGH THE AREA IN THE FIRST HALF OF
THE MONTH, THEN THE ACTIVE TRACK MOVED SOUTH OF THE AREA FOR MOST OF
THE SECOND HALF OF MARCH. THERE WAS NO SEVERE WEATHER IN MARCH.

AVERAGE TEMPERATURES ACROSS THE AREAS RANGED FROM 30 TO 35 DEGREES
IN OCTOBER, WHILE NORMAL VALUES ARE AROUND 35 DEGREES. SO JUST A BIT
COOLER THAN NORMAL, BUT NOWHERE NEAR RECORD LEVELS.

MEANWHILE, PRECIPITATION TOTALS RANGED FROM UNDER AN INCH ACROSS
CENTRAL LOWER MICHIGAN TO TWO AND A HALF INCHES ACROSS THE SOUTH.
THESE TOTALS RANGE FROM NEAR NORMAL IN THE SOUTH TO ONE AND A HALF
INCHES LESS THAN NORMAL ACROSS CENTRAL LOWER. AGAIN, THIS IS DRIER
THAN NORMAL, BUT NOT NEAR RECORD LEVELS.

SNOWFALL ACCUMULATIONS RANGED FROM 3 TO 10 INCHES ACROSS SOUTHWEST
LOWER MICHIGAN IN MARCH 2018. THESE TOTALS RANGED FROM 2 INCHES
ABOVE NORMAL IN EASTERN AREAS TO 4 INCHES BELOW NORMAL IN WESTERN
AREAS. NO MONTHLY RECORDS REACHED.

$$

63
