000
CXUS55 KVEF 012230
CLMLAS
CLIMATE REPORT
NATIONAL WEATHER SERVICE LAS VEGAS, NV
230 PM PST FRI MAR 01 2024
...................................
...THE LAS VEGAS NV CLIMATE SUMMARY FOR THE MONTH OF FEBRUARY 2024...
CLIMATE NORMAL PERIOD: 1991 TO 2020
CLIMATE RECORD PERIOD: 1937 TO 2024
WEATHER OBSERVED NORMAL DEPART LAST YEAR`S
VALUE DATE(S) VALUE FROM VALUE DATE(S)
NORMAL
................................................................
TEMPERATURE (F)
RECORD
HIGH 87 02/26/1986
LOW 16 02/07/1989
HIGHEST 72 02/29 70 02/21
LOWEST 36 02/12 30 02/01
AVG. MAXIMUM 60.8 62.9 -2.1 58.8
AVG. MINIMUM 44.6 44.1 0.5 39.6
MEAN 52.7 53.5 -0.8 49.2
DAYS MAX >= 90 0 0.0 0.0 0
DAYS MAX <= 32 0 0.0 0.0 0
DAYS MIN <= 32 0 1.1 -1.1 1
DAYS MIN <= 0 0 0.0 0.0 0
PRECIPITATION (INCHES)
RECORD
MAXIMUM 2.89 1998
MINIMUM 0.00 1977
TOTALS 0.95 0.80 0.15 0.26
DAILY AVG. 0.03 NAN NAN 0.01
DAYS >= .01 8 4.1 3.9 3
DAYS >= .10 4 2.1 1.9 1
DAYS >= .50 0 0.5 -0.5 0
DAYS >= 1.00 0 0.1 -0.1 0
GREATEST
24 HR. TOTAL 0.37 02/05 TO 02/05 0.24 02/25 TO 02/25
SNOWFALL (INCHES)
RECORDS
TOTAL 4.1 1939
24 HR TOTAL 4.1
TOTALS 0.0 0.0 0.0 T
SINCE 7/1 T
DAYS >= TRACE 0
DAYS >= 1.0 0
GREATEST
SNOW DEPTH 0
24 HR TOTAL 0.0
STORM TOTAL 0.0
DEGREE DAYS
HEATING TOTAL 350 323 27 434
SINCE 7/1 1393 1621 -228 MM
COOLING TOTAL 0 1 -1 0
SINCE 1/1 0 1 -1 MM
FREEZE DATES
RECORD
EARLIEST 10/21/1949
LATEST 04/12/1967
EARLIEST 01/10
LATEST 02/01
................................................................
WIND (MPH)
AVERAGE WIND SPEED 5.6
HIGHEST WIND SPEED/DIRECTION 29/340 DATE 02/27
HIGHEST GUST SPEED/DIRECTION 37/230 DATE 02/26
37/340 02/27
SKY COVER
POSSIBLE SUNSHINE (PERCENT) MM
AVERAGE SKY COVER 0.57
NUMBER OF DAYS FAIR 7
NUMBER OF DAYS PC 13
NUMBER OF DAYS CLOUDY 9
AVERAGE RH (PERCENT) 52
WEATHER CONDITIONS. NUMBER OF DAYS WITH
THUNDERSTORM 0 MIXED PRECIP 0
HEAVY RAIN 0 RAIN 1
LIGHT RAIN 10 FREEZING RAIN 0
LT FREEZING RAIN 0 HAIL 0
HEAVY SNOW 0 SNOW 0
LIGHT SNOW 0 SLEET 0
FOG 4 FOG W/VIS <= 1/4 MILE 1
HAZE 2
- INDICATES NEGATIVE NUMBERS.
R INDICATES RECORD WAS SET OR TIED.
MM INDICATES DATA IS MISSING.
T INDICATES TRACE AMOUNT.
$$