000
CXUS53 KARX 031047
CLMLSE

CLIMATE REPORT
NATIONAL WEATHER SERVICE LA CROSSE WI
534 AM CDT TUE MAY 1 2018

...LA CROSSE, WI RECEIVED BELOW NORMAL TEMPERATURES AND SLIGHTLY
BELOW NORMAL PRECIPITATION IN THE MONTH OF APRIL...

THE AVERAGE TEMPERATURE DURING THE MONTH WAS 39.3 DEGREES, WHICH WAS
9.3 DEGREES BELOW NORMAL. THE AVERAGE HIGH TEMPERATURE WAS 50.2
DEGREES AND THE AVERAGE LOW TEMPERATURE WAS 28.4 DEGREES. THE
HIGHEST TEMPERATURE WAS 84 DEGREES, WHICH OCCURRED ON THE 30TH. THE
LOWEST READING WAS 15 DEGREES, WHICH OCCURRED ON THE 1ST AND 5TH.

A TOTAL OF 2.96 INCHES OF PRECIPITATION FELL DURING THE MONTH, WHICH
WAS THIRTY SIX HUNDREDTHS OF AN INCH BELOW NORMAL. THE GREATEST 24-
HOUR PRECIPITATION WAS 1.21 INCHES, WHICH OCCURRED ON THE 13TH.

THERE WAS 19.0 INCHES OF SNOW DURING THE MONTH, WHICH WAS 17.3
INCHES ABOVE NORMAL. THE GREATEST 24 HOUR SNOWFALL WAS 6.7 INCHES,
WHICH FELL ON THE 3RD.

...RECORDS...

19 INCHES OF SNOW FELL DURING THE MONTH OF APRIL. THIS BROKE THE
PREVIOUS MONTHLY RECORD HIGHEST SNOWFALL FOR THE MONTH OF 17.0
INCHES SET IN 1973.

6.0 INCHES OF SNOW FELL ON APRIL 18TH. THIS BROKE THE DAILY RECORD
SNOWFALL OF ONE TENTH OF AN INCH PREVIOUSLY SET IN 1910.

6.7 INCHES OF SNOW FELL ON APRIL 3RD. THIS BROKE THE DAILY RECORD
SNOWFALL OF 6 INCHES PREVIOUSLY SET IN 1945.

ON APRIL 15TH, THE TEMPERATURE CLIMBED TO 27 DEGREES. THIS BREAKS
THE PREVIOUS RECORD LOW MAXIMUM TEMPERATURE OF 34 DEGREES PREVIOUSLY
SET IN 1944.

ON APRIL 19TH, THE TEMPERATURE CLIMBED TO 36 DEGREES. THIS TIES THE
RECORD LOW MAXIMUM TEMPERATURE OF 36 DEGREES SET IN 1953.

DURING THE MONTH OF APRIL, THE AVERAGE MONTHLY TEMPERATURE WAS 39.3
DEGREES. THIS TIES THE AVERAGE MONTHLY TEMPERATURE PREVIOUSLY SET IN
1874.

...DISCUSSION....

TEMPERATURES DURING THE MONTH OF APRIL WERE BELOW NORMAL AT LA
CROSSE, WISCONSIN. LA CROSSE, WISCONSIN TIED COLDEST THE AVERAGE
MONTHLY TEMPERATURE IN THE MONTH OF APRIL. THE COLDEST STRETCH
OCCURRED FROM THE 1ST THROUGH THE 11TH, WHERE THE DAILY AVERAGE
TEMPERATURE RANGED FROM 6 TO 19 DEGREES BELOW NORMAL. THERE WERE 18
DAYS WHERE THE TEMPERATURE DROPPED TO OR BELOW 32 DEGREES.
TYPICALLY, THERE ARE 8 DAYS WHERE THE TEMPERATURE FALLS TO OR BELOW
32 DEGREES IN MONTH. THERE WERE 2 DAYS WHERE THE TEMPERATURE CLIMBED
TO OR BELOW 32 DEGREES. THERE WERE 6 DAYS WHERE THE AVERAGE DAILY
TEMPERATURE WAS ABOVE NORMAL IN THE MONTH.

PRECIPITATION IN THE MONTH OF APRIL WAS SLIGHTLY BELOW NORMAL. THE
DRIEST STRETCH OCCURRED FROM THE 19TH THROUGH 30TH, WHERE ZERO
INCHES OF PRECIPITATION FELL. THE WETTEST PERIOD OCCURRED FROM THE
11TH THROUGH THE 15TH, WHERE 1.97 INCHES OF PRECIPITATION FELL.
THERE WERE 6 DAYS OF MEASURABLE SNOW WITH 19 INCHES OF TOTAL
SNOWFALL DURING THE MONTH.

...................................

...THE LA CROSSE WI CLIMATE SUMMARY FOR THE MONTH OF APRIL 2018...

CLIMATE NORMAL PERIOD 1981 TO 2010
CLIMATE RECORD PERIOD 1873 TO 2018

WEATHER         OBSERVED          NORMAL  DEPART  LAST YEAR`S
                 VALUE   DATE(S)  VALUE   FROM    VALUE  DATE(S)
                                          NORMAL
................................................................
TEMPERATURE (F)
RECORD
 HIGH              93   04/22/1980
                        04/29/1910
 LOW                7   04/06/1982
                        04/01/1924
HIGHEST            84   04/30        MM      MM       77  04/08
LOWEST             15   04/05        MM      MM       29  04/01
                        04/01
AVG. MAXIMUM     50.2              59.3    -9.1     62.3
AVG. MINIMUM     28.4R             37.9    -9.5     42.6
MEAN             39.3R             48.6    -9.3     52.4
DAYS MAX >= 90      0               0.1    -0.1        0
DAYS MAX <= 32      2               0.2     1.8        0
DAYS MIN <= 32     18               7.7    10.3        3
DAYS MIN <= 0       0               0.0     0.0        0

PRECIPITATION (INCHES)
RECORD
 MAXIMUM         7.31   1973
 MINIMUM         0.42   1879
TOTALS           2.98              3.34   -0.36     4.87
DAILY AVG.       0.10              0.11   -0.01     0.16
DAYS >= .01         8              11.2    -3.2       14
DAYS >= .10         6               6.5    -0.5       11
DAYS >= .50         2               2.2    -0.2        4
DAYS >= 1.00        1               0.9     0.1        2
GREATEST
 24 HR. TOTAL    1.21   04/13 TO 04/13

SNOWFALL (INCHES)
RECORDS
 TOTAL           19.0   2018
TOTALS           19.0R              1.7    17.3      0.0
SINCE 7/1        49.8              43.3     6.5     42.2
SNOWDEPTH AVG.      2                MM      MM        0
DAYS >= TRACE      13               1.2    11.8        0
DAYS >= 1.0         4               0.6     3.4        0
GREATEST
 SNOW DEPTH         7   04/19                          0  MM
                        04/04
 24 HR TOTAL      6.7   04/03 TO 04/03

DEGREE_DAYS
HEATING TOTAL     765               499     266      372
 SINCE 7/1       6917              6952     -35     5554
COOLING TOTAL       3                 7      -4        6
 SINCE 1/1          3                 7      -4        6
.................................................................

WIND (MPH)
AVERAGE WIND SPEED              9.2
HIGHEST WIND SPEED/DIRECTION    32/310    DATE  04/06
HIGHEST GUST SPEED/DIRECTION    57/050    DATE  04/14

SKY COVER
POSSIBLE SUNSHINE (PERCENT)   MM
AVERAGE SKY COVER           0.40
NUMBER OF DAYS FAIR           13
NUMBER OF DAYS PC             10
NUMBER OF DAYS CLOUDY          7

AVERAGE RH (PERCENT)     60

WEATHER CONDITIONS. NUMBER OF DAYS WITH
THUNDERSTORM              1     MIXED PRECIP               0
HEAVY RAIN                1     RAIN                       3
LIGHT RAIN                3     FREEZING RAIN              0
LT FREEZING RAIN          1     HAIL                       0
HEAVY SNOW                2     SNOW                       4
LIGHT SNOW               12     SLEET                      2
FOG                      11     FOG W/VIS <= 1/4 MILE      3
HAZE                      7

-  INDICATES NEGATIVE NUMBERS.
R  INDICATES RECORD WAS SET OR TIED.
MM INDICATES DATA IS MISSING.
T  INDICATES TRACE AMOUNT.

$$

BOYNE
