000
CXUS56 KMFR 011118 CCA
CLMMFR


CLIMATE REPORT...CORRECTED
NATIONAL WEATHER SERVICE MEDFORD, OR
418 AM PDT SUN APR 1 2018

...................................

...THE MEDFORD OR CLIMATE SUMMARY FOR THE MONTH OF MARCH 2018...

CLIMATE NORMAL PERIOD 1981 TO 2010
CLIMATE RECORD PERIOD 1911 TO 2018

WEATHER         OBSERVED          NORMAL  DEPART  LAST YEAR`S
                 VALUE   DATE(S)  VALUE   FROM    VALUE  DATE(S)
                                          NORMAL
................................................................
TEMPERATURE (F)
RECORD
 HIGH              86   03/28/1930
                        03/31/1911
                        03/30/1911
 LOW               14   03/01/1960
                        03/01/1917
HIGHEST            73   03/31                         70  03/12
                        03/29
LOWEST             25   03/05                         29  03/02
AVG. MAXIMUM     58.9              59.5    -0.6     58.4
AVG. MINIMUM     34.9              37.1    -2.2     41.0
MEAN             46.9              48.3    -1.4     49.7
DAYS MAX >= 90      0               0.0     0.0        0
DAYS MAX <= 32      0               0.0     0.0        0
DAYS MIN <= 32     10               6.2     3.8        3
DAYS MIN <= 0       0               0.0     0.0        0

PRECIPITATION (INCHES)
RECORD
 MAXIMUM         5.54   1957
TOTALS           1.68              1.71   -0.03     2.04
DAILY AVG.       0.05              0.06   -0.01     0.07
DAYS >= .01        11              12.0    -1.0       22
DAYS >= .10         5               5.5    -0.5        5
DAYS >= .50         0               0.4    -0.4        0
DAYS >= 1.00        0               0.0     0.0        0
GREATEST
 24 HR. TOTAL    0.42   03/13 TO 03/14

SNOWFALL (INCHES)
RECORDS
 TOTAL            8.1   1956
TOTALS              T               0.5    -0.5        T
SINCE 7/1         4.2               4.1     0.1     11.8

DEGREE_DAYS
HEATING TOTAL     554               518      36      469
 SINCE 7/1       3647              3632      15     3514
COOLING TOTAL       0                 0       0        0
 SINCE 1/1          0                 0       0        0

FREEZE DATES
RECORD
 EARLIEST     09/13/1921
 LATEST       06/12/1952
EARLIEST                        10/18
LATEST                          04/29
.................................................................

WIND (MPH)
AVERAGE WIND SPEED              4.5
HIGHEST WIND SPEED/DIRECTION    29/190    DATE  03/23
HIGHEST GUST SPEED/DIRECTION    41/220    DATE  03/01

SKY COVER
POSSIBLE SUNSHINE (PERCENT)    0
AVERAGE SKY COVER           0.50
NUMBER OF DAYS FAIR           10
NUMBER OF DAYS PC             16
NUMBER OF DAYS CLOUDY          5

AVERAGE RH (PERCENT)     64

WEATHER CONDITIONS. NUMBER OF DAYS WITH
THUNDERSTORM              0     MIXED PRECIP               0
HEAVY RAIN                2     RAIN                       5
LIGHT RAIN               14     FREEZING RAIN              0
LT FREEZING RAIN          0     HAIL                       0
HEAVY SNOW                0     SNOW                       0
LIGHT SNOW                1     SLEET                      0
FOG                      13     FOG W/VIS <= 1/4 MILE      2
HAZE                      2

-  INDICATES NEGATIVE NUMBERS.
R  INDICATES RECORD WAS SET OR TIED.
MM INDICATES DATA IS MISSING.
T  INDICATES TRACE AMOUNT.

&&

AS THE OLD SAYING GOES, "MARCH COMES IN LIKE A LION AND LEAVES
LIKE A LAMB." MARCH 2018 LIVED UP TO THIS PROVERB IN MEDFORD,
BEGINNING WITH WIND, RAIN, AND EVEN SNOW ON THE 1ST, THEN AFTER A
MONTH OF COOLER THAN NORMAL TEMPERATURES AND MULTIPLE PERIODS OF
RAIN, ENDING WITH WARM TEMPERATURES AND SUNNY SKIES ON THE 31ST.

THE WINDY, WET, AND COOL START TO THE MONTH ARRIVED DUE TO A
POTENT COLD FRONT THAT SWEPT QUICKLY THROUGH THE AREA ON THE 1ST
AND 2ND. HIGH PRESSURE THEN KEPT THE REGION DRY AND COOL FOR
ABOUT A WEEK BEFORE ANOTHER QUICK MOVING STORM SYSTEM PASSED
THROUGH THE REGION ON THE 8TH AND 9TH. BOTH SYSTEMS PRODUCED OVER
A QUARTER OF AN INCH OF RAIN, BUT ONLY THE FIRST FRONT MANAGED TO
BRING A TRACE OF SNOW TO MEDFORD.

FOLLOWING A FEW QUIET DAYS, A DEEP, SLOW MOVING UPPER LEVEL
TROUGH TOOK UP RESIDENCE OVER SOUTHERN OREGON ON THE 13TH,
RESULTING IN A WEEK OF COOL, WET WEATHER FOR MEDFORD. THE TROUGH
FINALLY WEAKENED AND EXITED TO OUR EAST BY THE 19TH, BUT HIGH
PRESSURE LASTED ONLY A DAY OR TWO BEFORE ANOTHER LARGE UPPER LEVEL
TROUGH DUG IN OVERHEAD ON THE 21ST. ANOTHER WEEK OF COOL AND WET
WEATHER FOLLOWED, FULLY SECURING A COOLER THAN NORMAL MONTH WITH
ENOUGH RAIN TO JUST BARELY MISS REACHING THE NORMAL MARCH
PRECIPITATION.

BEHIND THE DEPARTING TROUGH, HIGH PRESSURE WAS FINALLY ABLE TO
TAKE CONTROL, PRODUCING SEVERAL WARM AND SUNNY DAYS AND A MUCH
CALMER END TO THE MONTH OF MARCH.

$$

BPN
