000
CXUS53 KGRR 021755 AAA
CLMMKG

CLIMATE REPORT...UPDATED
NATIONAL WEATHER SERVICE GRAND RAPIDS, MI
143 PM EDT MON APR 2 2018

...................................

...THE MUSKEGON MI CLIMATE SUMMARY FOR THE MONTH OF MARCH 2018...

CLIMATE NORMAL PERIOD 1981 TO 2010
CLIMATE RECORD PERIOD 1896 TO 2018

WEATHER         OBSERVED          NORMAL  DEPART  LAST YEAR`S
                 VALUE   DATE(S)  VALUE   FROM    VALUE  DATE(S)
                                          NORMAL
................................................................
TEMPERATURE (F)
RECORD
 HIGH              82   03/21/2012
                        03/20/2012
                        08/06/1918
 LOW              -11   03/16/1897
HIGHEST            56   03/26        65      -9       65  03/24
LOWEST             18   03/10         7      11       14  03/04
AVG. MAXIMUM     42.5              43.0    -0.5     42.9
AVG. MINIMUM     25.5              27.0    -1.5     28.3
MEAN             34.0              35.0    -1.0     35.6
DAYS MAX >= 90      0               0.0     0.0        0
DAYS MAX <= 32      2               4.6    -2.6        8
DAYS MIN <= 32     27              21.7     5.3       19
DAYS MIN <= 0       0               0.0     0.0        0

PRECIPITATION (INCHES)
RECORD
 MAXIMUM         6.59   1976
 MINIMUM         0.00   1936
                        1910
TOTALS           1.30              2.25   -0.95     2.61
DAILY AVG.       0.04              0.07   -0.03     0.08
DAYS >= .01        11              11.2    -0.2       15
DAYS >= .10         4               5.8    -1.8        7
DAYS >= .50         1               1.0     0.0        1
DAYS >= 1.00        0               0.2    -0.2        1
GREATEST
 24 HR. TOTAL    0.58   03/27 TO 03/27

SNOWFALL (INCHES)
RECORDS
 TOTAL           35.7   1965
 24 HR TOTAL     10.5   03/02/2002 TO 03/02/2002
 SNOW DEPTH        24   03/05/2014
TOTALS            6.1               9.0    -2.9      4.5
SINCE 7/1        97.8              91.4     6.4     49.0
SNOWDEPTH AVG.      0                 4      -4        0
DAYS >= TRACE      10               6.3     3.7       10
DAYS >= 1.0         2               2.8    -0.8        2
GREATEST
 SNOW DEPTH         2   03/09                          2  03/14
                        03/08
                        03/07
 24 HR TOTAL      1.6   03/07 TO 03/07

DEGREE_DAYS
HEATING TOTAL     952               930      22      904
 SINCE 7/1       5469              5662    -193     4769
COOLING TOTAL       0                 0       0        0
 SINCE 1/1          0                 0       0        0

FREEZE DATES
RECORD
 EARLIEST     09/22/1976
 LATEST       06/22/1992
EARLIEST                        10/14
LATEST                          05/04
.................................................................

WIND (MPH)
AVERAGE WIND SPEED              9.9
RESULTANT WIND SPEED/DIRECTION   3/016
HIGHEST WIND SPEED/DIRECTION    30/330    DATE  03/31
HIGHEST GUST SPEED/DIRECTION    39/330    DATE  03/31

SKY COVER
POSSIBLE SUNSHINE (PERCENT)   MM
AVERAGE SKY COVER           0.60
NUMBER OF DAYS FAIR            8
NUMBER OF DAYS PC             14
NUMBER OF DAYS CLOUDY          9

AVERAGE RH (PERCENT)     59

WEATHER CONDITIONS. NUMBER OF DAYS WITH
THUNDERSTORM              0     MIXED PRECIP               1
HEAVY RAIN                0     RAIN                       3
LIGHT RAIN                4     FREEZING RAIN              0
LT FREEZING RAIN          0     HAIL                       0
HEAVY SNOW                1     SNOW                       4
LIGHT SNOW                9     SLEET                      0
FOG                      10     FOG W/VIS <= 1/4 MILE      2
HAZE                      5

-  INDICATES NEGATIVE NUMBERS.
R  INDICATES RECORD WAS SET OR TIED.
MM INDICATES DATA IS MISSING.
T  INDICATES TRACE AMOUNT.

&&

MARCH 2018 WAS COOLER THAN NORMAL, DRIER THAN NORMAL, AND HAD LESS
SNOW THAN NORMAL. NO MONTHLY TOP TENS OR RECORDS WERE ACHIEVED THIS
MONTH. SEVERAL SYSTEMS MOVED THROUGH THE AREA IN THE FIRST HALF OF
THE MONTH, THEN THE ACTIVE TRACK MOVED SOUTH OF THE AREA FOR MOST OF
THE SECOND HALF OF MARCH. THERE WAS NO SEVERE WEATHER IN MARCH.

AVERAGE TEMPERATURES ACROSS THE AREAS RANGED FROM 30 TO 35 DEGREES
IN OCTOBER, WHILE NORMAL VALUES ARE AROUND 35 DEGREES. SO JUST A BIT
COOLER THAN NORMAL, BUT NOWHERE NEAR RECORD LEVELS.

MEANWHILE, PRECIPITATION TOTALS RANGED FROM UNDER AN INCH ACROSS
CENTRAL LOWER MICHIGAN TO TWO AND A HALF INCHES ACROSS THE SOUTH.
THESE TOTALS RANGE FROM NEAR NORMAL IN THE SOUTH TO ONE AND A HALF
INCHES LESS THAN NORMAL ACROSS CENTRAL LOWER. AGAIN, THIS IS DRIER
THAN NORMAL, BUT NOT NEAR RECORD LEVELS.

SNOWFALL ACCUMULATIONS RANGED FROM 3 TO 10 INCHES ACROSS SOUTHWEST
LOWER MICHIGAN IN MARCH 2018. THESE TOTALS RANGED FROM 2 INCHES
ABOVE NORMAL IN EASTERN AREAS TO 4 INCHES BELOW NORMAL IN WESTERN
AREAS. NO MONTHLY RECORDS REACHED.

$$

63
