000
CXUS53 KMQT 022339
CLMMQT

ARBCLMMQT 000
TTAA00 KMQT 022338


CLIMATE REPORT
NATIONAL WEATHER SERVICE MARQUETTE MI
736 PM EDT MON APR 2 2018

...................................

...THE MARQUETTE MI CLIMATE SUMMARY FOR THE MONTH OF MARCH 2018...

CLIMATE NORMAL PERIOD 1981 TO 2010
CLIMATE RECORD PERIOD 1961 TO 2018

WEATHER         OBSERVED          NORMAL  DEPART  LAST YEAR`S
                 VALUE   DATE(S)  VALUE   FROM    VALUE  DATE(S)
                                          NORMAL
................................................................
TEMPERATURE (F)
RECORD
 HIGH              81   03/21/2012
 LOW              -30   03/03/2003
HIGHEST            51   03/28        33      18       52  03/28
LOWEST             -4   03/11        14     -18      -13  03/04
AVG. MAXIMUM     32.1              34.7    -2.6     32.3
AVG. MINIMUM     11.7              13.8    -2.1     16.3
MEAN             21.9              24.2    -2.3     24.3
DAYS MAX >= 90      0               0.0     0.0        0
DAYS MAX <= 32     18              12.8     5.2       16
DAYS MIN <= 32     31              29.2     1.8       30
DAYS MIN <= 0       2               4.4    -2.4        3

PRECIPITATION (INCHES)
RECORD
 MAXIMUM         6.08   1979
 MINIMUM         0.28   2010
TOTALS           1.38              3.03   -1.65     1.84
DAILY AVG.       0.04              0.10   -0.06     0.06
DAYS >= .01        11              14.5    -3.5       17
DAYS >= .10         5               7.2    -2.2        7
DAYS >= .50         0               1.4    -1.4        1
DAYS >= 1.00        0               0.6    -0.6        0
GREATEST
 24 HR. TOTAL    0.43   03/31 TO 03/31

SNOWFALL (INCHES)
RECORDS
 TOTAL           83.1   2002


TOTALS           24.1              34.9   -10.8     19.9
SINCE 7/1       140.1             187.3   -47.2    141.0
SNOWDEPTH AVG.     23                21       2        9
DAYS >= 1.0         7               7.2    -0.2        6
GREATEST
 SNOW DEPTH        29   03/07                         16  03/03
 24 HR TOTAL      6.1   03/07 TO 03/07

DEGREE_DAYS
HEATING TOTAL    1327              1263      64     1252
 SINCE 7/1       8015              7887     128     6936
COOLING TOTAL       0                 0       0        0
 SINCE 1/1          0                 0       0        0
.................................................................

WIND (MPH)
AVERAGE WIND SPEED              MM
HIGHEST WIND SPEED/DIRECTION    MM/MM     DATE  03/21
HIGHEST GUST SPEED/DIRECTION    28/225    DATE  03/28

SKY COVER
POSSIBLE SUNSHINE (PERCENT)   MM
AVERAGE SKY COVER             MM
NUMBER OF DAYS FAIR            0
NUMBER OF DAYS PC              0
NUMBER OF DAYS CLOUDY          0

AVERAGE RH (PERCENT)     MM

WEATHER CONDITIONS. NUMBER OF DAYS WITH
THUNDERSTORM              0     MIXED PRECIP               0
HEAVY RAIN                0     RAIN                       0
LIGHT RAIN                2     FREEZING RAIN              0
LT FREEZING RAIN          0     HAIL                       0
HEAVY SNOW                0     SNOW                       2
LIGHT SNOW               15     SLEET                      1
FOG                       1     FOG W/VIS <= 1/4 MILE      0
HAZE                      0

-  INDICATES NEGATIVE NUMBERS.
R  INDICATES RECORD WAS SET OR TIED.
MM INDICATES DATA IS MISSING.
T  INDICATES TRACE AMOUNT.

$$
