000
CXUS56 KOTX 011121
CLMOMK


CLIMATE REPORT
NATIONAL WEATHER SERVICE SPOKANE, WA
415 AM PDT TUE MAY 1 2018

...................................

...THE OMAK WA AIRPORT CLIMATE SUMMARY FOR THE MONTH OF APRIL 2018...

CLIMATE NORMAL PERIOD 1981 TO 2010
CLIMATE RECORD PERIOD 9999 TO 9999

WEATHER         OBSERVED          NORMAL  DEPART  LAST YEAR`S
                 VALUE   DATE(S)  VALUE   FROM    VALUE  DATE(S)
                                          NORMAL
................................................................
TEMPERATURE (F)
RECORD
 HIGH              96   04/23/1934
 LOW               15   04/02/1936
HIGHEST            84   04/27        MM      MM       66  04/30
                                                          04/28
                                                          04/26
LOWEST             28   04/03        MM      MM       28  04/11
AVG. MAXIMUM     60.9              63.4    -2.5     59.7
AVG. MINIMUM     37.9              36.7     1.2     36.7
MEAN             49.4              50.0    -0.6     48.2
DAYS MAX >= 90      0               0.0     0.0        0
DAYS MAX <= 32      0               0.0     0.0        0
DAYS MIN <= 32      4               6.9    -2.9        8
DAYS MIN <= 0       0               0.0     0.0        0

PRECIPITATION (INCHES)
RECORD
 MAXIMUM         2.72   1948
 MINIMUM         0.01   1931
TOTALS           2.19              1.04    1.15     2.66
DAILY AVG.       0.07              0.03    0.04     0.09
DAYS >= .01        12                MM      MM       12
DAYS >= .10         6                MM      MM        7
DAYS >= .50         1                MM      MM        2
DAYS >= 1.00        0                MM      MM        0
GREATEST
 24 HR. TOTAL    0.75   04/07 TO 04/07              0.90

DEGREE_DAYS
HEATING TOTAL     462               449      13      496
 SINCE 7/1       5925              6039    -114     6198
COOLING TOTAL       0                 1      -1        0
 SINCE 1/1          0                 1      -1        0
.................................................................

WIND (MPH)
AVERAGE WIND SPEED              8.0
HIGHEST WIND SPEED/DIRECTION    30/150    DATE  04/13
HIGHEST GUST SPEED/DIRECTION    39/150    DATE  04/13

SKY COVER
POSSIBLE SUNSHINE (PERCENT)   MM
AVERAGE SKY COVER           0.40
NUMBER OF DAYS FAIR           15
NUMBER OF DAYS PC              7
NUMBER OF DAYS CLOUDY          8

AVERAGE RH (PERCENT)     62

WEATHER CONDITIONS. NUMBER OF DAYS WITH
THUNDERSTORM              0     MIXED PRECIP               0
HEAVY RAIN                2     RAIN                       3
LIGHT RAIN               11     FREEZING RAIN              0
LT FREEZING RAIN          0     HAIL                       0
HEAVY SNOW                0     SNOW                       0
LIGHT SNOW                0     SLEET                      0
FOG                       8     FOG W/VIS <= 1/4 MILE      0
HAZE                      1

-  INDICATES NEGATIVE NUMBERS.
R  INDICATES RECORD WAS SET OR TIED.
MM INDICATES DATA IS MISSING.
T  INDICATES TRACE AMOUNT.

$$
