000
CXUS54 KMEG 011416
CLMTUP


CLIMATE REPORT
NATIONAL WEATHER SERVICE MEMPHIS TN
914 AM CDT TUE MAY 1 2018

...................................

...THE TUPELO CLIMATE SUMMARY FOR THE MONTH OF APRIL 2018...

CLIMATE NORMAL PERIOD 1981 TO 2010
CLIMATE RECORD PERIOD 1930 TO 2018

WEATHER         OBSERVED          NORMAL  DEPART  LAST YEAR`S
                 VALUE   DATE(S)  VALUE   FROM    VALUE  DATE(S)
                                          NORMAL
................................................................
TEMPERATURE (F)
RECORD
 HIGH              93   04/18/2006
 LOW               29   04/08/2018
HIGHEST            85   04/03        74      11       87  04/28
LOWEST             29R  04/08        51     -22       37  04/08
AVG. MAXIMUM     69.9              74.1    -4.2     78.3
AVG. MINIMUM     45.5              50.2    -4.7     55.3
MEAN             57.7              62.1    -4.4     66.8
DAYS MAX >= 90      0               0.4    -0.4        0
DAYS MAX <= 32      0               0.0     0.0        0
DAYS MIN <= 32      1               0.8     0.2        0
DAYS MIN <= 0       0               0.0     0.0        0

PRECIPITATION (INCHES)
RECORD
 MAXIMUM        12.16   1991
 MINIMUM         0.46   1986
TOTALS           7.49              4.78    2.71     5.49
DAILY AVG.       0.25              0.16    0.09     0.18
DAYS >= .01         8               9.5    -1.5       10
DAYS >= .10         5               6.6    -1.6        6
DAYS >= .50         5               3.2     1.8        5
DAYS >= 1.00        4               1.6     2.4        3
GREATEST
 24 HR. TOTAL    2.43   04/14 TO 04/14

SNOWFALL (INCHES)
RECORDS
 TOTAL            0.4   1987
TOTALS            0.0                 T     0.0      0.0
SINCE 7/1         0.8               2.1    -1.3        T
SNOWDEPTH AVG.      0                MM      MM        0
DAYS >= 1.0         0               0.0     0.0        0
GREATEST
 SNOW DEPTH         0   MM                             0  MM
 24 HR TOTAL      0.0   04/30 TO 04/30

DEGREE_DAYS
HEATING TOTAL     222               146      76       51
 SINCE 7/1       2891              2932     -41     1959
COOLING TOTAL      10                60     -50      111
 SINCE 1/1         40                76     -36      157
.................................................................

WIND (MPH)
AVERAGE WIND SPEED              7.7
HIGHEST WIND SPEED/DIRECTION    29/350    DATE  04/07
HIGHEST GUST SPEED/DIRECTION    42/290    DATE  04/03

SKY COVER
POSSIBLE SUNSHINE (PERCENT)   MM
AVERAGE SKY COVER           0.30
NUMBER OF DAYS FAIR           18
NUMBER OF DAYS PC              6
NUMBER OF DAYS CLOUDY          6

AVERAGE RH (PERCENT)     62

WEATHER CONDITIONS. NUMBER OF DAYS WITH
  0
  5
  0
  0
  0
  0
  1
HAZE                      1

-  INDICATES NEGATIVE NUMBERS.
R  INDICATES RECORD WAS SET OR TIED.
MM INDICATES DATA IS MISSING.
T  INDICATES TRACE AMOUNT.

$$
