000
CXUS55 KPUB 020251
CLSALS

CLIMATE REPORT
NATIONAL WEATHER SERVICE PUEBLO
751 PM MST SAT DEC 1 2018

...................................

...THE ALAMOSA CO CLIMATE SUMMARY FOR THE SEASON, FROM
9/1/2018 TO 11/30/2018...

CLIMATE NORMAL PERIOD 1981 TO 2010
CLIMATE RECORD PERIOD 1932 TO 2018

WEATHER         OBSERVED          NORMAL  DEPART  LAST YEAR`S
                 VALUE   DATE(S)  VALUE   FROM    VALUE  DATE(S)
                                          NORMAL
................................................................
TEMPERATURE (F)
RECORD
 HIGH              87   09/03/2017
                        09/04/2013
                        09/13/1990
 LOW              -30   11/27/1952

HIGHEST            84   09/18                         87  09/03
                        09/16
LOWEST             -2   11/13                          4  11/19

AVG. MAXIMUM     61.4              60.6     0.8     65.4
AVG. MINIMUM     25.1              24.5     0.6     27.5

MEAN             43.2              42.5     0.7     46.5

DAYS MAX >= 90      0               0.0     0.0
DAYS MAX <= 32      1               3.0    -2.0
DAYS MIN <= 32     59              63.0    -4.0
DAYS MIN <= 0       1               3.3    -2.3

PRECIPITATION (INCHES)
RECORD
 MAXIMUM         4.16   1972
                        1938
 MINIMUM         0.23   1955

TOTALS           2.34              2.01    0.33     1.86
DAILY AVG.       0.03              0.02    0.01
DAYS >= .01        20              15.4     4.6
DAYS >= .10         7               6.3     0.7
DAYS >= .50         1               0.7     0.3
DAYS >= 1.00        0               0.0     0.0

GREATEST
 24 HR. TOTAL    0.56   09/05 TO 09/05

SNOWFALL (INCHES)
RECORDS
 MAXIMUM         34.1   1972
 MINIMUM          0.0   2000

TOTALS            8.2               5.8     2.4      0.2
SINCE 7/1         8.2               5.8     2.4      0.2

SNOWDEPTH AVG.      0
DAYS >= 1.0         1               1.8    -0.8

GREATEST
 SNOW DEPTH         6   10/31                         -1
 24 HR TOTAL      5.5   10/31 TO 10/31               0.2

DEGREE_DAYS
HEATING TOTAL    1959              2046     -87     1667
 SINCE 7/1       2033              2175    -142     1766
COOLING TOTAL       0                 0       0        0
 SINCE 1/1        104                51      53       76
.................................................................

WIND (MPH)
AVERAGE WIND SPEED              6.5
HIGHEST WIND SPEED/DIRECTION    41/240    DATE  10/04
HIGHEST GUST SPEED/DIRECTION    55/240    DATE  10/04

SKY COVER

AVERAGE SKY COVER           0.20
NUMBER OF DAYS FAIR           68
NUMBER OF DAYS PC             20
NUMBER OF DAYS CLOUDY          3

AVERAGE RH (PERCENT)     56

WEATHER CONDITIONS. NUMBER OF DAYS WITH

THUNDERSTORM          2   MIXED PRECIP           0
HEAVY RAIN            1   RAIN                   5
LIGHT RAIN           19   FREEZING RAIN          0
LT FREEZING RAIN      0   HAIL                   0
HEAVY SNOW            1   SNOW                   3
LIGHT SNOW            7   SLEET                  0
FOG                  15   FOG W/VIS <= 1/4 MILE  7
HAZE                  5

-  INDICATES NEGATIVE NUMBERS.
R  INDICATES RECORD WAS SET OR TIED.
MM INDICATES DATA IS MISSING.
T  INDICATES TRACE AMOUNT.

$$
