000
CXUS55 KPUB 031723 CCA
CLSALS

CLIMATE REPORT
NATIONAL WEATHER SERVICE PUEBLO
823 AM MDT SUN JUN 2 2019

...................................

...THE ALAMOSA CO CLIMATE SUMMARY FOR THE SEASON, FROM
3/1/2019 TO 5/31/2019...

CLIMATE NORMAL PERIOD 1981 TO 2010
CLIMATE RECORD PERIOD 1932 TO 2019

WEATHER         OBSERVED          NORMAL  DEPART  LAST YEAR`S
                 VALUE   DATE(S)  VALUE   FROM    VALUE  DATE(S)
                                          NORMAL
................................................................
TEMPERATURE (F)
RECORD
 HIGH              90   05/31/2002
 LOW              -20   03/04/1964

HIGHEST            75   05/14                         83  05/31
                        05/16                             05/25
                        05/26
LOWEST             10   04/12                         -1  03/06

AVG. MAXIMUM     58.8              59.5    -0.7     64.3
AVG. MINIMUM     26.6              24.9     1.7     24.8
MEAN             42.7              42.2     0.5     44.5

DAYS MAX >= 90      0               0.0     0.0
DAYS MAX <= 32      1               0.7     0.3
DAYS MIN <= 32     79              68.5    10.5
DAYS MIN <= 0       0               0.9    -0.9

PRECIPITATION (INCHES)
RECORD
 MAXIMUM         3.74   1942
 MINIMUM         0.19   1972

TOTALS           3.15              1.70    1.45     0.49
DAILY AVG.       0.04              0.02    0.02

DAYS >= .01        20              16.2     3.8
DAYS >= .10         9               5.4     3.6
DAYS >= .50         1               0.6     0.4
DAYS >= 1.00        0               0.0     0.0

GREATEST
 24 HR. TOTAL    0.52   04/22 TO 04/23

SNOWFALL (INCHES)
RECORDS
 MAXIMUM         48.3   1973
 MINIMUM            T   1934

TOTALS           17.9               9.5     8.4      2.1
SINCE 7/1        54.9              27.6    27.3      9.1

SNOWDEPTH AVG.      0
DAYS >= 1.0         7               3.2     3.8

GREATEST
 SNOW DEPTH         3   03/31                          2
                        05/09

 24 HR TOTAL      4.0   05/09 TO 05/09               1.8

DEGREE_DAYS
HEATING TOTAL    2029              2097     -68     1859
 SINCE 7/1       8425              8426      -1     7134
COOLING TOTAL       0                 0       0        0
 SINCE 1/1          0                 0       0        0
.................................................................

WIND (MPH)
AVERAGE WIND SPEED              9.5
HIGHEST WIND SPEED/DIRECTION    47/250    DATE  04/10
HIGHEST GUST SPEED/DIRECTION    80/240    DATE  05/26

SKY COVER
POSSIBLE SUNSHINE (PERCENT)   MM
AVERAGE SKY COVER           0.30
NUMBER OF DAYS FAIR           64
NUMBER OF DAYS PC             22
NUMBER OF DAYS CLOUDY          6

AVERAGE RH (PERCENT)     53

WEATHER CONDITIONS. NUMBER OF DAYS WITH
THUNDERSTORM              8     MIXED PRECIP                0
HEAVY RAIN                1     RAIN                        8
LIGHT RAIN               29     FREEZING RAIN               0
LT FREEZING RAIN          0     HAIL                        0
HEAVY SNOW                0     SNOW                        5
LIGHT SNOW               14     SLEET                       0
FOG                      21     FOG W/VIS <= 1/4 MILE       3
HAZE                      9

-  INDICATES NEGATIVE NUMBERS.
R  INDICATES RECORD WAS SET OR TIED.
MM INDICATES DATA IS MISSING.
T  INDICATES TRACE AMOUNT.

$$
