000
CXUS55 KPUB 050315 RRB
CLSALS

CLIMATE REPORT
NATIONAL WEATHER SERVICE PUEBLO
815 PM MST MON MAR 4 2019

...................................

...THE ALAMOSA CO CLIMATE SUMMARY FOR THE SEASON, FROM
12/1/2018 TO 2/28/2019...

CLIMATE NORMAL PERIOD 1981 TO 2010
CLIMATE RECORD PERIOD 1932 TO 2019

WEATHER         OBSERVED          NORMAL  DEPART  LAST YEAR`S
                 VALUE   DATE(S)  VALUE   FROM    VALUE  DATE(S)
                                          NORMAL
................................................................
TEMPERATURE (F)
RECORD
 HIGH              66   02/25/1986
 LOW              -50   01/28/1948

HIGHEST            49   02/28                         63  01/31
                        12/18                             12/30
                        12/12
LOWEST            -26   01/30                        -11  01/23

AVG. MAXIMUM     32.9              36.5    -3.6     46.3
AVG. MINIMUM     -0.1               3.5    -3.6      5.4

MEAN             16.4              19.0    -2.6     25.9

DAYS MAX >= 90      0               0.0     0.0
DAYS MAX <= 32     44              29.4    14.6
DAYS MIN <= 32     90              89.8     0.2
DAYS MIN <= 0      43              39.7     3.3

PRECIPITATION (INCHES)

RECORD
 MAXIMUM         2.73   2017
 MINIMUM         0.08   1999

TOTALS           1.86              0.87    0.99     0.45
DAILY AVG.       0.02              0.01    0.01

DAYS >= .01        17              11.9     5.1
DAYS >= .10         5               3.0     2.0
DAYS >= .50         1               0.0     1.0
DAYS >= 1.00        0               0.0     0.0

GREATEST
 24 HR. TOTAL    0.60   01/11 TO 01/11

SNOWFALL (INCHES)

RECORDS
 MAXIMUM         38.1   1965
 MINIMUM          1.6   1935

TOTALS           28.8              12.3    16.5      6.6
SINCE 7/1        37.0              18.1    18.9      7.0

SNOWDEPTH AVG.      2
DAYS >= 1.0         7               4.3     2.7

GREATEST
 SNOW DEPTH         8   01/22                          3
                        01/12
                        01/11
 24 HR TOTAL      7.6   01/11 TO 01/11               2.6

DEGREE_DAYS
HEATING TOTAL    4363              4154     209     3509
 SINCE 7/1       6396              6329      67     5275

COOLING TOTAL       0                 0       0        0
 SINCE 1/1          0                 0       0        0
.................................................................

WIND (MPH)
AVERAGE WIND SPEED              6.2
HIGHEST WIND SPEED/DIRECTION    37/180    DATE  02/06
HIGHEST GUST SPEED/DIRECTION    51/180    DATE  02/06

SKY COVER
POSSIBLE SUNSHINE (PERCENT)   MM
AVERAGE SKY COVER           0.20
NUMBER OF DAYS FAIR           58
NUMBER OF DAYS PC             25
NUMBER OF DAYS CLOUDY          7

AVERAGE RH (PERCENT)     69

WEATHER CONDITIONS. NUMBER OF DAYS WITH

THUNDERSTORM          0   MIXED PRECIP           0
HEAVY RAIN            0   RAIN                   0
LIGHT RAIN            4   FREEZING RAIN          0
LT FREEZING RAIN      0   HAIL                   0
HEAVY SNOW            3   SNOW                   8
LIGHT SNOW           29   SLEET                  0
FOG                  46   FOG W/VIS <= 1/4 MILE 18
HAZE                 26

-  INDICATES NEGATIVE NUMBERS.
R  INDICATES RECORD WAS SET OR TIED.
MM INDICATES DATA IS MISSING.
T  INDICATES TRACE AMOUNT.

$$
