000
CXUS53 KJAX 011524
CLSAMG
CLIMATE REPORT
NATIONAL WEATHER SERVICE JACKSONVILLE FL
1024 AM EST FRI MAR 01 2024
...................................
...THE ALMA CLIMATE SUMMARY FOR THE SEASON, FROM
12/1/2023 TO 2/29/2024...
CLIMATE NORMAL PERIOD: 1991 TO 2020
CLIMATE RECORD PERIOD: 1938 TO 2024
WEATHER OBSERVED NORMAL DEPART LAST YEAR`S
VALUE DATE(S) VALUE FROM VALUE DATE(S)
NORMAL
................................................................
TEMPERATURE (F)
RECORD
HIGH 87 02/21/2018
LOW 01/21/1985
HIGHEST 83 01/27 82 1 85 02/22
02/23
02/26
LOWEST 24 01/18 22 2 19 12/24
01/21
AVG. MAXIMUM 66.0 64.6 1.4 69.2
AVG. MINIMUM 42.8 41.1 1.7 45.6
MEAN 54.4 52.9 1.5 57.4
DAYS MAX >= 90 0 0.0 0.0 MM
DAYS MIN <= 32 11 19.6 -8.6 MM
PRECIPITATION (INCHES)
RECORD
MAXIMUM 21.31 1998
MINIMUM 2.96 2009
TOTALS 12.11 10.12 1.99 10.14
DAILY AVG. 0.13 NAN NAN 0.11
DAYS >= .01 21 24.2 -3.2 MM
DAYS >= .10 13 15.8 -2.8 MM
DAYS >= .50 8 6.9 1.1 MM
DAYS >= 1.00 5 3.1 1.9 MM
GREATEST
24 HR. TOTAL 2.90
SNOWFALL (INCHES)
RECORDS
TOTAL 4.4 1973
TOTALS 0.0 0.1 -0.1 0.0
DEGREE DAYS
HEATING TOTAL 983 1129 -146 794
SINCE 7/1 1195 1407 -212 MM
COOLING TOTAL 40 31 9 115
SINCE 1/1 28 20 8 MM
................................................................
WIND (MPH)
AVERAGE WIND SPEED 4.9
HIGHEST WIND SPEED/DIRECTION 32/170 DATE 01/09
HIGHEST GUST SPEED/DIRECTION 58/160 DATE 01/09
SKY COVER
AVERAGE SKY COVER 0.23
AVERAGE RH (PERCENT) 69
WEATHER CONDITIONS. NUMBER OF DAYS WITH
THUNDERSTORM 6 MIXED PRECIP 0
HEAVY RAIN 10 RAIN 15
LIGHT RAIN 28 FREEZING RAIN 0
LT FREEZING RAIN 0 HAIL 0
HEAVY SNOW 0 SNOW 0
LIGHT SNOW 0 SLEET 0
FOG 50 FOG W/VIS <= 1/4 MILE 7
HAZE 1
- INDICATES NEGATIVE NUMBERS.
R INDICATES RECORD WAS SET OR TIED.
MM INDICATES DATA IS MISSING.
T INDICATES TRACE AMOUNT.
$$