000
CXUS51 KCTP 200326
CLSAOO

CLIMATE REPORT
NATIONAL WEATHER SERVICE STATE COLLEGE PA
143 PM EDT TUE MAR 12 2019

...................................

...THE ALTOONA CLIMATE SUMMARY FOR THE SEASON, FROM
12/1/2018 TO 2/28/2019...

CLIMATE NORMAL PERIOD 1981 TO 2010
CLIMATE RECORD PERIOD 1948 TO 2019

WEATHER         OBSERVED          NORMAL  DEPART  LAST YEAR`S
                 VALUE   DATE(S)  VALUE   FROM    VALUE  DATE(S)
                                          NORMAL
................................................................
TEMPERATURE (F)
RECORD
 HIGH              76   02/21/2018
 LOW              -20   01/17/1982

HIGHEST            58   02/05        MM      MM       76  02/21
                        01/01
                        12/21
LOWEST             -4   01/31        MM      MM       -4  01/07
AVG. MAXIMUM     37.8              36.3     1.5     39.1
AVG. MINIMUM     24.0              21.5     2.5     23.6
MEAN             30.9              28.9     2.0     31.4
DAYS MAX >= 90      0                MM      MM        0
DAYS MAX <= 32     28                MM      MM       27
DAYS MIN <= 32     74                MM      MM       68
DAYS MIN <= 0       3                MM      MM        1

PRECIPITATION (INCHES)
RECORD
 MAXIMUM        11.90   1971
 MINIMUM         3.33   2002

TOTALS          12.51R             6.63    5.88     7.18
DAILY AVG.       0.14              0.07    0.07     0.08
DAYS >= .01        41                MM      MM       33
DAYS >= .10        24                MM      MM       18
DAYS >= .50         9                MM      MM        4
DAYS >= 1.00        1                MM      MM        1
GREATEST
 24 HR. TOTAL    1.17   MM


 STORM TOTAL       MM                                 MM
 (MM/DD(HH))            MM



DEGREE_DAYS
HEATING TOTAL    3055              3251    -196     3021
 SINCE 7/1       4292              4570    -278     4086
COOLING TOTAL       0                 0       0        0
 SINCE 1/1          0                 0       0        0

FREEZE DATES
RECORD
 EARLIEST     09/21/1956
 LATEST       06/01/1966
EARLIEST                        MM
LATEST                          MM
.................................................................

WIND (MPH)
AVERAGE WIND SPEED              8.3
RESULTANT WIND SPEED/DIRECTION   5/272
HIGHEST WIND SPEED/DIRECTION    49/270    DATE  02/24
HIGHEST GUST SPEED/DIRECTION    62/270    DATE  02/24

SKY COVER
POSSIBLE SUNSHINE (PERCENT)   MM
AVERAGE SKY COVER           0.70
NUMBER OF DAYS FAIR           19
NUMBER OF DAYS PC             34
NUMBER OF DAYS CLOUDY         37


WEATHER CONDITIONS. NUMBER OF DAYS WITH
THUNDERSTORM              1     MIXED PRECIP                0
HEAVY RAIN                3     RAIN                       17
LIGHT RAIN               28     FREEZING RAIN               3
LT FREEZING RAIN          8     HAIL                        0
HEAVY SNOW                2     SNOW                        8
LIGHT SNOW               32     SLEET                       1
FOG                      58     FOG W/VIS <= 1/4 MILE      11
HAZE                     28

-  INDICATES NEGATIVE NUMBERS.
R  INDICATES RECORD WAS SET OR TIED.
MM INDICATES DATA IS MISSING.
T  INDICATES TRACE AMOUNT.

$$

LA CORTE
