000
CXUS51 KGYX 060031
CLSAUG

PWMCLMAUG 000
TTAA00 KGYX 031910


CLIMATE REPORT
NATIONAL WEATHER SERVICE GRAY ME
731 PM EST WED DEC 5 2018

...................................

...THE AUGUSTA CLIMATE SUMMARY FOR THE SEASON, FROM
9/1/2018 TO 11/30/2018...

CLIMATE NORMAL PERIOD 1981 TO 2010
CLIMATE RECORD PERIOD 1948 TO 2018

WEATHER         OBSERVED          NORMAL  DEPART  LAST YEAR`S
                 VALUE   DATE(S)  VALUE   FROM    VALUE  DATE(S)
                                          NORMAL
................................................................
TEMPERATURE (F)
RECORD
 HIGH              96   09/09/2002
 LOW                4   11/22/2018
                        11/27/1978
                        11/28/1951
HIGHEST            90   09/03        85       5       88  09/25
LOWEST              4R  11/22        16     -12       14  11/28
AVG. MAXIMUM     54.6              57.3    -2.7     61.8
AVG. MINIMUM     39.3              40.2    -0.9     43.2
MEAN             46.9              48.8    -1.9     52.5
DAYS MAX >= 90      1               0.4     0.6        0
DAYS MAX <= 32      6               2.4     3.6        0
DAYS MIN <= 32     29              23.9     5.1       22
DAYS MIN <= 0       0               0.0     0.0        0

PRECIPITATION (INCHES)
RECORD
 MAXIMUM        23.76   2005
 MINIMUM         6.48   1984
TOTALS          14.30             12.46    1.84    12.42
DAILY AVG.       0.16              0.14    0.02     0.14
DAYS >= .01        38              33.3     4.7       27
DAYS >= .10        23              20.7     2.3       16
DAYS >= .50        12               8.4     3.6        9
DAYS >= 1.00        4               3.2     0.8        4
GREATEST
 24 HR. TOTAL    1.61   11/03

DEGREE_DAYS
HEATING TOTAL    1693              1507     186     1195
 SINCE 7/1       1697              1548     149     1236
COOLING TOTAL      69                31      38       86
 SINCE 1/1        557               388     169      446
.................................................................

WIND (MPH)
AVERAGE WIND SPEED              6.7
HIGHEST WIND SPEED/DIRECTION    31/300    DATE  11/14
HIGHEST GUST SPEED/DIRECTION    46/290    DATE  11/14

SKY COVER
AVERAGE SKY COVER           0.50

AVERAGE RH (PERCENT)     74


-  INDICATES NEGATIVE NUMBERS.
R  INDICATES RECORD WAS SET OR TIED.
MM INDICATES DATA IS MISSING.
T  INDICATES TRACE AMOUNT.

&&

THE FALL STARTED OFF ON A WARM NOTE AS A FAMILIAR WEATHER PATTERN
CONTINUED. A RIDGE OF HIGH PRESSURE OVER THE EAST COAST AND WESTERN
ATLANTIC KEPT A FREQUENT FLOW OF WARM, HUMID AIR MASSES AROUND IT
AND INTO NEW ENGLAND. THERE WERE BRIEF PERIODS OF COOLER WEATHER
BEHIND OCCASIONAL COLD FRONTS ALONG WITH INFREQUENT STORMS WHICH
BROUGHT HEAVY RAINFALL, BUT OVERALL THE WARM WEATHER CONTINUED DEEP
INTO OCTOBER. THE TEMPERATURE PEAKED AT 83 DEGREES ON OCTOBER 10,
BUT THIS WAS THE LAST OF THE WARM WEATHER. A COLD FRONT MOVED
THROUGH THAT DAY AND THE TEMPERATURE TOOK A TUMBLE AND THE
PERSISTENT WEATHER PATTERN BEGAN TO CHANGE. A TROUGH DEVELOPED OVER
THE EASTERN UNITED STATES BRINGING SEVERAL ROUNDS OF COLD AIR INTO
THE AREA. BEING FREQUENTLY ON THE EASTERN SIDE OF THIS TROUGH MEANT
THAT STORM SYSTEMS EXITING THE COUNTRY FREQUENTLY PASSED NEAR NEW
ENGLAND BRINGING NEW PRECIPITATION EVERY FEW DAYS. JUST AS THE
TEMPERATURE STARTED TO DRIFT BACK TOWARD NORMAL, TWO SIGNIFICANT
WAVES OF ARCTIC AIR MOVED INTO THE REGION IN MID NOVEMBER. THE FIRST
ARRIVED WITH A COLD FRONT ON NOVEMBER 13 THAT BROUGHT 1 INCH OF RAIN
AND PLUNGING TEMPERATURES. THE TEMPERATURE DID NOT EVEN WARM OUT OF
THE 20S ON NOVEMBER 15 AND 16, ABOUT TWO WEEKS EARLIER THAN
AUGUSTA`S AVERAGE FIRST SUBFREEZING DAY. SOON SNOW BEGAN TO FALL AS
WELL AND ANOTHER STRONG ARCTIC AIR MASS ARRIVED JUST IN TIME FOR
THANKSGIVING. AFTER DROPPING TO 4 DEGREES ON THANKSGIVING MORNING,
NOVEMBER 22, THE TEMPERATURE ONLY WARMED TO 14 THAT AFTERNOON. THIS
WAS THE COLDEST FALL DAY ON RECORD AT AUGUSTA. THE TEMPERATURE
GRADUALLY MODERATED BACK TOWARD NORMAL BY THE END OF NOVEMBER WITH
MORE SNOW AND RAIN.

THE AVERAGE TEMPERATURE FOR THE FALL WAS 46.9 DEGREES WHICH WAS 1.9
DEGREES BELOW NORMAL AND THE 9TH COLDEST FALL ON RECORD AT AUGUSTA.
THE COLDEST FALL WAS IN 1974 WHEN THE AVERAGE TEMPERATURE WAS 45.2
DEGREES. THE WARMEST WAS JUST LAST YEAR WHEN  THE AVERAGE
TEMPERATURE WAS 52.6 IN 2017. THE FOLLOWING TABLE LISTS THE COLDEST
FALLS ON RECORD AT AUGUSTA.

COLDEST AVERAGE TEMPERATURE IN FALL (SINCE 1948)...
RANK  AVE   YEAR
1     45.2  1974
2     46.1  1986
3     46.5  1962
4     46.7  1967
      46.7  1965
      46.7  1956
7     46.8  1964
      46.8  1955
9     46.9  2018  <===
10    47.0  1992
      47.0  1958

NOVEMBER 22, THANKSGIVING, WAS THE COLDEST FALL DAY ON RECORD. THE
FOLLOWING TABLE LISTS THE COLDEST HIGHS AND LOWS ON RECORD FOR THE
FALL IN AUGUSTA.

COLDEST TEMPERATURES OBSERVED IN FALL (SINCE 1948)...
HIGH TEMPERATURE                |  LOW TEMPERATURE
RANK  TEMP  DATE                |  TEMP  DATE
1      14   NOV 22, 2018  <===  |    4   NOV 22, 2018  <===
2      15   NOV 27, 1978        |    4   NOV 27, 1978
3      20   NOV 23, 1989        |    4   NOV 28, 1951
4      23   NOV 26, 1978        |    5   NOV 24, 1989
5      24   NOV 28, 2002        |    7   NOV 26, 1978
6      24   NOV 24, 1989        |    7   NOV 30, 1958
7      24   NOV 30, 1958        |    8   NOV 25, 2000
8      24   NOV 26, 1957        |    8   NOV 23, 1978
9      24   NOV 27, 1949        |    8   NOV 27, 1949

A TOTAL OF 14.30 INCHES OF PRECIPITATION FELL WHICH WAS 1.84 INCHES
ABOVE NORMAL AND THE WETTEST FALL SINCE 2010. THE HEAVIEST
PRECIPITATION FELL ON NOVEMBER 2 AND 3 WHEN 2.37 INCHES OF RAIN
FELL. THE WETTEST FALL ON RECORD WAS IN 2005 WHEN 23.76 INCHES OF
PRECIPITATION WAS MEASURED. THE DRIEST WAS IN 1984 WHEN ONLY 6.48
INCHES WAS RECORDED.

THE FOLLOWING DAILY RECORDS WERE SET OR TIED IN FALL 2018...
DATE    RECORD                               PREVIOUS
SEP 16  84   - WARMEST HIGH TEMPERATURE      83 IN 2015 AND 1971
OCT 10  83   - WARMEST HIGH TEMPERATURE      68 IN 2011 AND 1997
OCT 27  37   - COOLEST HIGH TEMPERATURE      38 IN 1957
NOV 15  28   - COLDEST HIGH TEMPERATURE      28 IN 1996 (TIED)
NOV 15  12   - COLDEST LOW TEMPERATURE       14 IN 1996
NOV 16  29   - COLDEST HIGH TEMPERATURE      30 IN 1997 AND 1967
NOV 22  14   - COLDEST HIGH TEMPERATURE      25 IN 2008 AND 1989
NOV 22   4   - COLDEST LOW TEMPERATURE       9 IN 1978

$$

KIMBLE

$$

KIMBLE
