000
CXUS53 KGRB 031059 RRA
CLSAUW

CLIMATE REPORT
NATIONAL WEATHER SERVICE GREEN BAY
458 AM CST MON DEC 3 2018

...14TH COOLEST FALL ON RECORD...
...6TH WETTEST FALL ON RECORD...

...THE WAUSAU WI FALL CLIMATE SUMMARY FROM 9/1/2018 TO
11/30/2018...

CLIMATE NORMAL PERIOD 1981 TO 2010
CLIMATE RECORD PERIOD 1896 TO 2018

WEATHER         OBSERVED          NORMAL  DEPART  LAST YEAR`S
                 VALUE   DATE(S)  VALUE   FROM    VALUE  DATE(S)
                                          NORMAL
................................................................
TEMPERATURE (F)
RECORD
 HIGH              99   09/10/1931
 LOW              -15   11/25/1950
HIGHEST            87   09/17        84       3       87  09/24
                                                          09/22
                                                          09/23
LOWEST              6   11/18         6       0        5  11/10
AVG. MAXIMUM     51.0              54.7    -3.7     56.7
AVG. MINIMUM     35.7              36.5    -0.8     38.5
MEAN             43.3              45.6    -2.3     47.6
DAYS MAX >= 90      0               0.0     0.0        0
DAYS MAX <= 32     18               7.1    10.9        5
DAYS MIN <= 32     42              33.8     8.2       32
DAYS MIN <= 0       0               0.3    -0.3        0

PRECIPITATION (INCHES)
RECORD
 MAXIMUM        19.70   1900
 MINIMUM         1.40   1976
TOTALS          13.44              8.84    4.60     6.73
DAILY AVG.       0.14              0.10    0.04     0.08
DAYS >= .01        35              33.7     1.3       36
DAYS >= .10        19              18.5     0.5       17
DAYS >= .50         9               5.3     3.7        3
DAYS >= 1.00        5               1.7     3.3        1

SNOWFALL (INCHES)
RECORDS
 TOTAL           22.6   1991
 24 HR TOTAL       MM
TOTALS            6.6               8.3    -1.7      8.3
SINCE 7/1         6.6               8.3    -1.7      8.3
DAYS >= TRACE      19               6.6    12.4       13
DAYS >= 1.0         1               2.4    -1.4        3
GREATEST
 SNOW DEPTH         4   11/12                          3  11/11
                        11/10
                        11/11
 24 HR TOTAL      2.7   11/09

DEGREE_DAYS
HEATING TOTAL    2014              1793     221     1627
 SINCE 7/1       2034              1859     175     1685
COOLING TOTAL      64                32      32       67
 SINCE 1/1        628               407     221      339

FREEZE DATES
RECORD
 EARLIEST     08/30/1915
 LATEST       06/12/1903
EARLIEST                        10/02
LATEST                          05/05
.................................................................

WIND (MPH)
AVERAGE WIND SPEED              7.7
HIGHEST WIND SPEED/DIRECTION    36/250    DATE  09/20
HIGHEST GUST SPEED/DIRECTION    63/160    DATE  09/04

SKY COVER
POSSIBLE SUNSHINE (PERCENT)   MM
AVERAGE SKY COVER           0.60
NUMBER OF DAYS FAIR           25
NUMBER OF DAYS PC             25
NUMBER OF DAYS CLOUDY         41

AVERAGE RH (PERCENT)     75

WEATHER CONDITIONS. NUMBER OF DAYS WITH
THUNDERSTORM              5     MIXED PRECIP               0
HEAVY RAIN                8     RAIN                      14
LIGHT RAIN               33     FREEZING RAIN              0
LT FREEZING RAIN          0     HAIL                       0
HEAVY SNOW                1     SNOW                       1
LIGHT SNOW               20     SLEET                      0
FOG                      48     FOG W/VIS <= 1/4 MILE      0
HAZE                     15

-  INDICATES NEGATIVE NUMBERS.
R  INDICATES RECORD WAS SET OR TIED.
MM INDICATES DATA IS MISSING.
T  INDICATES TRACE AMOUNT.

$$
ECKBERG
