598
CXUS53 KGRB 040059 RRA
CLSAUW

CLIMATE REPORT
NATIONAL WEATHER SERVICE GREEN BAY
800 PM CDT MON JUN 3 2019

...THE WAUSAU WI CLIMATE SPRING SUMMARY FROM 3/1/2019 TO
5/31/2019...

CLIMATE NORMAL PERIOD 1981 TO 2010
CLIMATE RECORD PERIOD 1896 TO 2019

WEATHER         OBSERVED          NORMAL  DEPART  LAST YEAR`S
                 VALUE   DATE(S)  VALUE   FROM    VALUE  DATE(S)
                                          NORMAL
................................................................
TEMPERATURE (F)
RECORD
 HIGH             104   05/31/1934
 LOW              -33   03/01/1962
HIGHEST            86   05/31        84       2       93  05/28
                                                          05/27
LOWEST            -17   03/04        -2     -15        4  04/08
AVG. MAXIMUM     49.4              53.8    -4.4     52.3
AVG. MINIMUM     29.9              32.7    -2.8     30.9
MEAN             39.7              43.2    -3.5     41.6
DAYS MAX >= 90      0               0.1    -0.1        3
DAYS MAX <= 32     10               7.6     2.4       15
DAYS MIN <= 32     42              42.1    -0.1       58
DAYS MIN <= 0       8               1.9     6.1        0

PRECIPITATION (INCHES)
RECORD
 MAXIMUM        17.21   1942
 MINIMUM         2.60   1931
TOTALS          11.88              7.97    3.91     7.94
DAILY AVG.       0.13              0.09    0.04     0.09
DAYS >= .01        33              33.4    -0.4       30
DAYS >= .10        21              18.8     2.2       20
DAYS >= .50         6               4.8     1.2        7
DAYS >= 1.00        5               1.2     3.8        0

SNOWFALL (INCHES)
RECORDS
 TOTAL           46.7   2018
                        1956
 24 HR TOTAL       MM
TOTALS           19.8              14.3     5.5     46.7
SINCE 7/1        89.4              59.6    29.8     89.2
DAYS >= TRACE      17               9.2     7.8       15
DAYS >= 1.0         5               4.3     0.7        9
GREATEST
 SNOW DEPTH        27   03/10                         17  04/15
                        03/01
 24 HR TOTAL     11.6   MM

DEGREE_DAYS
HEATING TOTAL    2316              2024     292     2205
 SINCE 7/1       8667              8160     507     8293
COOLING TOTAL       5                20     -15       85
 SINCE 1/1          5                19     -14       85

FREEZE DATES
RECORD
 EARLIEST     08/30/1915
 LATEST       06/12/1903
EARLIEST                        10/02
LATEST                          05/05
.................................................................

WIND (MPH)
AVERAGE WIND SPEED              8.0
RESULTANT WIND SPEED/DIRECTION   1/307
HIGHEST WIND SPEED/DIRECTION    41/080    DATE  05/22
HIGHEST GUST SPEED/DIRECTION    57/100    DATE  05/22

SKY COVER
POSSIBLE SUNSHINE (PERCENT)   MM
AVERAGE SKY COVER           0.50
NUMBER OF DAYS FAIR           41
NUMBER OF DAYS PC             22
NUMBER OF DAYS CLOUDY         27

AVERAGE RH (PERCENT)     67

WEATHER CONDITIONS. NUMBER OF DAYS WITH
THUNDERSTORM              2     MIXED PRECIP               0
HEAVY RAIN                9     RAIN                      17
LIGHT RAIN               34     FREEZING RAIN              1
LT FREEZING RAIN          2     HAIL                       0
HEAVY SNOW                1     SNOW                       3
LIGHT SNOW               18     SLEET                      0
FOG                      43     FOG W/VIS <= 1/4 MILE      7
HAZE                     13

-  INDICATES NEGATIVE NUMBERS.
R  INDICATES RECORD WAS SET OR TIED.
MM INDICATES DATA IS MISSING.
T  INDICATES TRACE AMOUNT.

$$
ECKBERG
