000
CXUS51 KBGM 020906
CLSAVP


CLIMATE REPORT
NATIONAL WEATHER SERVICE BINGHAMTON NY
448 AM EDT SUN JUN 2 2019

...................................

...THE AVOCA PA CLIMATE SUMMARY FOR THE SEASON, FROM
3/1/2019 TO 5/31/2019...

CLIMATE NORMAL PERIOD 1981 TO 2010
CLIMATE RECORD PERIOD 1901 TO 2019

WEATHER         OBSERVED          NORMAL  DEPART  LAST YEAR`S
                 VALUE   DATE(S)  VALUE   FROM    VALUE  DATE(S)
                                          NORMAL
................................................................
TEMPERATURE (F)
RECORD
 HIGH              97   05/30/1895
 LOW               -4   03/19/1967
HIGHEST            87   05/19        58      29       89  05/29
                                                          05/03
LOWEST              7   03/07        38     -31       19  03/25
AVG. MAXIMUM     60.4              58.3     2.1     56.8
AVG. MINIMUM     40.4              37.8     2.6     38.8
MEAN             50.4              48.1     2.3     47.8
DAYS MAX >= 90      0               0.3    -0.3        0
DAYS MAX <= 32      4               2.9     1.1        1
DAYS MIN <= 32     30              28.6     1.4       42
DAYS MIN <= 0       0               0.0     0.0        0

PRECIPITATION (INCHES)
RECORD
 MAXIMUM        16.12   1983
 MINIMUM         4.89   1995
TOTALS          12.85              9.40    3.45    12.24
DAILY AVG.       0.14              0.10    0.04     0.13
DAYS >= .01        44              37.3     6.7       45
DAYS >= .10        30              21.6     8.4       26
DAYS >= .50        11               5.9     5.1        8
DAYS >= 1.00        2               1.7     0.3        2
GREATEST
 24 HR. TOTAL    1.53   04/14 TO 04/15


SNOWFALL (INCHES)
RECORDS
 TOTAL           34.9   1967
 24 HR TOTAL     22.1   03/14/2017 TO 03/14/2017
TOTALS            5.8              12.3    -6.5     24.8
SINCE 7/1        32.5              46.2   -13.7     51.9
DAYS >= TRACE      13               6.7     6.3       25
DAYS >= 1.0         3               2.9     0.1        8
GREATEST
 24 HR TOTAL      2.8   03/03 TO 03/03

DEGREE_DAYS
HEATING TOTAL    1377              1595    -218     1641
 SINCE 7/1       5739              6201    -462     5832
COOLING TOTAL      50                37      13       85
 SINCE 1/1         50                37      13       85

FREEZE DATES
RECORD
 EARLIEST     09/21/1956
 LATEST       05/25/1956
EARLIEST                        10/15
LATEST                          04/26
.................................................................

WIND (MPH)
AVERAGE WIND SPEED              6.9
RESULTANT WIND SPEED/DIRECTION   2/291
HIGHEST WIND SPEED/DIRECTION    38/250    DATE  04/15
HIGHEST GUST SPEED/DIRECTION    53/250    DATE  04/15

SKY COVER
POSSIBLE SUNSHINE (PERCENT)   MM
AVERAGE SKY COVER           0.50
NUMBER OF DAYS FAIR           26
NUMBER OF DAYS PC             39
NUMBER OF DAYS CLOUDY         26

AVERAGE RH (PERCENT)     64

WEATHER CONDITIONS. NUMBER OF DAYS WITH
THUNDERSTORM              9     MIXED PRECIP                0
HEAVY RAIN               16     RAIN                       24
LIGHT RAIN               47     FREEZING RAIN               2
LT FREEZING RAIN          2     HAIL                        0
HEAVY SNOW                0     SNOW                        3
LIGHT SNOW               12     SLEET                       0
FOG                      46     FOG W/VIS <= 1/4 MILE       3
HAZE                     18

-  INDICATES NEGATIVE NUMBERS.
R  INDICATES RECORD WAS SET OR TIED.
MM INDICATES DATA IS MISSING.
T  INDICATES TRACE AMOUNT.

&&
MARCH TO MAY 10TH MOST PRECIPITATION
$$
