000
CXUS51 KBGM 012054
CLSAVP


CLIMATE REPORT
NATIONAL WEATHER SERVICE BINGHAMTON NY
314 PM EST SAT DEC 1 2018

...................................

...THE AVOCA PA CLIMATE SUMMARY FOR THE SEASON, FROM
9/1/2018 TO 11/30/2018...

CLIMATE NORMAL PERIOD 1981 TO 2010
CLIMATE RECORD PERIOD 1901 TO 2018

WEATHER         OBSERVED          NORMAL  DEPART  LAST YEAR`S
                 VALUE   DATE(S)  VALUE   FROM    VALUE  DATE(S)
                                          NORMAL
................................................................
TEMPERATURE (F)
RECORD
 HIGH              95   09/08/2015
                        09/11/2013
                        09/10/1983
 LOW                5   11/23/2018
HIGHEST            91   09/05        61      30       92  09/25
LOWEST              5R  11/23        43     -38       16  11/11
AVG. MAXIMUM     59.6              60.8    -1.2     65.6
AVG. MINIMUM     45.4              42.2     3.2     45.1
MEAN             52.5              51.5     1.0     55.3
DAYS MAX >= 90      2               0.5     1.5        4
DAYS MAX <= 32      3               1.0     2.0        0
DAYS MIN <= 32     21              18.4     2.6       21
DAYS MIN <= 0       0               0.0     0.0        0

PRECIPITATION (INCHES)
RECORD
 MAXIMUM        18.19   2011
 MINIMUM         3.81   1964
TOTALS          18.92R            10.55    8.37     5.71
DAILY AVG.       0.21              0.12    0.09     0.06
DAYS >= .01        49              32.1    16.9       27
DAYS >= .10        33              17.5    15.5       16
DAYS >= .50        13               6.3     6.7        3
DAYS >= 1.00        6               2.9     3.1        1
GREATEST
 24 HR. TOTAL    2.01   09/17 TO 09/18

SNOWFALL (INCHES)
RECORDS
 TOTAL           22.5   1971
 24 HR TOTAL     18.5   11/25/1971 TO 11/25/1971
TOTALS           11.3               3.0     8.3      0.1
SINCE 7/1        11.3               3.0     8.3      0.1
DAYS >= TRACE      15               2.2    12.8        4
DAYS >= 1.0         2               0.9     1.1        0
GREATEST
 24 HR TOTAL      9.4   11/15 TO 11/15

DEGREE_DAYS
HEATING TOTAL    1290              1287       3     1023
 SINCE 7/1       1290              1313     -23     1040
COOLING TOTAL     173                56     117      165
 SINCE 1/1        935               580     355      804

FREEZE DATES
RECORD
 EARLIEST     09/21/1956
 LATEST       05/25/1956
EARLIEST                        10/15
LATEST                          04/26
.................................................................

WIND (MPH)
AVERAGE WIND SPEED              5.7
RESULTANT WIND SPEED/DIRECTION   1/284
HIGHEST WIND SPEED/DIRECTION    26/320    DATE  11/21
HIGHEST GUST SPEED/DIRECTION    40/260    DATE  10/17

SKY COVER
POSSIBLE SUNSHINE (PERCENT)   MM
AVERAGE SKY COVER           0.60
NUMBER OF DAYS FAIR           20
NUMBER OF DAYS PC             30
NUMBER OF DAYS CLOUDY         41

AVERAGE RH (PERCENT)     77

WEATHER CONDITIONS. NUMBER OF DAYS WITH
THUNDERSTORM              4     MIXED PRECIP                0
HEAVY RAIN               19     RAIN                       30
LIGHT RAIN               50     FREEZING RAIN               1
LT FREEZING RAIN          1     HAIL                        0
HEAVY SNOW                1     SNOW                        1
LIGHT SNOW               14     SLEET                       0
FOG                      66     FOG W/VIS <= 1/4 MILE       6
HAZE                     10

-  INDICATES NEGATIVE NUMBERS.
R  INDICATES RECORD WAS SET OR TIED.
MM INDICATES DATA IS MISSING.
T  INDICATES TRACE AMOUNT.

&&

7TH SNOWIEST SEPTEMBER TO NOVEMBER

$$
