684
CXUS53 KGRR 021643
CLSAZO

WRKCLMAZO 000
TTAA00 KGRR 021630


CLIMATE REPORT
NATIONAL WEATHER SERVICE GRAND RAPIDS, MI
1226 PM EDT SUN JUN 2 2019

...................................

...THE KALAMAZOO CLIMATE SUMMARY FOR THE SEASON, FROM
3/1/2019 TO 5/31/2019...

CLIMATE NORMAL PERIOD 1981 TO 2010
CLIMATE RECORD PERIOD 1998 TO 2019

WEATHER         OBSERVED          NORMAL  DEPART  LAST YEAR`S
                 VALUE   DATE(S)  VALUE   FROM    VALUE  DATE(S)
                                          NORMAL
................................................................
TEMPERATURE (F)
RECORD
 HIGH              96   05/28/2018
 LOW              -12   03/03/1943
HIGHEST            82   05/18        MM      MM       96  05/28
LOWEST              8   03/05        MM      MM       16  03/10
AVG. MAXIMUM     56.4              58.4    -2.0     57.9
AVG. MINIMUM     37.1              37.9    -0.8     37.8
MEAN             46.8              48.1    -1.3     47.9
DAYS MAX >= 90      0               0.4    -0.4        4
DAYS MAX <= 32      5               4.0     1.0        1
DAYS MIN <= 32     29              29.9    -0.9       45
DAYS MIN <= 0       0               0.0     0.0        0

PRECIPITATION (INCHES)
RECORD
 MAXIMUM           MM   MM
TOTALS          12.27              9.20    3.07    11.81
DAILY AVG.       0.13              0.10    0.03     0.13
DAYS >= .01        45                MM      MM       39
DAYS >= .10        29                MM      MM       20
DAYS >= .50        10                MM      MM        8
DAYS >= 1.00        2                MM      MM        4
GREATEST
 24 HR. TOTAL    1.04   03/14 TO 03/14
 STORM TOTAL       MM                                 MM
 (MM/DD(HH))            MM                    05/14(00) TO 05/14(00)
                                                 05/14(00) TO 05/14(00)WEATHER         OBSERVED          NORMAL  DEPART  LAST YEAR`S
                                                 05/14(00) TO 05/14(00)WEATHER         OBSERVED          NORMAL  DEPART  LAST YEAR`S

DEGREE_DAYS
HEATING TOTAL    1675              1594      81     1680
 SINCE 7/1       6452              6368      84     6241
COOLING TOTAL      15                42     -27      130
 SINCE 1/1         15                41     -26      130

FREEZE DATES
EARLIEST                        MM
LATEST                          MM
.................................................................

WIND (MPH)
AVERAGE WIND SPEED              8.3
RESULTANT WIND SPEED/DIRECTION   2/273
HIGHEST WIND SPEED/DIRECTION    38/220    DATE  03/14
HIGHEST GUST SPEED/DIRECTION    54/230    DATE  05/18

SKY COVER
POSSIBLE SUNSHINE (PERCENT)   MM
AVERAGE SKY COVER           0.50
NUMBER OF DAYS FAIR           27
NUMBER OF DAYS PC             35
NUMBER OF DAYS CLOUDY         30

AVERAGE RH (PERCENT)     67

WEATHER CONDITIONS. NUMBER OF DAYS WITH
  0
 23
  0
  0
  5
  0
  5
HAZE                     17

-  INDICATES NEGATIVE NUMBERS.
R  INDICATES RECORD WAS SET OR TIED.
MM INDICATES DATA IS MISSING.
T  INDICATES TRACE AMOUNT.

$$
