000
CXUS51 KOKX 031832
CLSBDR

CLIMATE REPORT
NATIONAL WEATHER SERVICE NEW YORK NY
130 PM EST MON DEC 3 2018

...................................

...THE BRIDGEPORT CT CLIMATE SUMMARY FOR THE SEASON, FROM
9/1/2018 TO 11/30/2018...

CLIMATE NORMAL PERIOD 1981 TO 2010
CLIMATE RECORD PERIOD 1948 TO 2018

WEATHER         OBSERVED          NORMAL  DEPART  LAST YEAR`S
                 VALUE   DATE(S)  VALUE   FROM    VALUE
                                          NORMAL
.............................................................
TEMPERATURE (F)
RECORD
 HIGH              99   09/02/1953
 LOW               13   11/23/2018
HIGHEST            92   09/06        MM      MM
LOWEST             13R  11/23        MM      MM
AVG. MAXIMUM     63.2              63.5    -0.3
AVG. MINIMUM     49.9              47.6     2.3
MEAN             56.5              55.5     1.0
DAYS MAX >= 90      1               0.3     0.7
DAYS MAX <= 32      2               0.1     1.9
DAYS MIN <= 32      8               7.2     0.8
DAYS MIN <= 0       0               0.0     0.0

PRECIPITATION (INCHES)
RECORD
 MAXIMUM        18.60   1972
 MINIMUM         3.68   1964
TOTALS          22.19R            10.51   11.68    10.97
DAILY AVG.       0.25              0.12    0.13
DAYS >= .01        41              27.0    14.0
DAYS >= .10        26              17.2     8.8
DAYS >= .50        18               7.7    10.3
DAYS >= 1.00        7               2.4     4.6
GREATEST
 24 HR. TOTAL    2.82   MM
 STORM TOTAL       MM
 (MM/DD(HH))            MM

SNOWFALL (INCHES)
RECORDS
 TOTAL            8.4   2012
 24 HR TOTAL      6.0   MM
TOTALS            5.8               0.7     5.1
 LIQUID EQUIV    0.58              0.10    0.48
SINCE 7/1         5.8               0.7     5.1
 LIQUID 7/1      0.58
DAYS >= TRACE       2               0.5     1.5
DAYS >= 1.0         1               0.2     0.8
GREATEST
 SNOW DEPTH         0   MM
 24 HR TOTAL      5.8   11/15 TO 11/15
 STORM TOTAL       MM
 (MM/DD(HH))            MM

DEGREE_DAYS
HEATING TOTAL     964               970      -6
 SINCE 7/1        964               974     -10
COOLING TOTAL     218               108     110
 SINCE 1/1       1172               825     347
..............................................................

WIND (MPH)
AVERAGE WIND SPEED              9.1
HIGHEST WIND SPEED/DIRECTION    36/060    DATE  11/16
HIGHEST GUST SPEED/DIRECTION    45/330    DATE  11/16

SKY COVER
POSSIBLE SUNSHINE (PERCENT)   MM
AVERAGE SKY COVER           0.50
NUMBER OF DAYS FAIR           30
NUMBER OF DAYS PC             30
NUMBER OF DAYS CLOUDY         31

AVERAGE RH (PERCENT)     72

WEATHER CONDITIONS. NUMBER OF DAYS WITH
  0
 26
  1
  0
  1
  0
  0
HAZE                      5

-  INDICATES NEGATIVE NUMBERS.
R  INDICATES RECORD WAS SET OR TIED.
MM INDICATES DATA IS MISSING.
T  INDICATES TRACE AMOUNT.

PLEASE NOTE THE 15TH AND 16TH INITIALLY HAD MISSING SNOWFALL
OBSERVATIONS, SO TO COMPENSATE, THESE SNOWFALL AMOUNTS ARE ESTIMATES.
THEY ARE BASED ON LIQUID EQUIVALENT AMOUNTS, ANTECEDENT TEMPERATURES
AND THE APPROPRIATE SNOW TO LIQUID RATIOS.  THESE WERE FURTHER
COMPARED TO SURROUNDING OBSERVATIONS USING A TOTAL OBSERVATION
CONCEPT.

$$
