000
CXUS51 KOKX 011726
CLSBDR

CLIMATE REPORT
NATIONAL WEATHER SERVICE NEW YORK NY
112 PM EDT SAT JUN 1 2019

...................................

...THE BRIDGEPORT CT CLIMATE SUMMARY FOR THE SEASON, FROM
3/1/2019 TO 5/31/2019...

CLIMATE NORMAL PERIOD 1981 TO 2010
CLIMATE RECORD PERIOD 1948 TO 2019

WEATHER         OBSERVED          NORMAL  DEPART  LAST YEAR`S
                 VALUE   DATE(S)  VALUE   FROM    VALUE
                                          NORMAL
.............................................................
TEMPERATURE (F)
RECORD
 HIGH              97   05/20/1996
 LOW                4   03/19/1967
HIGHEST            83   05/26        MM      MM
LOWEST             13   03/07        MM      MM
AVG. MAXIMUM     57.2              57.5    -0.3
AVG. MINIMUM     41.9              41.0     0.9
MEAN             49.6              49.2     0.4
DAYS MAX >= 90      0               0.1    -0.1
DAYS MAX <= 32      3               0.9     2.1
DAYS MIN <= 32     21              17.5     3.5
DAYS MIN <= 0       0               0.0     0.0

PRECIPITATION (INCHES)
RECORD
 MAXIMUM        24.70   1983
 MINIMUM         4.38   1986
TOTALS          14.30             11.98    2.32    12.21
DAILY AVG.       0.15              0.13    0.02
DAYS >= .01        46              34.1    11.9
DAYS >= .10        26              21.5     4.5
DAYS >= .50        14               7.1     6.9
DAYS >= 1.00        2               2.8    -0.8
GREATEST
 24 HR. TOTAL    1.35   MM
 STORM TOTAL       MM
 (MM/DD(HH))            MM

SNOWFALL (INCHES)
RECORDS
 TOTAL           22.0   1996
 24 HR TOTAL     11.1   03/22/1967 TO 03/22/1967
TOTALS           13.5               6.0     7.5
 LIQUID EQUIV    1.35              0.60    0.75
SINCE 7/1        24.6              27.6    -3.0
 LIQUID 7/1      2.46
DAYS >= TRACE       5               2.7     2.3
DAYS >= 1.0         4               1.9     2.1
GREATEST
 SNOW DEPTH         9   03/04
 24 HR TOTAL      6.0   MM
 STORM TOTAL       MM
 (MM/DD(HH))            MM

DEGREE_DAYS
HEATING TOTAL    1424              1473     -49
 SINCE 7/1         MM              5360      MM
COOLING TOTAL      27                24       3
 SINCE 1/1         27                24       3
..............................................................

WIND (MPH)
AVERAGE WIND SPEED              9.0
HIGHEST WIND SPEED/DIRECTION    35/290    DATE  04/15
HIGHEST GUST SPEED/DIRECTION    56/200    DATE  04/15

SKY COVER
POSSIBLE SUNSHINE (PERCENT)   MM
AVERAGE SKY COVER           0.50
NUMBER OF DAYS FAIR           37
NUMBER OF DAYS PC             27
NUMBER OF DAYS CLOUDY         28

AVERAGE RH (PERCENT)     66

WEATHER CONDITIONS. NUMBER OF DAYS WITH
  0
 30
  0
  0
  2
  0
  3
HAZE                      4

-  INDICATES NEGATIVE NUMBERS.
R  INDICATES RECORD WAS SET OR TIED.
MM INDICATES DATA IS MISSING.
T  INDICATES TRACE AMOUNT.

$$
