000
CXUS51 KCTP 062059
CLSBFD

PHLCLMBFD 000
TTAA00 KCTP 061939


CLIMATE REPORT
NATIONAL WEATHER SERVICE STATE COLLEGE PA
239 PM EST THU DEC 6 2018

...................................

...THE BRADFORD CLIMATE SUMMARY FOR THE SEASON, FROM
9/1/2018 TO 11/30/2018...

CLIMATE NORMAL PERIOD 1981 TO 2010
CLIMATE RECORD PERIOD 1957 TO 2018

WEATHER         OBSERVED          NORMAL  DEPART  LAST YEAR`S
                 VALUE   DATE(S)  VALUE   FROM    VALUE  DATE(S)
                                          NORMAL
................................................................
TEMPERATURE (F)
RECORD
 HIGH              90   09/03/2011
 LOW               -2   11/30/1976
HIGHEST            87   09/04        MM      MM       86  09/26
                                                          09/24
LOWEST              2   11/22        MM      MM        5  11/11
AVG. MAXIMUM     55.0              56.7    -1.7     60.0
AVG. MINIMUM     40.4              36.7     3.7     39.0
MEAN             47.7              46.7     1.0     49.5
DAYS MAX >= 90      0                MM      MM        0
DAYS MAX <= 32     11                MM      MM        3
DAYS MIN <= 32     32                MM      MM       32
DAYS MIN <= 0       0                MM      MM        0

PRECIPITATION (INCHES)
RECORD
 MAXIMUM        17.08   1970
 MINIMUM         4.03   1964
TOTALS          15.83             11.11    4.72    12.06
DAILY AVG.       0.17              0.12    0.05     0.13
DAYS >= .01        52                MM      MM       40
DAYS >= .10        33                MM      MM       25
DAYS >= .50        12                MM      MM        9
DAYS >= 1.00        3                MM      MM        1
GREATEST
 24 HR. TOTAL    1.54   MM


 STORM TOTAL       MM
 (MM/DD(HH))            MM


DEGREE_DAYS
HEATING TOTAL    1658              1682     -24     1425
 SINCE 7/1       1708              1835    -127     1534
COOLING TOTAL     105                16      89       40
 SINCE 1/1        447               193     254      264

FREEZE DATES
RECORD
 EARLIEST     08/05/1972
 LATEST       06/30/1961
EARLIEST                        MM
LATEST                          MM
.................................................................

WIND (MPH)
AVERAGE WIND SPEED              7.1
RESULTANT WIND SPEED/DIRECTION   2/214
HIGHEST WIND SPEED/DIRECTION    30/320    DATE  10/23
HIGHEST GUST SPEED/DIRECTION    42/330    DATE  10/23

SKY COVER
POSSIBLE SUNSHINE (PERCENT)   MM
AVERAGE SKY COVER           0.70
NUMBER OF DAYS FAIR           10
NUMBER OF DAYS PC             32
NUMBER OF DAYS CLOUDY         48

AVERAGE RH (PERCENT)     82

WEATHER CONDITIONS. NUMBER OF DAYS WITH
THUNDERSTORM              5     MIXED PRECIP                0
HEAVY RAIN               11     RAIN                       23
LIGHT RAIN               43     FREEZING RAIN               2
LT FREEZING RAIN         10     HAIL                        0
HEAVY SNOW                2     SNOW                        4
LIGHT SNOW               20     SLEET                       0
FOG                      79     FOG W/VIS <= 1/4 MILE      21
HAZE                      5


-  INDICATES NEGATIVE NUMBERS.
R  INDICATES RECORD WAS SET OR TIED.
MM INDICATES DATA IS MISSING.
T  INDICATES TRACE AMOUNT.

&&

$$
