310
CXUS51 KCTP 022346
CLSBFD

CLIMATE REPORT
NATIONAL WEATHER SERVICE STATE COLLEGE PA
709 PM EDT SUN JUN 2 2019

...................................

...THE BRADFORD CLIMATE SUMMARY FOR THE SEASON, FROM
3/1/2019 TO 5/31/2019...

CLIMATE NORMAL PERIOD 1981 TO 2010
CLIMATE RECORD PERIOD 1957 TO 2019

WEATHER         OBSERVED          NORMAL  DEPART  LAST YEAR`S
                 VALUE   DATE(S)  VALUE   FROM    VALUE  DATE(S)
                                          NORMAL
................................................................
TEMPERATURE (F)
RECORD
 HIGH              88   05/29/2018
                        05/30/2006
                        05/30/2006
 LOW              -21   03/02/1980
HIGHEST            84   05/19        MM      MM       88  05/29
LOWEST             -6   03/08        MM      MM        8  03/17
                                                          03/05
AVG. MAXIMUM     54.9              54.0     0.9     52.7
AVG. MINIMUM     33.9              31.5     2.4     32.9

MEAN             44.4              42.7     1.7     42.8
DAYS MAX >= 90      0                MM      MM        0
DAYS MAX <= 32      7                MM      MM       17
DAYS MIN <= 32     36                MM      MM       52
DAYS MIN <= 0       1                MM      MM        0

PRECIPITATION (INCHES)
RECORD
 MAXIMUM        20.43   2011
 MINIMUM         5.47   1999

TOTALS          12.82             11.10    1.72     9.91
DAILY AVG.       0.14              0.12    0.02     0.11
DAYS >= .01        53                MM      MM       45
DAYS >= .10        33                MM      MM       23
DAYS >= .50         6                MM      MM        4
DAYS >= 1.00        2                MM      MM        2
GREATEST
 24 HR. TOTAL    1.77   MM
 STORM TOTAL       MM
 (MM/DD(HH))            MM

DEGREE_DAYS
HEATING TOTAL    1880              2058    -178     2061
 SINCE 7/1       7111              7628    -517     7157
COOLING TOTAL       7                10      -3       51
 SINCE 1/1          7                10      -3       51

FREEZE DATES
RECORD
 EARLIEST     08/05/1972
 LATEST       06/30/1961
EARLIEST                        MM
LATEST                          MM
.................................................................

WIND (MPH)
AVERAGE WIND SPEED              7.8
RESULTANT WIND SPEED/DIRECTION   2/264
HIGHEST WIND SPEED/DIRECTION    32/310    DATE  04/03
HIGHEST GUST SPEED/DIRECTION    48/310    DATE  04/03

SKY COVER
POSSIBLE SUNSHINE (PERCENT)   MM
AVERAGE SKY COVER           0.60
NUMBER OF DAYS FAIR           18
NUMBER OF DAYS PC             41
NUMBER OF DAYS CLOUDY         33

AVERAGE RH (PERCENT)     69

WEATHER CONDITIONS. NUMBER OF DAYS WITH
THUNDERSTORM              8     MIXED PRECIP                0
HEAVY RAIN               12     RAIN                       26
LIGHT RAIN               52     FREEZING RAIN               2
LT FREEZING RAIN          3     HAIL                        0
HEAVY SNOW                3     SNOW                        7
LIGHT SNOW               15     SLEET                       0
FOG                      66     FOG W/VIS <= 1/4 MILE      15
HAZE                     14

-  INDICATES NEGATIVE NUMBERS.
R  INDICATES RECORD WAS SET OR TIED.
MM INDICATES DATA IS MISSING.
T  INDICATES TRACE AMOUNT.

$$

LA CORTE
