649
CXUS53 KBIS 011613
CLSBIS

CLIMATE REPORT
NATIONAL WEATHER SERVICE BISMARCK ND
1100 AM CDT SAT JUN 1 2019

...................................

...THE BISMARCK ND CLIMATE SUMMARY FOR THE SEASON, FROM
3/1/2019 TO 5/31/2019...

CLIMATE NORMAL PERIOD 1981 TO 2010
CLIMATE RECORD PERIOD 1875 TO 2019

WEATHER         OBSERVED          NORMAL  DEPART  LAST YEAR`S
                 VALUE   DATE(S)  VALUE   FROM    VALUE  DATE(S)
                                          NORMAL
................................................................
TEMPERATURE (F)
RECORD
 HIGH             102   05/30/1934
                        05/28/1934
 LOW              -36   03/15/1897
HIGHEST            88   05/30        MM      MM       93  05/26
LOWEST            -15   03/03        MM      MM       -5  03/08
AVG. MAXIMUM     50.9              55.3    -4.4     53.1
AVG. MINIMUM     28.6              30.9    -2.3     29.7
MEAN             39.7              43.1    -3.4     41.4
DAYS MAX >= 90      0               0.5    -0.5        2
DAYS MAX <= 32     11               9.0     2.0       15
DAYS MIN <= 32     48              49.4    -1.4       54
DAYS MIN <= 0       8               2.4     5.6        2

PRECIPITATION (INCHES)
RECORD
 MAXIMUM           MM   MM
 MINIMUM           MM   MM
TOTALS           5.38              4.53    0.85     3.79
DAILY AVG.       0.06              0.05    0.01     0.04
DAYS >= .01        26              25.4     0.6       28
DAYS >= .10        14              11.3     2.7       12
DAYS >= .50         4               2.2     1.8        2
DAYS >= 1.00        1               0.5     0.5        0
GREATEST
 24 HR. TOTAL    1.06   MM                       05/31 TO 05/31


SNOWFALL (INCHES)
RECORDS
 TOTAL             MM   MM
TOTALS           17.0              13.7

DEGREE_DAYS
HEATING TOTAL    2320
COOLING TOTAL      12
.................................................................

WIND (MPH)
HIGHEST WIND SPEED/DIRECTION    35/330    DATE  04/25
HIGHEST GUST SPEED/DIRECTION    52/340    DATE  04/25



-  INDICATES NEGATIVE NUMBERS.
R  INDICATES RECORD WAS SET OR TIED.
MM INDICATES DATA IS MISSING.
T  INDICATES TRACE AMOUNT.

$$
