000
CXUS53 KBIS 011442
CLSBIS

CLIMATE REPORT
NATIONAL WEATHER SERVICE BISMARCK ND
830 AM CST SAT DEC 1 2018

...................................

...THE BISMARCK ND CLIMATE SUMMARY FOR THE SEASON, FROM
9/1/2018 TO 11/30/2018...

CLIMATE NORMAL PERIOD 1981 TO 2010
CLIMATE RECORD PERIOD 1875 TO 2018

WEATHER         OBSERVED          NORMAL  DEPART  LAST YEAR`S
                 VALUE   DATE(S)  VALUE   FROM    VALUE  DATE(S)
                                          NORMAL
................................................................
TEMPERATURE (F)
RECORD
 HIGH             105   09/08/1959
                        09/07/1931
 LOW              -30   11/29/1985
HIGHEST            88   09/07        MM      MM       96  09/12
LOWEST            -11   11/17        MM      MM        6  11/21
AVG. MAXIMUM     51.9              56.4    -4.5     59.7
AVG. MINIMUM     31.8              32.0    -0.2     32.8
MEAN             41.8              44.2    -2.4     46.3
DAYS MAX >= 90      0               1.8    -1.8        2
DAYS MAX <= 32     17               9.5     7.5        7
DAYS MIN <= 32     43              44.4    -1.4       45
DAYS MIN <= 0       1               2.0    -1.0        0

PRECIPITATION (INCHES)
RECORD
 MAXIMUM         9.09   2013
 MINIMUM         1.12   2014
TOTALS           4.89              3.55    1.34     1.73
DAILY AVG.       0.06              0.04    0.02     0.02
DAYS >= .01        28              21.1     6.9       14
DAYS >= .10        16               8.1     7.9        6
DAYS >= .50         3               1.9     1.1        0
DAYS >= 1.00        0               0.5    -0.5        0
GREATEST
 24 HR. TOTAL    0.99   MM


SNOWFALL (INCHES)
RECORDS
 TOTAL           19.0   2016
TOTALS            8.1              11.2

DEGREE_DAYS
HEATING TOTAL    2113
COOLING TOTAL      30
.................................................................

WIND (MPH)
HIGHEST WIND SPEED/DIRECTION    36/320    DATE  10/03
HIGHEST GUST SPEED/DIRECTION    50/320    DATE  10/03



-  INDICATES NEGATIVE NUMBERS.
R  INDICATES RECORD WAS SET OR TIED.
MM INDICATES DATA IS MISSING.
T  INDICATES TRACE AMOUNT.


$$
