000
CXUS53 KBIS 121439
CLSBIS

CLIMATE REPORT
NATIONAL WEATHER SERVICE BISMARCK ND
929 AM CDT TUE MAR 12 2019

...................................

...THE BISMARCK ND CLIMATE SUMMARY FOR THE SEASON, FROM
12/1/2018 TO 2/28/2019...

CLIMATE NORMAL PERIOD 1981 TO 2010
CLIMATE RECORD PERIOD 1875 TO 2019

WEATHER         OBSERVED          NORMAL  DEPART  LAST YEAR`S
                 VALUE   DATE(S)  VALUE   FROM    VALUE  DATE(S)
                                          NORMAL
................................................................
TEMPERATURE (F)
RECORD
 HIGH              73   02/27/2016
 LOW              -45   02/16/1936
                        01/13/1916
HIGHEST            53   12/15        MM      MM       56  12/01
LOWEST            -33   01/30        MM      MM      -29  01/13
                                                          01/12
AVG. MAXIMUM     21.2              25.9    -4.7     25.0
AVG. MINIMUM      2.9               5.3    -2.4      2.4
MEAN             12.1              15.6    -3.5     13.7
DAYS MAX >= 90      0               0.0     0.0        0
DAYS MAX <= 32     65              55.9     9.1       54
DAYS MIN <= 32     90              89.0     1.0       90
DAYS MIN <= 0      36              31.8     4.2       41

PRECIPITATION (INCHES)
RECORD
 MAXIMUM         3.46   2017
 MINIMUM         0.88   2013
TOTALS           2.47              1.43    1.04     1.17
DAILY AVG.       0.03              0.02    0.01     0.01
DAYS >= .01        27              22.1     4.9       21
DAYS >= .10         9               4.2     4.8        3
DAYS >= .50         1               0.1     0.9        0
DAYS >= 1.00        0               0.0     0.0        0
GREATEST
 24 HR. TOTAL    0.62  SNOWFALL (INCHES)
RECORDS
 TOTAL           58.0   2009
TOTALS           35.2              26.3

DEGREE_DAYS
HEATING TOTAL    4707
COOLING TOTAL       0
.................................................................

WIND (MPH)
HIGHEST WIND SPEED/DIRECTION    41/340    DATE  01/27
HIGHEST GUST SPEED/DIRECTION    62/340    DATE  01/27



-  INDICATES NEGATIVE NUMBERS.
R  INDICATES RECORD WAS SET OR TIED.
MM INDICATES DATA IS MISSING.
T  INDICATES TRACE AMOUNT.
...................................

$$
