000
CXUS53 KGRR 021640
CLSBIV

WRKCLMBIV 000
TTAA00 KGRR 021630


CLIMATE REPORT
NATIONAL WEATHER SERVICE GRAND RAPIDS, MI
1226 PM EDT SUN JUN 2 2019

...................................

...THE HOLLAND/TULIP CITY MI CLIMATE SUMMARY FOR THE SEASON, FROM
3/1/2019 TO 5/31/2019...

CLIMATE NORMAL PERIOD 1981 TO 2010
CLIMATE RECORD PERIOD 1996 TO 2019

WEATHER         OBSERVED          NORMAL  DEPART  LAST YEAR`S
                 VALUE   DATE(S)  VALUE   FROM    VALUE  DATE(S)
                                          NORMAL
................................................................
TEMPERATURE (F)
HIGHEST            80   05/18        MM      MM       95  05/28
LOWEST              6   03/08        MM      MM       19  04/08
                                                          04/02
                                                          04/07
AVG. MAXIMUM     54.3              57.2    -2.9     54.9
AVG. MINIMUM     36.1              38.7    -2.6     37.2
MEAN             45.2              47.9    -2.7     46.0
DAYS MAX >= 90      0               0.4    -0.4        3
DAYS MAX <= 32      5               3.2     1.8        2
DAYS MIN <= 32     30              27.6     2.4       45
DAYS MIN <= 0       0               0.0     0.0        0

PRECIPITATION (INCHES)
TOTALS          11.49              8.70    2.79     9.55
DAILY AVG.       0.13              0.09    0.04     0.10
DAYS >= .01        43                MM      MM       37
DAYS >= .10        28                MM      MM       18
DAYS >= .50         7                MM      MM        7
DAYS >= 1.00        1                MM      MM        2
GREATEST
 24 HR. TOTAL    1.35   05/01 TO 05/01
 STORM TOTAL       MM                                 MM
 (MM/DD(HH))            MM                    05/12(00) TO 05/12(00)
                                                 05/12(00) TO 05/12(00)WEATHER         OBSERVED          NORMAL  DEPART  LAST YEAR`S
                                                 05/12(00) TO 05/12(00)WEATHER         OBSERVED          NORMAL  DEPART  LAST YEAR`S

DEGREE_DAYS
HEATING TOTAL    1807              1612     195     1807
 SINCE 7/1       6528              6112     416     6314
COOLING TOTAL       4                42     -38       93
 SINCE 1/1          4                42     -38       93

FREEZE DATES
EARLIEST                        MM
LATEST                          MM
.................................................................

WIND (MPH)
AVERAGE WIND SPEED              9.1
RESULTANT WIND SPEED/DIRECTION   2/256
HIGHEST WIND SPEED/DIRECTION    38/110    DATE  03/09
HIGHEST GUST SPEED/DIRECTION    49/240    DATE  04/12

SKY COVER
POSSIBLE SUNSHINE (PERCENT)   MM
AVERAGE SKY COVER           0.50
NUMBER OF DAYS FAIR           30
NUMBER OF DAYS PC             40
NUMBER OF DAYS CLOUDY         22

AVERAGE RH (PERCENT)     70

WEATHER CONDITIONS. NUMBER OF DAYS WITH
  0
 18
  0
  0
  4
  0
  8
HAZE                     18

-  INDICATES NEGATIVE NUMBERS.
R  INDICATES RECORD WAS SET OR TIED.
MM INDICATES DATA IS MISSING.
T  INDICATES TRACE AMOUNT.

$$
