000
CXUS51 KRLX 020931
CLSBKW

CLIMATE REPORT
NATIONAL WEATHER SERVICE CHARLESTON WV
428 AM EST SUN DEC 2 2018

...................................

...THE BECKLEY WV CLIMATE SUMMARY FOR THE SEASON, FROM
9/1/2018 TO 11/30/2018...

CLIMATE NORMAL PERIOD 1981 TO 2010
CLIMATE RECORD PERIOD 1893 TO 2018

WEATHER         OBSERVED          NORMAL  DEPART  LAST YEAR`S
                 VALUE   DATE(S)  VALUE   FROM    VALUE
                                          NORMAL
.............................................................
TEMPERATURE (F)
RECORD
 HIGH              93   09/03/2011
 LOW                4   11/25/1970
HIGHEST            86   09/06                         83
                        09/03
                        09/04
LOWEST             12   11/29                         18
AVG. MAXIMUM     62.7              63.1    -0.4     64.9
AVG. MINIMUM     47.0              43.8     3.2     45.0
MEAN             54.8              53.4     1.4     55.0
DAYS MAX >= 90      0               0.1    -0.1        0
DAYS MAX <= 32      2               1.3     0.7        0
DAYS MIN <= 32     20              16.9     3.1       17
DAYS MIN <= 0       0               0.0     0.0        0

PRECIPITATION (INCHES)
RECORD
 MAXIMUM        17.69R  2018
 MINIMUM         2.73   2001
TOTALS          17.69              8.53    9.16     7.77
DAILY AVG.       0.19              0.09    0.10     0.09
DAYS >= .01        47              31.9    15.1       31
DAYS >= .10        27              18.2     8.8       15
DAYS >= .50        15               5.0    10.0        6
DAYS >= 1.00        5               1.4     3.6        1
GREATEST
 24 HR. TOTAL    2.06   MM

SNOWFALL (INCHES)
RECORDS
 TOTAL           34.0   1913
 24 HR TOTAL     13.0   11/10/1913 TO 11/10/1913
TOTALS            3.6               3.0     0.6      0.1
SINCE 7/1         3.6               3.0     0.6      0.1
DAYS >= TRACE      12               3.3     8.7        2
DAYS >= 1.0         1               0.9     0.1        0
GREATEST
 24 HR TOTAL      2.7   MM

DEGREE_DAYS
HEATING TOTAL    1127              1119       8      966
 SINCE 7/1         MM              1140      MM      983
COOLING TOTAL     222                64     158       81
 SINCE 1/1        933               557     376      594
..............................................................

WIND (MPH)
AVERAGE WIND SPEED              7.3
HIGHEST WIND SPEED/DIRECTION    33/330    DATE  10/20
HIGHEST GUST SPEED/DIRECTION    56/340    DATE  10/20

SKY COVER
POSSIBLE SUNSHINE (PERCENT)   MM
AVERAGE SKY COVER           0.50
NUMBER OF DAYS FAIR           30
NUMBER OF DAYS PC             32
NUMBER OF DAYS CLOUDY         29

AVERAGE RH (PERCENT)     74

WEATHER CONDITIONS. NUMBER OF DAYS WITH
  0
 25
  1
  0
  0
  1
 11
HAZE                      7

-  INDICATES NEGATIVE NUMBERS.
R  INDICATES RECORD WAS SET OR TIED.
MM INDICATES DATA IS MISSING.
T  INDICATES TRACE AMOUNT.

$$
