488
CXUS51 KRLX 031355
CLSBKW


CLIMATE REPORT
NATIONAL WEATHER SERVICE CHARLESTON WV
953 AM EDT MON JUN 3 2019

...................................

...THE BECKLEY WV CLIMATE SUMMARY FOR THE SEASON, FROM
3/1/2019 TO 5/31/2019...

CLIMATE NORMAL PERIOD 1981 TO 2010
CLIMATE RECORD PERIOD 1893 TO 2019

WEATHER         OBSERVED          NORMAL  DEPART  LAST YEAR`S
                 VALUE   DATE(S)  VALUE   FROM    VALUE
                                          NORMAL
.............................................................
TEMPERATURE (F)
RECORD
 HIGH              92   05/22/1941
 LOW               -7   03/13/1960
HIGHEST            86   05/01                         MM
LOWEST              8   03/06                         MM
AVG. MAXIMUM     64.7              61.6     3.1       MM
AVG. MINIMUM     44.0              41.1     2.9       MM
MEAN             54.3              51.3     3.0       MM
DAYS MAX >= 90      0               0.1    -0.1       MM
DAYS MAX <= 32      3               2.0     1.0       MM
DAYS MIN <= 32     20              21.9    -1.9       MM
DAYS MIN <= 0       0               0.0     0.0       MM

PRECIPITATION (INCHES)
RECORD
 MAXIMUM        23.01   1935
 MINIMUM         6.73   1925
TOTALS          10.78             11.59   -0.81       MM
DAILY AVG.       0.11              0.13   -0.02       MM
DAYS >= .01        37              44.5    -7.5       MM
DAYS >= .10        22              25.6    -3.6       MM
DAYS >= .50         8               7.2     0.8       MM
DAYS >= 1.00        0               1.9    -1.9       MM
GREATEST
 24 HR. TOTAL    0.98   MM

SNOWFALL (INCHES)
RECORDS
 TOTAL             MM   5
 24 HR TOTAL       MM
TOTALS            8.2              11.5    -3.3       MM
SINCE 7/1        40.3              61.9   -21.6       MM
DAYS >= TRACE      10               7.8     2.2       MM
DAYS >= 1.0         2               3.3    -1.3       MM
GREATEST
 24 HR TOTAL      4.3   MM

DEGREE_DAYS
HEATING TOTAL    1078              1300    -222       MM
 SINCE 7/1         MM              5301      MM       MM
COOLING TOTAL     120                40      80       MM
 SINCE 1/1        120                41      79       MM
..............................................................

WIND (MPH)
AVERAGE WIND SPEED              8.0
HIGHEST WIND SPEED/DIRECTION    37/270    DATE  04/14
HIGHEST GUST SPEED/DIRECTION    51/260    DATE  04/14

SKY COVER
POSSIBLE SUNSHINE (PERCENT)   MM
AVERAGE SKY COVER           0.40
NUMBER OF DAYS FAIR           38
NUMBER OF DAYS PC             36
NUMBER OF DAYS CLOUDY         18

AVERAGE RH (PERCENT)     64

-  INDICATES NEGATIVE NUMBERS.
R  INDICATES RECORD WAS SET OR TIED.
MM INDICATES DATA IS MISSING.
T  INDICATES TRACE AMOUNT.

$$
