394
CXUS51 KRNK 011235
CLSBLF


CLIMATE REPORT
NATIONAL WEATHER SERVICE BLACKSBURG VA
830 AM EDT SAT JUN 1 2019

...................................

...THE BLUEFIELD WV CLIMATE SUMMARY FOR THE SEASON, FROM
3/1/2019 TO 5/31/2019...

CLIMATE NORMAL PERIOD 1981 TO 2010
CLIMATE RECORD PERIOD 1909 TO 2019

WEATHER         OBSERVED          NORMAL  DEPART  LAST YEAR`S
                 VALUE   DATE(S)  VALUE   FROM    VALUE
                                          NORMAL
.............................................................
TEMPERATURE (F)
RECORD
 HIGH              92   05/22/1941
 LOW               -2   03/03/1980
HIGHEST            78   04/30                         82
LOWEST              8   03/06                         17
AVG. MAXIMUM     57.4              63.7    -6.3     59.7
AVG. MINIMUM     38.5              44.9    -6.4     41.5
MEAN             47.9              54.3    -6.4     50.6
DAYS MAX >= 90      0               0.1    -0.1        0
DAYS MAX <= 32      3               1.3     1.7        4
DAYS MIN <= 32     21              14.1     6.9       36
DAYS MIN <= 0       0               0.0     0.0        0

PRECIPITATION (INCHES)
RECORD
 MAXIMUM        15.42   2011
 MINIMUM         5.68   1969
TOTALS           5.39R            11.16   -5.77    13.50
DAILY AVG.       0.09              0.12   -0.03     0.14
DAYS >= .01        22              42.4   -20.4       49
DAYS >= .10         9              25.0   -16.0       29
DAYS >= .50         4               7.2    -3.2        9
DAYS >= 1.00        1               1.9    -0.9        2
GREATEST
 24 HR. TOTAL    1.23                               1.88

SNOWFALL (INCHES)
TOTALS            1.8                               33.8
DAYS >= TRACE       9                                 17
DAYS >= 1.0         1                                  6
GREATEST
 24 HR TOTAL      1.0                               17.0

DEGREE_DAYS
HEATING TOTAL    1037              1072     -35     1391
COOLING TOTAL       5                90     -85       93
..............................................................

WIND (MPH)
AVERAGE WIND SPEED              7.8
HIGHEST WIND SPEED/DIRECTION    32/250    DATE  03/15
HIGHEST GUST SPEED/DIRECTION    45/280    DATE  03/22

SKY COVER
AVERAGE SKY COVER           0.40

AVERAGE RH (PERCENT)     59

WEATHER CONDITIONS. NUMBER OF DAYS WITH:
THUNDERSTORM              5     MIXED PRECIP                 0
HEAVY RAIN                4     RAIN                        11
LIGHT RAIN               24     FREEZING RAIN                0
LIGHT FREEZING RAIN       0     HAIL                         0
HEAVY SNOW                0     SNOW                         1
LIGHT SNOW                9     SLEET                        1
FOG                      26     FOG W/VIS <= 1/4 MILE        7
HAZE                      1

-  INDICATES NEGATIVE NUMBERS.
R  INDICATES RECORD WAS SET OR TIED.
MM INDICATES DATA IS MISSING.
T  INDICATES TRACE AMOUNT.

REMARKS:
DUE TO A MISSING LOW TEMPERATURE ON MAY 10, ALL TEMPERATURE AND
COOLING DEGREE DAY STATISTICS WILL BE CALCULATED WITHOUT DATA FROM
THIS DATE.

$$
RCS
