000
CXUS51 KRNK 020310
CLSBLF


CLIMATE REPORT
NATIONAL WEATHER SERVICE BLACKSBURG VA
948 PM EST SAT DEC 1 2018

...................................

...THE BLUEFIELD WV CLIMATE SUMMARY FOR THE SEASON, FROM
9/1/2018 TO 11/30/2018...

CLIMATE NORMAL PERIOD 1981 TO 2010
CLIMATE RECORD PERIOD 1909 TO 2018

WEATHER         OBSERVED          NORMAL  DEPART  LAST YEAR`S
                 VALUE   DATE(S)  VALUE   FROM    VALUE
                                          NORMAL
.............................................................
TEMPERATURE (F)
RECORD
 HIGH              93   09/06/2007
 LOW                7   11/25/1970
                        11/24/1970
HIGHEST            84   09/04                         81
LOWEST             12   11/29                         20
AVG. MAXIMUM     61.2              65.2    -4.0     63.5
AVG. MINIMUM     46.4              47.7    -1.3     45.3
MEAN             53.8              56.4    -2.6     54.4
DAYS MAX >= 90      0               0.3    -0.3        0
DAYS MAX <= 32      3               0.8     2.2        0
DAYS MIN <= 32     23               9.5    13.5       16
DAYS MIN <= 0       0               0.0     0.0        0

PRECIPITATION (INCHES)
RECORD
 MAXIMUM        16.56   2004
 MINIMUM         2.14   2008
TOTALS          17.65R             8.33    9.32     7.27
DAILY AVG.       0.20              0.09    0.11     0.08
DAYS >= .01        50              29.9    20.1       30
DAYS >= .10        25              16.6     8.4       13
DAYS >= .50        15               5.4     9.6        4
DAYS >= 1.00        4               1.4     2.6        1
GREATEST
 24 HR. TOTAL    1.95                               2.41

SNOWFALL (INCHES)
TOTALS            2.9                                0.3
DAYS >= TRACE      13                                  2
DAYS >= 1.0         1                                  0
GREATEST
 24 HR TOTAL      1.7                                0.3

DEGREE_DAYS
HEATING TOTAL    1165               898     267     1001
COOLING TOTAL     170               119      51       64
..............................................................

WIND (MPH)
AVERAGE WIND SPEED              6.1
HIGHEST WIND SPEED/DIRECTION    33/240    DATE  11/26
HIGHEST GUST SPEED/DIRECTION    46/240    DATE  11/26

SKY COVER
AVERAGE SKY COVER           0.60

AVERAGE RH (PERCENT)     79

WEATHER CONDITIONS. NUMBER OF DAYS WITH
THUNDERSTORM             11     MIXED PRECIP                 0
HEAVY RAIN               17     RAIN                        27
LIGHT RAIN               52     FREEZING RAIN                2
LIGHT FREEZING RAIN       5     HAIL                         0
HEAVY SNOW                0     SNOW                         1
LIGHT SNOW               11     SLEET                        3
FOG                      59     FOG W/VIS <= 1/4 MILE       13
HAZE                      2

-  INDICATES NEGATIVE NUMBERS.
R  INDICATES RECORD WAS SET OR TIED.
MM INDICATES DATA IS MISSING.
T  INDICATES TRACE AMOUNT.

$$

RAB
