619
CXUS53 KDVN 011048
CLSBRL


CLIMATE REPORT
NATIONAL WEATHER SERVICE QUAD CITIES IA IL
545 AM CDT SAT JUN 1 2019

...................................

...THE BURLINGTON IA CLIMATE SUMMARY FOR THE SEASON, FROM
3/1/2019 TO 5/31/2019...

CLIMATE NORMAL PERIOD 1981 TO 2010
CLIMATE RECORD PERIOD 1897 TO 2019

WEATHER         OBSERVED          NORMAL  DEPART
                 VALUE   DATE(S)  VALUE   FROM
                                          NORMAL
................................................
TEMPERATURE (F)
RECORD
 HIGH             103   05/31/1934
 LOW              -13   03/05/1960
HIGHEST            90   05/16        79      11
LOWEST             -2   03/04        26     -28
AVG. MAXIMUM     59.6              63.5    -3.9
AVG. MINIMUM     40.9              42.5    -1.6
MEAN             50.3              53.0    -2.7
DAYS MAX >= 90      1
DAYS MAX <= 32      5
DAYS MIN <= 32     25
DAYS MIN <= 0       2

PRECIPITATION (INCHES)
TOTALS          18.08             11.40    6.68
DAILY AVG.       0.20              0.12    0.08
DAYS >= .01        42
DAYS >= .10        29
DAYS >= .50        15
DAYS >= 1.00        7
GREATEST
 24 HR. TOTAL    2.45   05/28 TO 05/29

DEGREE_DAYS
HEATING TOTAL    1410              1209     201
 SINCE 7/1       6242              5587     655
COOLING TOTAL      74               104     -30
 SINCE 1/1         74               103     -29
.................................................

WIND (MPH)
AVERAGE WIND SPEED              9.5
HIGHEST WIND SPEED/DIRECTION    39/230    DATE  03/14
HIGHEST GUST SPEED/DIRECTION    67/330    DATE  05/28

SKY COVER
POSSIBLE SUNSHINE (PERCENT)   MM
AVERAGE SKY COVER           0.50
NUMBER OF DAYS FAIR           37
NUMBER OF DAYS PC             30
NUMBER OF DAYS CLOUDY         25

AVERAGE RH (PERCENT)     67

WEATHER CONDITIONS. NUMBER OF DAYS WITH
THUNDERSTORM             23     HAIL                       0
SLEET                     0     FOG                       47
FOG W/VIS <= 1/4 MILE     3     HAZE                      21


-  INDICATES NEGATIVE NUMBERS.
R  INDICATES RECORD WAS SET OR TIED.
MM INDICATES DATA IS MISSING.
T  INDICATES TRACE AMOUNT.

$$
