000
CXUS53 KDVN 042215
CLSBRL

CLIMATE REPORT
NATIONAL WEATHER SERVICE QUAD CITIES IA IL
531 AM CST SAT DEC 1 2018

...................................

...THE BURLINGTON IA CLIMATE SUMMARY FOR THE SEASON, FROM
9/1/2018 TO 11/30/2018...

CLIMATE NORMAL PERIOD 1981 TO 2010
CLIMATE RECORD PERIOD 1897 TO 2018

WEATHER         OBSERVED          NORMAL  DEPART
                 VALUE   DATE(S)  VALUE   FROM
                                          NORMAL
................................................
TEMPERATURE (F)
RECORD
 HIGH             103   09/01/1913
                        09/05/1899
 LOW               -2   11/08/1991
                        11/26/1977
                        11/29/1976
HIGHEST            94   09/20        83      11
LOWEST              8   11/28        26     -18
AVG. MAXIMUM     60.7              65.4    -4.7
AVG. MINIMUM     42.7              44.7    -2.0
MEAN             51.7              55.1    -3.4
DAYS MAX >= 90      5
DAYS MAX <= 32      6
DAYS MIN <= 32     27
DAYS MIN <= 0       0

PRECIPITATION (INCHES)
TOTALS          14.56              9.14    5.42
DAILY AVG.       0.16              0.10    0.06
DAYS >= .01        36
DAYS >= .10        23
DAYS >= .50        12
DAYS >= 1.00        5
GREATEST
 24 HR. TOTAL    2.17   10/09 TO 10/10

DEGREE_DAYS
HEATING TOTAL    1407              1070     337
 SINCE 7/1       1407              1073     334
COOLING TOTAL     225               164      61
 SINCE 1/1       1417              1207     210
.................................................

WIND (MPH)
AVERAGE WIND SPEED              7.8
HIGHEST WIND SPEED/DIRECTION    37/020    DATE  11/25
HIGHEST GUST SPEED/DIRECTION    56/360    DATE  09/18

SKY COVER
POSSIBLE SUNSHINE (PERCENT)   MM
AVERAGE SKY COVER           0.40
NUMBER OF DAYS FAIR           40
NUMBER OF DAYS PC             33
NUMBER OF DAYS CLOUDY         18

AVERAGE RH (PERCENT)     72

WEATHER CONDITIONS. NUMBER OF DAYS WITH
THUNDERSTORM             13     HAIL                     0
SLEET                     0     FOG                     46
FOG W/VIS <= 1/4 MILE     5     HAZE                    23

-  INDICATES NEGATIVE NUMBERS.
R  INDICATES RECORD WAS SET OR TIED.
MM INDICATES DATA IS MISSING.
T  INDICATES TRACE AMOUNT.

NOTE: SUPPLEMENTAL CLIMATE DATA WAS USED FROM A NEARBY
CLIMATOLOGICALLY REPRESENTATIVE STATION.

$$
