132
CXUS53 KGRR 031654 RRA
CLSBTL

CLIMATE REPORT
NATIONAL WEATHER SERVICE GRAND RAPIDS, MI
938 AM EST MON DEC 3 2018

...................................

...THE BATTLE CREEK MI CLIMATE SUMMARY FOR THE SEASON, FROM
9/1/2018 TO 11/30/2018...

CLIMATE NORMAL PERIOD 1981 TO 2010
CLIMATE RECORD PERIOD 1998 TO 2018

WEATHER         OBSERVED          NORMAL  DEPART  LAST YEAR`S
                 VALUE   DATE(S)  VALUE   FROM    VALUE  DATE(S)
                                          NORMAL
................................................................
TEMPERATURE (F)
HIGHEST            90   09/17        MM      MM       94  09/23
                        09/04                             09/22
LOWEST             22   11/30        MM      MM       17  11/10
                        11/28
                        11/29
AVG. MAXIMUM     59.0              60.8    -1.8     63.2
AVG. MINIMUM     43.4              39.9     3.5     43.7
MEAN             51.2              50.3     0.9     53.5
DAYS MAX >= 90      2               0.2     1.8        6
DAYS MAX <= 32      6               1.6     4.4        1
DAYS MIN <= 32     23              25.3    -2.3       26
DAYS MIN <= 0       0               0.0     0.0        0

PRECIPITATION (INCHES)
TOTALS             MM              9.62      MM    14.70
DAILY AVG.         MM              0.11      MM     0.24
DAYS >= .01        MM              33.1      MM       26
DAYS >= .10        MM              18.5      MM       17
DAYS >= .50        MM               6.2      MM       11
DAYS >= 1.00       MM               2.5      MM        4
GREATEST
 24 HR. TOTAL      MM

DEGREE_DAYS
HEATING TOTAL    1359              1396     -37     1175
 SINCE 7/1       1361              1438     -77     1195
COOLING TOTAL     183                60     123      148
 SINCE 1/1       1007               578     429      735

FREEZE DATES
EARLIEST                        MM
LATEST                          MM
.................................................................

WIND (MPH)
AVERAGE WIND SPEED              8.3
RESULTANT WIND SPEED/DIRECTION   2/228
HIGHEST WIND SPEED/DIRECTION    29/230    DATE  11/06
HIGHEST GUST SPEED/DIRECTION    38/220    DATE  09/03

SKY COVER
POSSIBLE SUNSHINE (PERCENT)   MM
AVERAGE SKY COVER           0.60
NUMBER OF DAYS FAIR           19
NUMBER OF DAYS PC             32
NUMBER OF DAYS CLOUDY         35

AVERAGE RH (PERCENT)     76


-  INDICATES NEGATIVE NUMBERS.
R  INDICATES RECORD WAS SET OR TIED.
MM INDICATES DATA IS MISSING.
T  INDICATES TRACE AMOUNT.

$$
