412
CXUS53 KGRR 022016
CLSBTL

CLIMATE REPORT
NATIONAL WEATHER SERVICE GRAND RAPIDS, MI
316 PM EST SAT MAR 2 2019

...................................

...THE BATTLE CREEK MI CLIMATE SUMMARY FOR THE SEASON, FROM
12/1/2018 TO 2/28/2019...

CLIMATE NORMAL PERIOD 1981 TO 2010
CLIMATE RECORD PERIOD 1998 TO 2019

WEATHER         OBSERVED          NORMAL  DEPART  LAST YEAR`S
                 VALUE   DATE(S)  VALUE   FROM    VALUE  DATE(S)
                                          NORMAL
................................................................
TEMPERATURE (F)
HIGHEST            53   02/07        MM      MM       62  02/20
                        12/28
                        12/02
LOWEST            -18   01/31        MM      MM      -11  12/31
AVG. MAXIMUM     33.2              34.0    -0.8     33.7
AVG. MINIMUM     19.8              17.6     2.2     18.9
MEAN             26.5              25.8     0.7     26.3
DAYS MAX >= 90      0               0.0     0.0        0
DAYS MAX <= 32     42              37.9     4.1       44
DAYS MIN <= 32     82              82.8    -0.8       77
DAYS MIN <= 0       6               6.6    -0.6       12

PRECIPITATION (INCHES)
TOTALS           4.21              4.99   -0.78     6.90
DAILY AVG.       0.05              0.06   -0.01     0.08
DAYS >= .01        33              36.3    -3.3       30
DAYS >= .10        13              14.7    -1.7       12
DAYS >= .50         1               2.5    -1.5        2
DAYS >= 1.00        0               0.3    -0.3        1
GREATEST
 24 HR. TOTAL    0.99   12/31 TO 12/31

DEGREE_DAYS
HEATING TOTAL    3353              3527    -174     3466
 SINCE 7/1       4714              4965    -251     4661
COOLING TOTAL       0                 0       0        0
 SINCE 1/1          0                 0       0        0

FREEZE DATES
EARLIEST                        MM
LATEST                          MM
.................................................................

WIND (MPH)
AVERAGE WIND SPEED              9.5
RESULTANT WIND SPEED/DIRECTION   3/237
HIGHEST WIND SPEED/DIRECTION    44/260    DATE  02/24
HIGHEST GUST SPEED/DIRECTION    60/280    DATE  02/24

SKY COVER
POSSIBLE SUNSHINE (PERCENT)   MM
AVERAGE SKY COVER           0.70
NUMBER OF DAYS FAIR           14
NUMBER OF DAYS PC             20
NUMBER OF DAYS CLOUDY         54

AVERAGE RH (PERCENT)     77


-  INDICATES NEGATIVE NUMBERS.
R  INDICATES RECORD WAS SET OR TIED.
MM INDICATES DATA IS MISSING.
T  INDICATES TRACE AMOUNT.

&&

NOTE... PRECIPITATION TOTALS WILL TEND TO BE TOO LOW AT THIS
LOCATION DUE THE DIFFICULTY OF MEASURING SNOW WATER CONTENT WITH
A TIPPING BUCKET RAIN GAUGE.

$$
