000
CXUS51 KCLE 041956
CLSCAK


CLIMATE REPORT
NATIONAL WEATHER SERVICE CLEVELAND OH
339 PM EDT TUE JUN 4 2019

...................................

...THE AKRON CANTON OH CLIMATE SUMMARY FOR THE SEASON, FROM
3/1/2019 TO 5/31/2019...

CLIMATE NORMAL PERIOD 1981 TO 2010
CLIMATE RECORD PERIOD 1887 TO 2019

WEATHER         OBSERVED          NORMAL  DEPART
                 VALUE   DATE(S)  VALUE   FROM
                                          NORMAL
................................................
TEMPERATURE (F)
RECORD
 HIGH              94   05/31/1895
 LOW               -6   03/12/1948
HIGHEST            86   05/28
                        05/19
                        05/25
LOWEST              5   03/05
AVG. MAXIMUM     60.5              58.5     2.0
AVG. MINIMUM     40.7              38.6     2.1
MEAN             50.6              48.5     2.1
DAYS MAX >= 90      0               0.1
DAYS MAX <= 32      5               3.8
DAYS MIN <= 32     26              28.1
DAYS MIN <= 0       0               0.0

PRECIPITATION (INCHES)
RECORD
 MAXIMUM        18.18   1964
 MINIMUM         4.26   1915
TOTALS          10.15             10.81   -0.66
DAYS >= .01        49              42.3
DAYS >= .10        25              24.3
DAYS >= .50         6               6.6
DAYS >= 1.00        2               1.9

SNOWFALL (INCHES)
RECORDS
 TOTAL           30.7   1987
TOTALS            4.7              11.0
DAYS >= TRACE      13
DAYS >= 1.0         1               3.4

DEGREE_DAYS
HEATING TOTAL    1385              1557    -172
COOLING TOTAL      84                43      41
.................................................

WIND (MPH)
HIGHEST GUST SPEED/DIRECTION    56/270    DATE  04/14

SKY COVER
POSSIBLE SUNSHINE (PERCENT)   MM
NUMBER OF DAYS FAIR            8
NUMBER OF DAYS PC             43
NUMBER OF DAYS CLOUDY         41


WEATHER CONDITIONS. NUMBER OF DAYS WITH
THUNDERSTORM             12     MIXED PRECIP               0
HEAVY RAIN                7     RAIN                      18
LIGHT RAIN               52     FREEZING RAIN              0
LT FREEZING RAIN          0     HAIL                       0
HEAVY SNOW                1     SNOW                       3
LIGHT SNOW               12     SLEET                      0
FOG                      42     FOG W/VIS <= 1/4 MILE      6
HAZE                     49

-  INDICATES NEGATIVE NUMBERS.
R  INDICATES RECORD WAS SET OR TIED.
MM INDICATES DATA IS MISSING.
T  INDICATES TRACE AMOUNT.

$$
