000
CXUS51 KCLE 082330
CLSCAK


CLIMATE REPORT
NATIONAL WEATHER SERVICE CLEVELAND OH
627 PM EST SAT DEC 8 2018

...................................

...THE AKRON CANTON OH CLIMATE SUMMARY FOR THE SEASON, FROM
9/1/2018 TO 11/30/2018...

CLIMATE NORMAL PERIOD 1981 TO 2010
CLIMATE RECORD PERIOD 1887 TO 2018

WEATHER         OBSERVED          NORMAL  DEPART
                 VALUE   DATE(S)  VALUE   FROM
                                          NORMAL
................................................
TEMPERATURE (F)
RECORD
 HIGH              99   09/03/1953
                        09/02/1953
 LOW                    11/30/1958
HIGHEST            96   09/04
LOWEST             23   11/29
                        11/10
                        11/22
AVG. MAXIMUM     61.0              61.0     0.0
AVG. MINIMUM     46.3              43.2     3.1
MEAN             53.7              52.1     1.6
DAYS MAX >= 90      4               0.3
DAYS MAX <= 32      4               1.7
DAYS MIN <= 32     22              15.9
DAYS MIN <= 0       0               0.0

PRECIPITATION (INCHES)
RECORD
 MAXIMUM        19.79   1926
 MINIMUM         2.52   1953
TOTALS          16.01              9.58    6.43
DAYS >= .01        46              34.9
DAYS >= .10        29              19.9
DAYS >= .50         8               5.9
DAYS >= 1.00        3               1.8

SNOWFALL (INCHES)
RECORDS
 TOTAL           22.3   1950
TOTALS            5.7               3.4
DAYS >= TRACE      15
DAYS >= 1.0         2               1.2

DEGREE_DAYS
HEATING TOTAL    1273              1239      34
COOLING TOTAL     270                69     201
.................................................

WIND (MPH)
HIGHEST GUST SPEED/DIRECTION    43/240    DATE  11/06

SKY COVER
POSSIBLE SUNSHINE (PERCENT)   MM
NUMBER OF DAYS FAIR           12
NUMBER OF DAYS PC             28
NUMBER OF DAYS CLOUDY         51


WEATHER CONDITIONS. NUMBER OF DAYS WITH
THUNDERSTORM              7     MIXED PRECIP               0
HEAVY RAIN                5     RAIN                      13
LIGHT RAIN               44     FREEZING RAIN              0
LT FREEZING RAIN          1     HAIL                       0
HEAVY SNOW                0     SNOW                       4
LIGHT SNOW               15     SLEET                      1
FOG                      54     FOG W/VIS <= 1/4 MILE      8
HAZE                     33

-  INDICATES NEGATIVE NUMBERS.
R  INDICATES RECORD WAS SET OR TIED.
MM INDICATES DATA IS MISSING.
T  INDICATES TRACE AMOUNT.

$$
