000
CXUS51 KCAR 082153 RRA
CLSCAR

CLIMATE REPORT
NATIONAL WEATHER SERVICE CARIBOU, ME
450 PM EST SAT DEC 8 2018
...................................

...THE CARIBOU ME CLIMATE SUMMARY FOR THE SEASON, FROM
9/1/2018 TO 11/30/2018...

CLIMATE NORMAL PERIOD 1981 TO 2010
CLIMATE RECORD PERIOD 1939 TO 2018

WEATHER         OBSERVED          NORMAL  DEPART  LAST YEAR`S
                 VALUE   DATE(S)  VALUE   FROM    VALUE  DATE(S)
                                          NORMAL
................................................................
TEMPERATURE (F)
RECORD
 HIGH              92   09/01/2010
 LOW               -8   11/30/1995
HIGHEST            88   09/17        MM      MM       88  09/26
                                                          09/25
LOWEST              0   11/19        MM      MM        8  11/28
AVG. MAXIMUM     50.4              51.9    -1.5     58.0
AVG. MINIMUM     33.2              34.6    -1.4     37.5
MEAN             41.8              43.3    -1.5     47.8
DAYS MAX >= 90      0               0.1    -0.1        0
DAYS MAX <= 32     12               8.1     3.9        7
DAYS MIN <= 32     43              38.0     5.0       34
DAYS MIN <= 0       1               0.2     0.8        0

PRECIPITATION (INCHES)
RECORD
 MAXIMUM        19.03   2008
 MINIMUM         4.65   1955
TOTALS          10.86             10.48    0.38    13.03
DAILY AVG.       0.12              0.12    0.00     0.14
DAYS >= .01        42              39.2     2.8       34
DAYS >= .10        20              22.4    -2.4       22
DAYS >= .50         8               6.7     1.3        7
DAYS >= 1.00        2               2.0     0.0        2
GREATEST
 24 HR. TOTAL    1.46   MM                       11/30 TO 11/30
                                                          11/30 TO 11/30EATHER         OBSERVED          NORMAL  DEPART  LAST YEAR`S
                                                          11/30 TO 11/30EATHER         OBSERVED          NORMAL  DEPART  LAST YEAR`S

SNOWFALL (INCHES)
RECORDS
 TOTAL           35.3   1974
TOTALS           32.8              12.2    20.6      3.9
SINCE 7/1        32.8              12.2    20.6      3.9
SNOWDEPTH AVG.      2                MM      MM        0
DAYS >= 1.0         8               3.1     4.9        1
GREATEST
 SNOW DEPTH        14   11/21                          1  11/29
                        11/17                             11/27
                        11/18                             11/28
 24 HR TOTAL      9.3   MM                       11/30 TO 11/30
                                                          11/30 TO 11/30EATHER         OBSERVED          NORMAL  DEPART  LAST YEAR`S
                                                          11/30 TO 11/30EATHER         OBSERVED          NORMAL  DEPART  LAST YEAR`S

DEGREE_DAYS
HEATING TOTAL    2126              1991     135     1579
 SINCE 7/1         MM              2145      MM       MM
COOLING TOTAL      34                11      23       35
 SINCE 1/1        410               180     230      222
.................................................................

WIND (MPH)
AVERAGE WIND SPEED              7.2
HIGHEST WIND SPEED/DIRECTION    35/250    DATE  11/03
HIGHEST GUST SPEED/DIRECTION    52/250    DATE  11/03

SKY COVER
POSSIBLE SUNSHINE (PERCENT)    0
AVERAGE SKY COVER           0.60
NUMBER OF DAYS FAIR           30
NUMBER OF DAYS PC             23
NUMBER OF DAYS CLOUDY         38

AVERAGE RH (PERCENT)     71

WEATHER CONDITIONS. NUMBER OF DAYS WITH
  0
 10
  1
  0
  6
  1
 14
HAZE                      9

-  INDICATES NEGATIVE NUMBERS.
R  INDICATES RECORD WAS SET OR TIED.
MM INDICATES DATA IS MISSING.
T  INDICATES TRACE AMOUNT.
-----------------------------------------------------------------------------------------
...NORTHERN AND EASTERN MAINE SEASONAL CLIMATE NARRATIVE...

THE METEOROLOGICAL FALL (SEPTEMBER THROUGH NOVEMBER) OF 2018
ACROSS NORTHERN AND EASTERN MAINE FINISHED WITH BELOW AVERAGE
TEMPERATURES, ABOVE AVERAGE PRECIPITATION, AND WELL ABOVE AVERAGE
SNOWFALL.

THE TOTAL SNOWFALL FOR THE FALL OF 32.8 INCHES AT CARIBOU RANKED
AS THE 3RD SNOWIEST FALL ON RECORD BEHIND ONLY 1949 AND 1974. AT
BANGOR, A TOTAL OF 15.9 INCHES OF SNOW WAS OBSERVED, WHICH MADE IT
THE 10TH SNOWIEST FALL ON RECORD.

THE FALL STARTED MILD WITH ABOVE AVERAGE TEMPERATURES DURING THE
MONTH OF SEPTEMBER. TEMPERATURES AVERAGED FROM 0.5 TO 4 DEGREES
ABOVE AVERAGE, WITH THE GREATEST DEPARTURES ACROSS THE FAR NORTH.
THE FIRST COOL SNAP BROUGHT FROST TO AREAS AROUND BANGOR ON THE
MORNING OF THE 9TH, AND HOULTON HAD 3 CONSECUTIVE NIGHTS WITH A
LOW OF FREEZING OR LOWER FROM THE 8TH TO THE 10TH. THE LOW OF 26
DEGREES AT CARIBOU ON THE 24TH WAS THE FIRST SUB-FREEZING
TEMPERATURE OF THE SEASON. SEPTEMBER WAS A VERY DRY MONTH WITH
ONLY 40 TO 75 PERCENT OF THE NORMAL RAINFALL. BY LATE MONTH,
MODERATE DROUGHT WAS AFFECTING PORTIONS OF COASTAL HANCOCK COUNTY
AND ACROSS THE SOUTHERN QUARTER TO THIRD OF WASHINGTON COUNTY
ACCORDING TO THE U.S. DROUGHT MONITOR, AND FLOWS IN AREA RIVERS
WERE LESS THAN 50 PERCENT OF NORMAL.

OCTOBER WAS COLDER THAN AVERAGE AND ONLY 6 DAYS THE ENTIRE MONTH
HAD ABOVE AVERAGE TEMPERATURES AT CARIBOU AND BANGOR. AT HOULTON,
THE LOW OF 10 DEGREES ON THE 27TH WAS THE LOWEST TEMPERATURE
OBSERVED DURING THE MONTH OF OCTOBER SINCE 1978, AND TIED FOR THE
ALL-TIME LOWEST TEMPERATURE OBSERVED SINCE WEATHER RECORDS BEGAN
IN 1948. THE LOW OF 16 DEGREES AT CARIBOU WAS THE LOWEST
TEMPERATURE OBSERVED IN OCTOBER SINCE 1976, AND THE LOW OF 5
DEGREES AT ESTCOURT STATION WAS THE LOWEST TEMPERATURE OBSERVED
ANYWHERE IN THE CONTIGUOUS U.S. THAT MORNING. THE FIRST SNOW
FLURRIES OF THE SEASON WERE OBSERVED AT CARIBOU ON THE 18TH AND AT
BANGOR ON THE 23RD. SOME LOCATIONS ACROSS NORTHERN PISCATAQUIS
COUNTY EAST INTO SOUTHERN AROOSTOOK COUNTY OBSERVED 6 TO 10 INCHES
OF SNOW ON THE 24TH. ANOTHER EVENT A FEW DAYS LATER PRODUCED 1 TO
3 INCHES OF SNOW AND SLEET FROM CARIBOU NORTH, AND SOME LOCATIONS
RECEIVED OVER AN INCH OF SLEET, WHICH IS UNUSUAL IN OCTOBER.

NOVEMBER WILL BE REMEMBERED FOR AN UNUSUALLY EARLY ONSET OF
WINTER CONDITIONS BEGINNING AROUND THE 10TH OF THE MONTH.
TEMPERATURES AVERAGED FROM 3.5 TO 5.5 DEGREES BELOW AVERAGE. IT
WAS THE 2ND COLDEST NOVEMBER (PERIOD OF RECORD) AT BANGOR, THE 4TH
COLDEST AT HOULTON, 5TH COLDEST AT MILLINOCKET, AND 9TH COLDEST
AT CARIBOU. HOULTON HAD THE EARLIEST SUB-ZERO TEMPERATURES ON
RECORD ON THE 18TH AND 19TH, AND THE EARLIEST ZERO LOW FOR CARIBOU
ON THE 19TH. PRECIPITATION WAS WELL ABOVE AVERAGE, AND SNOWFALL
RANGED FROM 250 TO 500 PERCENT OF AVERAGE. IT WAS THE 3RD SNOWIEST
NOVEMBER ON RECORD AT CARIBOU, AND THE 5TH SNOWIEST AT BANGOR. BY
THE END OF THE MONTH, THE SNOW DEPTH WAS NEAR A FOOT ACROSS FAR
NORTHERN MAINE WITH AN INCH ON THE GROUND AT BANGOR.

$$

CB/VJN
