241
CXUS53 KPAH 031516
CLSCGI

STLCLMCAS 000
TTAA00 KPAH 031503


CLIMATE REPORT
NATIONAL WEATHER SERVICE PADUCAH KY
1001 AM CDT MON JUN 3 2019

...................................

...THE CAPE GIRARDEAU MO CLIMATE SUMMARY FOR THE SPRING SEASON, FROM
3/1/2019 TO 5/31/2019...

CLIMATE NORMAL PERIOD 1981 TO 2010
CLIMATE RECORD PERIOD 1960 TO 2019

WEATHER         OBSERVED          NORMAL  DEPART
                 VALUE   DATE(S)  VALUE   FROM
                                          NORMAL
................................................
TEMPERATURE (F)
RECORD
 HIGH              97   05/24/1996
 LOW               -8   03/06/2015
HIGHEST            91   05/27        MM      MM
LOWEST             12   03/04        MM      MM
AVG. MAXIMUM     67.4              68.2    -0.8
AVG. MINIMUM     47.4              45.7     1.7
MEAN             57.4              57.0     0.4
DAYS MAX >= 90      4               1.1     2.9
DAYS MAX <= 32      1               0.4     0.6
DAYS MIN <= 32     13              14.6    -1.6
DAYS MIN <= 0       0               0.0     0.0

PRECIPITATION (INCHES)
RECORD
 MAXIMUM        34.79   1973
 MINIMUM         5.24   2012
TOTALS          19.13             14.22    4.91
DAILY AVG.       0.21              0.15    0.06
DAYS >= .01        39              33.9     5.1
DAYS >= .10        26              22.3     3.7
DAYS >= .50        11               9.1     1.9
DAYS >= 1.00        8               3.7     4.3
GREATEST
 24 HR. TOTAL    2.22   MM
 STORM TOTAL       MM
 (MM/DD(HH))            MM

SNOWFALL (INCHES)
RECORDS
 TOTAL              T   2011
 24 HR TOTAL        T   MM
TOTALS             MM               1.2      MM
 LIQUID EQUIV      MM              0.10      MM
SINCE 7/1         0.0              11.4   -11.4
 LIQUID 7/1      0.00
DAYS >= TRACE      MM               1.2      MM
DAYS >= 1.0        MM               0.3      MM
GREATEST
 SNOW DEPTH        MM
 24 HR TOTAL       MM
 STORM TOTAL       MM
 (MM/DD(HH))            MM

DEGREE_DAYS
HEATING TOTAL     896               889       7
 SINCE 7/1       4208              4386    -178
COOLING TOTAL     219               152      67
 SINCE 1/1        219               152      67

FREEZE DATES
RECORD
 EARLIEST     MM
 LATEST       MM
EARLIEST                        MM
LATEST                          MM
.................................................

WIND (MPH)
AVERAGE WIND SPEED              8.8
HIGHEST WIND SPEED/DIRECTION    41/210    DATE  03/14
HIGHEST GUST SPEED/DIRECTION    60/230    DATE  05/29

SKY COVER
POSSIBLE SUNSHINE (PERCENT)   MM
AVERAGE SKY COVER           0.40
NUMBER OF DAYS FAIR           47
NUMBER OF DAYS PC             25
NUMBER OF DAYS CLOUDY         20

AVERAGE RH (PERCENT)     68

WEATHER CONDITIONS. NUMBER OF DAYS WITH
THUNDERSTORM             16     MIXED PRECIP               0
HEAVY RAIN               17     RAIN                      27
LIGHT RAIN               36     FREEZING RAIN              0
LT FREEZING RAIN          0     HAIL                       0
HEAVY SNOW                0     SNOW                       1
LIGHT SNOW                1     SLEET                      0
FOG                      47     FOG W/VIS <= 1/4 MILE      5
HAZE                     14

-  INDICATES NEGATIVE NUMBERS.
R  INDICATES RECORD WAS SET OR TIED.
MM INDICATES DATA IS MISSING.
T  INDICATES TRACE AMOUNT.

$$
