000
CXUS53 KPAH 012136
CLSCGI

STLCLMCAS 000
TTAA00 KPAH 012125


CLIMATE REPORT
NATIONAL WEATHER SERVICE PADUCAH KY
322 PM CST SAT DEC 1 2018

...................................

...THE CAPE GIRARDEAU MO CLIMATE SUMMARY FOR THE FALL SEASON, FROM
9/1/2018 TO 11/30/2018...

CLIMATE NORMAL PERIOD 1981 TO 2010
CLIMATE RECORD PERIOD 1960 TO 2018

WEATHER         OBSERVED          NORMAL  DEPART
                 VALUE   DATE(S)  VALUE   FROM
                                          NORMAL
................................................
TEMPERATURE (F)
RECORD
 HIGH             100   09/06/1960
 LOW                8   11/18/2014
                        11/29/1976
                        11/29/1976
HIGHEST            94   09/20        MM      MM
                        09/18
LOWEST             18   11/28        MM      MM
AVG. MAXIMUM     67.9              69.7    -1.8
AVG. MINIMUM     48.2              45.9     2.3
MEAN             58.1              57.8     0.3
DAYS MAX >= 90     15               3.7    11.3
DAYS MAX <= 32      1               0.1     0.9
DAYS MIN <= 32     18              14.5     3.5
DAYS MIN <= 0       0               0.0     0.0

PRECIPITATION (INCHES)
RECORD
 MAXIMUM        22.13   1984
 MINIMUM         3.54   1999
TOTALS          12.77             11.51    1.26
DAILY AVG.       0.14              0.13    0.01
DAYS >= .01        31              26.2     4.8
DAYS >= .10        20              17.5     2.5
DAYS >= .50         8               7.9     0.1
DAYS >= 1.00        4               3.6     0.4
GREATEST
 24 HR. TOTAL    1.88   MM
 STORM TOTAL       MM
 (MM/DD(HH))            MM

SNOWFALL (INCHES)
RECORDS
 TOTAL              T   2011
                        2010
                        2008
 24 HR TOTAL        T   11/25/2010 TO 11/25/2010
TOTALS             MM               0.3      MM
 LIQUID EQUIV      MM              0.00      MM
SINCE 7/1         0.0               0.3    -0.3
 LIQUID 7/1      0.00
DAYS >= TRACE      MM               0.4      MM
DAYS >= 1.0        MM               0.2      MM
GREATEST
 SNOW DEPTH        MM
 24 HR TOTAL       MM
 STORM TOTAL       MM
 (MM/DD(HH))            MM

DEGREE_DAYS
HEATING TOTAL    1002               850     152
 SINCE 7/1       1002               851     151
COOLING TOTAL     394               193     201
 SINCE 1/1       1988              1453     535

FREEZE DATES
RECORD
 EARLIEST     MM
 LATEST       MM
EARLIEST                        MM
LATEST                          MM
.................................................

WIND (MPH)
AVERAGE WIND SPEED              6.5
HIGHEST WIND SPEED/DIRECTION    38/240    DATE  11/25
HIGHEST GUST SPEED/DIRECTION    49/230    DATE  11/25

SKY COVER
POSSIBLE SUNSHINE (PERCENT)   MM
AVERAGE SKY COVER           0.40
NUMBER OF DAYS FAIR           49
NUMBER OF DAYS PC             25
NUMBER OF DAYS CLOUDY         17

AVERAGE RH (PERCENT)     73

WEATHER CONDITIONS. NUMBER OF DAYS WITH
THUNDERSTORM              5     MIXED PRECIP               0
HEAVY RAIN                9     RAIN                      14
LIGHT RAIN               33     FREEZING RAIN              0
LT FREEZING RAIN          0     HAIL                       0
HEAVY SNOW                0     SNOW                       0
LIGHT SNOW                5     SLEET                      0
FOG                      57     FOG W/VIS <= 1/4 MILE      9
HAZE                     11

-  INDICATES NEGATIVE NUMBERS.
R  INDICATES RECORD WAS SET OR TIED.
MM INDICATES DATA IS MISSING.
T  INDICATES TRACE AMOUNT.

$$
