175
CXUS53 KDVN 011149
CLSCID


CLIMATE REPORT
NATIONAL WEATHER SERVICE QUAD CITIES IA IL
531 AM CST SAT DEC 1 2018

...................................

...THE CEDAR RAPIDS IA CLIMATE SUMMARY FOR THE SEASON, FROM
9/1/2018 TO 11/30/2018...

CLIMATE NORMAL PERIOD 1981 TO 2010
CLIMATE RECORD PERIOD 1891 TO 2018

WEATHER         OBSERVED          NORMAL  DEPART
                 VALUE   DATE(S)  VALUE   FROM
                                          NORMAL
................................................
TEMPERATURE (F)
RECORD
 HIGH             105   09/04/1925
 LOW              -12   11/29/1891
HIGHEST            92   09/20        79      13
LOWEST              9   11/18        20     -11
AVG. MAXIMUM     57.8              60.9    -3.1
AVG. MINIMUM     39.5              39.5     0.0
MEAN             48.6              50.2    -1.6
DAYS MAX >= 90      2
DAYS MAX <= 32     11
DAYS MIN <= 32     34
DAYS MIN <= 0       0

PRECIPITATION (INCHES)
TOTALS          12.26              7.89    4.37
DAILY AVG.       0.13              0.09    0.04
DAYS >= .01        32
DAYS >= .10        23
DAYS >= .50         9
DAYS >= 1.00        4
GREATEST
 24 HR. TOTAL    1.40   10/07 TO 10/08

DEGREE_DAYS
HEATING TOTAL    1608              1427     181
 SINCE 7/1       1610              1446     164
COOLING TOTAL     144                80      64
 SINCE 1/1       1033               748     285
.................................................

WIND (MPH)
AVERAGE WIND SPEED              9.4
HIGHEST WIND SPEED/DIRECTION    40/320    DATE  10/20
HIGHEST GUST SPEED/DIRECTION    54/260    DATE  09/25

SKY COVER
POSSIBLE SUNSHINE (PERCENT)   MM
AVERAGE SKY COVER           0.40
NUMBER OF DAYS FAIR           38
NUMBER OF DAYS PC             28
NUMBER OF DAYS CLOUDY         25

AVERAGE RH (PERCENT)     76

WEATHER CONDITIONS. NUMBER OF DAYS WITH
THUNDERSTORM             14     HAIL                     0
SLEET                     0     FOG                     52
FOG W/VIS <= 1/4 MILE     4     HAZE                    15

-  INDICATES NEGATIVE NUMBERS.
R  INDICATES RECORD WAS SET OR TIED.
MM INDICATES DATA IS MISSING.
T  INDICATES TRACE AMOUNT.

$$
