000
CXUS53 KDVN 011048
CLSCID


CLIMATE REPORT
NATIONAL WEATHER SERVICE QUAD CITIES IA IL
545 AM CDT SAT JUN 1 2019

...................................

...THE CEDAR RAPIDS IA CLIMATE SUMMARY FOR THE SEASON, FROM
3/1/2019 TO 5/31/2019...

CLIMATE NORMAL PERIOD 1981 TO 2010
CLIMATE RECORD PERIOD 1891 TO 2019

WEATHER         OBSERVED          NORMAL  DEPART
                 VALUE   DATE(S)  VALUE   FROM
                                          NORMAL
................................................
TEMPERATURE (F)
RECORD
 HIGH             104   05/31/1934
 LOW              -20   03/01/1962
HIGHEST            90   05/16        76      14
LOWEST             -9   03/04        21     -30
AVG. MAXIMUM     56.3              59.5    -3.2
AVG. MINIMUM     35.9              37.8    -1.9
MEAN             46.1              48.6    -2.5
DAYS MAX >= 90      1
DAYS MAX <= 32      7
DAYS MIN <= 32     32
DAYS MIN <= 0       2

PRECIPITATION (INCHES)
TOTALS          13.52              9.30    4.22
DAILY AVG.       0.15              0.10    0.05
DAYS >= .01        37
DAYS >= .10        22
DAYS >= .50        10
DAYS >= 1.00        3
GREATEST
 24 HR. TOTAL    2.05   05/18 TO 05/19

DEGREE_DAYS
HEATING TOTAL    1746              1554     192
 SINCE 7/1       7283              6837     446
COOLING TOTAL      28                50     -22
 SINCE 1/1         28                49     -21
.................................................

WIND (MPH)
AVERAGE WIND SPEED              11.4
HIGHEST WIND SPEED/DIRECTION    40/090    DATE  04/11
HIGHEST GUST SPEED/DIRECTION    55/080    DATE  04/11

SKY COVER
POSSIBLE SUNSHINE (PERCENT)   MM
AVERAGE SKY COVER           0.50
NUMBER OF DAYS FAIR           31
NUMBER OF DAYS PC             38
NUMBER OF DAYS CLOUDY         23

AVERAGE RH (PERCENT)     76

WEATHER CONDITIONS. NUMBER OF DAYS WITH
THUNDERSTORM             16     HAIL                       0
SLEET                     1     FOG                       51
FOG W/VIS <= 1/4 MILE     5     HAZE                      11


-  INDICATES NEGATIVE NUMBERS.
R  INDICATES RECORD WAS SET OR TIED.
MM INDICATES DATA IS MISSING.
T  INDICATES TRACE AMOUNT.

$$
