000
CXUS51 KCLE 082338
CLSCLE


CLIMATE REPORT
NATIONAL WEATHER SERVICE CLEVELAND OH
634 PM EST SAT DEC 8 2018

...................................

...THE CLEVELAND OH CLIMATE SUMMARY FOR THE SEASON, FROM
9/1/2018 TO 11/30/2018...

CLIMATE NORMAL PERIOD 1981 TO 2010
CLIMATE RECORD PERIOD 1871 TO 2018

WEATHER         OBSERVED          NORMAL  DEPART
                 VALUE   DATE(S)  VALUE   FROM
                                          NORMAL
................................................
TEMPERATURE (F)
RECORD
 HIGH             101   09/03/1953
                        09/02/1953
                        09/01/1953
 LOW                0   11/22/1880
HIGHEST            95   09/05
LOWEST             23   11/10
AVG. MAXIMUM     61.5              62.4    -0.9
AVG. MINIMUM     47.9              46.1     1.8
MEAN             54.7              54.2     0.5
DAYS MAX >= 90      5               0.6
DAYS MAX <= 32      4               0.9
DAYS MIN <= 32     15              10.3
DAYS MIN <= 0       0               0.0

PRECIPITATION (INCHES)
RECORD
 MAXIMUM        20.73   1996
 MINIMUM         2.37   1908
TOTALS          13.59             10.50    3.09
DAYS >= .01        41              34.9
DAYS >= .10        26              21.8
DAYS >= .50         9               6.9
DAYS >= 1.00        4               2.1

SNOWFALL (INCHES)
RECORDS
 TOTAL           23.4   1996
TOTALS            4.4               4.5
DAYS >= TRACE      12
DAYS >= 1.0         1               1.6

DEGREE_DAYS
HEATING TOTAL    1196              1083     113
COOLING TOTAL     279               101     178
.................................................

WIND (MPH)
HIGHEST GUST SPEED/DIRECTION    58/290    DATE  10/20

SKY COVER
POSSIBLE SUNSHINE (PERCENT)   MM
AVERAGE SKY COVER           0.80
NUMBER OF DAYS FAIR            6
NUMBER OF DAYS PC             26
NUMBER OF DAYS CLOUDY         59


WEATHER CONDITIONS. NUMBER OF DAYS WITH
THUNDERSTORM             11     MIXED PRECIP               0
HEAVY RAIN                3     RAIN                       9
LIGHT RAIN               45     FREEZING RAIN              0
LT FREEZING RAIN          2     HAIL                       0
HEAVY SNOW                0     SNOW                       4
LIGHT SNOW               12     SLEET                      1
FOG                      39     FOG W/VIS <= 1/4 MILE      3
HAZE                      7

-  INDICATES NEGATIVE NUMBERS.
R  INDICATES RECORD WAS SET OR TIED.
MM INDICATES DATA IS MISSING.
T  INDICATES TRACE AMOUNT.

$$
