000
CXUS51 KCLE 041956
CLSCLE


CLIMATE REPORT
NATIONAL WEATHER SERVICE CLEVELAND OH
339 PM EDT TUE JUN 4 2019

...................................

...THE CLEVELAND OH CLIMATE SUMMARY FOR THE SEASON, FROM
3/1/2019 TO 5/31/2019...

CLIMATE NORMAL PERIOD 1981 TO 2010
CLIMATE RECORD PERIOD 1871 TO 2019

WEATHER         OBSERVED          NORMAL  DEPART
                 VALUE   DATE(S)  VALUE   FROM
                                          NORMAL
................................................
TEMPERATURE (F)
RECORD
 HIGH              93   05/28/2018
 LOW               -5   03/09/1984
                        03/12/1948
HIGHEST            92   05/25
LOWEST              8   03/05
AVG. MAXIMUM     58.9              58.4     0.5
AVG. MINIMUM     40.9              40.2     0.7
MEAN             49.9              49.3     0.6
DAYS MAX >= 90      1               0.2
DAYS MAX <= 32      5               3.8
DAYS MIN <= 32     25              24.7
DAYS MIN <= 0       0               0.0

PRECIPITATION (INCHES)
RECORD
 MAXIMUM        18.21   2011
 MINIMUM         4.45   1895
TOTALS          11.24             10.08    1.16
DAYS >= .01        51              41.8
DAYS >= .10        27              24.2
DAYS >= .50         6               6.2
DAYS >= 1.00        3               1.5

SNOWFALL (INCHES)
RECORDS
 TOTAL           30.8   2005
TOTALS            6.6              15.9
DAYS >= TRACE      12
DAYS >= 1.0         2               4.6

DEGREE_DAYS
HEATING TOTAL    1434              1503     -69
COOLING TOTAL      68                60       8
.................................................

WIND (MPH)
HIGHEST GUST SPEED/DIRECTION    50/240    DATE  05/23

SKY COVER
POSSIBLE SUNSHINE (PERCENT)   MM
AVERAGE SKY COVER           0.70
NUMBER OF DAYS FAIR            6
NUMBER OF DAYS PC             32
NUMBER OF DAYS CLOUDY         54


WEATHER CONDITIONS. NUMBER OF DAYS WITH
THUNDERSTORM              9     MIXED PRECIP
HEAVY RAIN                      RAIN
LIGHT RAIN                      FREEZING RAIN
LT FREEZING RAIN                HAIL
HEAVY SNOW                      SNOW
LIGHT SNOW                      SLEET
FOG                      45     FOG W/VIS ,= 1/4 MILE     2
HAZE                     13

-  INDICATES NEGATIVE NUMBERS.
R  INDICATES RECORD WAS SET OR TIED.
MM INDICATES DATA IS MISSING.
T  INDICATES TRACE AMOUNT.

$$
