000
CXUS53 KILX 020053
CLSCMI

CLIMATE REPORT
NATIONAL WEATHER SERVICE LINCOLN IL
752 PM CDT SAT JUN 1 2019

...................................

...THE CHAMPAIGN IL AIRPORT CLIMATE SUMMARY FOR THE SEASON, FROM
3/1/2019 TO 5/31/2019...

CLIMATE NORMAL PERIOD 1981 TO 2010
CLIMATE RECORD PERIOD 9999 TO 9999

WEATHER         OBSERVED          NORMAL  DEPART  LAST YEAR`S
                 VALUE   DATE(S)  VALUE   FROM    VALUE
                                          NORMAL
.............................................................
TEMPERATURE (F)
RECORD
 HIGH              MM   MM
 LOW               MM   MM
HIGHEST            88   05/24        MM      MM       97
                        05/18
LOWEST             -3   03/04        MM      MM       12
AVG. MAXIMUM     61.2              63.2    -2.0     62.9
AVG. MINIMUM     40.9              40.5     0.4     40.8
MEAN             51.0              51.8    -0.8     51.8
DAYS MAX >= 90      0               1.6    -1.6        5
DAYS MAX <= 32      5               1.6     3.4        0
DAYS MIN <= 32     26              25.4     0.6       39
DAYS MIN <= 0       1               0.0     1.0        0

PRECIPITATION (INCHES)
RECORD
 MAXIMUM           MM   MM
 MINIMUM           MM   MM
TOTALS          13.74             11.09    2.65     8.54
DAILY AVG.       0.15                               0.09
DAYS >= .01        43                MM      MM       31
DAYS >= .10        28                MM      MM       21
DAYS >= .50        10                MM      MM        6
DAYS >= 1.00        2                MM      MM        2
GREATEST
 24 HR. TOTAL    1.32   05/09                       1.17

DEGREE_DAYS
HEATING TOTAL    1374              1304      70     1422
 SINCE 7/1       5899              5806      93     5667
COOLING TOTAL     110                92      18      231
 SINCE 1/1        110                92      18      231

FREEZE DATES
RECORD
 EARLIEST     MM
 LATEST       MM
EARLIEST                        MM
LATEST                          MM
..............................................................

WIND (MPH)
AVERAGE WIND SPEED              12.1
HIGHEST WIND SPEED/DIRECTION    47/280    DATE  05/26
HIGHEST GUST SPEED/DIRECTION    68/260    DATE  05/23

SKY COVER
POSSIBLE SUNSHINE (PERCENT)   MM
AVERAGE SKY COVER           0.50
NUMBER OF DAYS FAIR           40
NUMBER OF DAYS PC             30
NUMBER OF DAYS CLOUDY         22

AVERAGE RH (PERCENT)     74

WEATHER CONDITIONS. NUMBER OF DAYS WITH
THUNDERSTORM             19     MIXED PRECIP               0
HEAVY RAIN               15     RAIN                      25
LIGHT RAIN               45     FREEZING RAIN              0
LT FREEZING RAIN          0     HAIL                       0
HEAVY SNOW                0     SNOW                       2
LIGHT SNOW                7     SLEET                      0
FOG                      59     FOG W/VIS <= 1/4 MILE      4
HAZE                      5

-  INDICATES NEGATIVE NUMBERS.
R  INDICATES RECORD WAS SET OR TIED.
MM INDICATES DATA IS MISSING.
T  INDICATES TRACE AMOUNT.

$$
GEELHART
