000
CXUS53 KILX 031640
CLSCMI

CLIMATE REPORT
NATIONAL WEATHER SERVICE LINCOLN IL
951 AM CST MON DEC 3 2018

...................................

...THE CHAMPAIGN IL AIRPORT CLIMATE SUMMARY FOR THE FALL SEASON, FROM
9/1/2018 TO 11/30/2018...

CLIMATE NORMAL PERIOD 1981 TO 2010
CLIMATE RECORD PERIOD 9999 TO 9999

WEATHER         OBSERVED          NORMAL  DEPART  LAST YEAR`S
                 VALUE   DATE(S)  VALUE   FROM    VALUE
                                          NORMAL
.............................................................
TEMPERATURE (F)
RECORD
 HIGH              MM   MM
 LOW               MM   MM
HIGHEST            97   09/05        MM      MM       95
LOWEST             12   11/28        MM      MM       19
AVG. MAXIMUM     64.1              64.8    -0.7     68.2
AVG. MINIMUM     43.4              42.4     1.0     45.7
MEAN             53.7              53.6     0.1     56.9
DAYS MAX >= 90     12               1.6    10.4        9
DAYS MAX <= 32      6               1.2     4.8        0
DAYS MIN <= 32     29              20.4     8.6       21
DAYS MIN <= 0       0               0.0     0.0        0

PRECIPITATION (INCHES)
RECORD
 MAXIMUM           MM   MM
 MINIMUM           MM   MM
TOTALS           9.54              9.92   -0.38     9.55
DAILY AVG.       0.10                               0.10
DAYS >= .01        31                MM      MM       25
DAYS >= .10        15                MM      MM       12
DAYS >= .50         5                MM      MM        9
DAYS >= 1.00        2                MM      MM        2
GREATEST
 24 HR. TOTAL    3.11   MM                          2.13

DEGREE_DAYS
HEATING TOTAL    1314              1155     159      947
 SINCE 7/1       1316              1164     152      951
COOLING TOTAL     310               117     193      238
 SINCE 1/1       1408               945     463     1126

FREEZE DATES
RECORD
 EARLIEST     MM
 LATEST       MM
EARLIEST                        MM
LATEST                          MM
..............................................................

WIND (MPH)
AVERAGE WIND SPEED              10.1
HIGHEST WIND SPEED/DIRECTION    43/290    DATE  10/20
HIGHEST GUST SPEED/DIRECTION    58/300    DATE  10/20

SKY COVER
POSSIBLE SUNSHINE (PERCENT)   MM
AVERAGE SKY COVER           0.40
NUMBER OF DAYS FAIR           47
NUMBER OF DAYS PC             23
NUMBER OF DAYS CLOUDY         21

AVERAGE RH (PERCENT)     76


-  INDICATES NEGATIVE NUMBERS.
R  INDICATES RECORD WAS SET OR TIED.
MM INDICATES DATA IS MISSING.
T  INDICATES TRACE AMOUNT.

$$
