669
CXUS53 KILX 020159 RRA
CLSCMI

CLIMATE REPORT
NATIONAL WEATHER SERVICE LINCOLN IL
759 PM CST SUN DEC 1 2019

...CORRECTED TABLE AND ADDED RECORDS...

...................................

...THE CHAMPAIGN IL AIRPORT CLIMATE SUMMARY FOR THE SEASON, FROM
9/1/2019 TO 11/30/2019...

CLIMATE NORMAL PERIOD 1981 TO 2010
CLIMATE RECORD PERIOD 9999 TO 9999

WEATHER         OBSERVED          NORMAL  DEPART  LAST YEAR`S
                 VALUE   DATE(S)  VALUE   FROM    VALUE
                                          NORMAL
.............................................................
TEMPERATURE (F)
RECORD
 HIGH              MM   MM
 LOW               MM   MM
HIGHEST            92   10/01        MM      MM       97
LOWEST                  11/12        MM      MM       12
AVG. MAXIMUM     64.5              64.8    -0.3     64.1
AVG. MINIMUM     42.7              42.4     0.3     43.4
MEAN             53.6              53.6     0.0     53.7
DAYS MAX >= 90      5               1.6     3.4       12
DAYS MAX <= 32      2               1.2     0.8        6
DAYS MIN <= 32     26              20.4     5.6       29
DAYS MIN <= 0       1               0.0     1.0        0

PRECIPITATION (INCHES)
RECORD
 MAXIMUM           MM   MM
 MINIMUM           MM   MM
TOTALS           6.84              9.92   -3.08     9.54
DAILY AVG.       0.08                               0.10
DAYS >= .01        25                MM      MM       31
DAYS >= .10        16                MM      MM       15
DAYS >= .50         6                MM      MM        5
DAYS >= 1.00        1                MM      MM        2
GREATEST
 24 HR. TOTAL    1.09   MM                          3.11

DEGREE_DAYS
HEATING TOTAL    1242              1155      87     1314
 SINCE 7/1       1242              1164      78     1316
COOLING TOTAL     229               117     112      310
 SINCE 1/1       1168               945     223     1408

FREEZE DATES
RECORD
 EARLIEST     MM
 LATEST       MM
EARLIEST                        MM
LATEST                          MM
..............................................................

WIND (MPH)
AVERAGE WIND SPEED              9.0
HIGHEST WIND SPEED/DIRECTION    41/270    DATE  11/27
HIGHEST GUST SPEED/DIRECTION    55/250    DATE  11/27

SKY COVER
POSSIBLE SUNSHINE (PERCENT)   MM
AVERAGE SKY COVER           0.40
NUMBER OF DAYS FAIR           51
NUMBER OF DAYS PC             25
NUMBER OF DAYS CLOUDY         15

AVERAGE RH (PERCENT)     75

WEATHER CONDITIONS. NUMBER OF DAYS WITH
THUNDERSTORM              7     MIXED PRECIP               0
HEAVY RAIN               13     RAIN                      16
LIGHT RAIN               32     FREEZING RAIN              0
LT FREEZING RAIN          1     HAIL                       0
HEAVY SNOW                2     SNOW                       2
LIGHT SNOW                3     SLEET                      0
FOG                      49     FOG W/VIS <= 1/4 MILE     10
HAZE                     12

-  INDICATES NEGATIVE NUMBERS.
R  INDICATES RECORD WAS SET OR TIED.
MM INDICATES DATA IS MISSING.
T  INDICATES TRACE AMOUNT.

$$
