000
CXUS53 KILX 012205 CCA
CLSCMI

CLIMATE REPORT
NATIONAL WEATHER SERVICE LINCOLN IL
1037 AM CST FRI MAR 1 2019

...................................

...THE CHAMPAIGN IL AIRPORT CLIMATE SUMMARY FOR THE WINTER SEASON,
FROM 12/1/2018 TO 2/28/2019...

CLIMATE NORMAL PERIOD 1981 TO 2010
CLIMATE RECORD PERIOD 9999 TO 9999

WEATHER         OBSERVED          NORMAL  DEPART  LAST YEAR`S
                 VALUE   DATE(S)  VALUE   FROM    VALUE
                                          NORMAL
.............................................................
TEMPERATURE (F)
RECORD
 HIGH              MM   MM
 LOW               MM   MM
HIGHEST            60   12/01        MM      MM       66
LOWEST            -16   01/30        MM      MM      -15
AVG. MAXIMUM     36.9              35.9     1.0     37.0
AVG. MINIMUM     21.4              19.9     1.5     18.1
MEAN             29.2              27.9     1.3     27.5
DAYS MAX >= 90      0               0.0     0.0        0
DAYS MAX <= 32     30              31.9    -1.9       34
DAYS MIN <= 32     78              77.7     0.3       74
DAYS MIN <= 0       5               6.1    -1.1       15

PRECIPITATION (INCHES)
RECORD
 MAXIMUM           MM   MM
 MINIMUM           MM   MM
TOTALS           7.23              6.59    0.64     6.97
DAILY AVG.       0.08                               0.08
DAYS >= .01        29                MM      MM       24
DAYS >= .10        15                MM      MM        9
DAYS >= .50         5                MM      MM        2
DAYS >= 1.00        1                MM      MM        2
GREATEST
 24 HR. TOTAL    1.92   12/31 TO 12/31              2.97

DEGREE_DAYS
HEATING TOTAL    3209              3338    -129     3294
 SINCE 7/1       4525              4502      23     4245
COOLING TOTAL       0                 0       0        0
 SINCE 1/1          0                 0       0        0

FREEZE DATES
RECORD
 EARLIEST     MM
 LATEST       MM
EARLIEST                        MM
LATEST                          MM
..............................................................

WIND (MPH)
AVERAGE WIND SPEED              12.4
HIGHEST WIND SPEED/DIRECTION    45/230    DATE  02/24
HIGHEST GUST SPEED/DIRECTION    62/130    DATE  12/27

SKY COVER
POSSIBLE SUNSHINE (PERCENT)   MM
AVERAGE SKY COVER           0.50
NUMBER OF DAYS FAIR           32
NUMBER OF DAYS PC             24
NUMBER OF DAYS CLOUDY         34

AVERAGE RH (PERCENT)     83

WEATHER CONDITIONS. NUMBER OF DAYS WITH
THUNDERSTORM              3     MIXED PRECIP               1
HEAVY RAIN                6     RAIN                      14
LIGHT RAIN               24     FREEZING RAIN              1
LT FREEZING RAIN          5     HAIL                       0
HEAVY SNOW                1     SNOW                       4
LIGHT SNOW               24     SLEET                      0
FOG                      66     FOG W/VIS <= 1/4 MILE     20
HAZE                     10

-  INDICATES NEGATIVE NUMBERS.
R  INDICATES RECORD WAS SET OR TIED.
MM INDICATES DATA IS MISSING.
T  INDICATES TRACE AMOUNT.

$$
