000
CXUS55 KPUB 031736 AAA
CLSCOS

CLIMATE REPORT...CORRECTION
NATIONAL WEATHER SERVICE PUEBLO
823 AM MDT SUN JUN 2 2019

...................................

...THE COLORADO SPRINGS CO CLIMATE SUMMARY FOR THE SEASON, FROM
3/1/2019 TO 5/31/2019...

CLIMATE NORMAL PERIOD 1981 TO 2010
CLIMATE RECORD PERIOD 1872 TO 2019

WEATHER         OBSERVED          NORMAL  DEPART  LAST YEAR`S
                 VALUE   DATE(S)  VALUE   FROM    VALUE  DATE(S)
                                          NORMAL
................................................................
TEMPERATURE (F)
RECORD
 HIGH              94   05/30/2000
 LOW              -16   03/02/1943

HIGHEST            82   05/15                         91  05/26
LOWEST              1   03/04                         14  03/07

AVG. MAXIMUM     58.9              60.3    -1.4     65.5
AVG. MINIMUM     33.1              34.0    -0.9     35.6
MEAN             46.0              47.2    -1.2     50.5

DAYS MAX >= 90      0               0.2    -0.2
DAYS MAX <= 32      5               2.7     2.3
DAYS MIN <= 32     42              38.0     4.0
DAYS MIN <= 0       0               0.1    -0.1

PRECIPITATION (INCHES)
RECORD
 MAXIMUM        12.13   1957
 MINIMUM         1.14   2006

TOTALS           4.75              4.45    0.30     3.14
DAILY AVG.       0.05              0.05    0.00

DAYS >= .01        29              26.5     2.5
DAYS >= .10        11              11.3    -0.3
DAYS >= .50         1               1.9    -0.9
DAYS >= 1.00        1               0.5     0.5

GREATEST
 24 HR. TOTAL    1.98   05/20 TO 05/21

SNOWFALL (INCHES)
RECORDS
 MAXIMUM         63.1   1957
 MINIMUM            T   1946

TOTALS           17.9              13.7     4.2      8.4
SINCE 7/1        36.2              37.7    -1.5     21.6

SNOWDEPTH AVG.      0
DAYS >= 1.0         7               4.0     3.0

GREATEST
 SNOW DEPTH         5   05/21                          4
 24 HR TOTAL      4.9   05/20 TO 05/21               4.2

DEGREE_DAYS
HEATING TOTAL    1729              1650      79     1336
 SINCE 7/1       6095              6213    -118     5320
COOLING TOTAL       1                10      -9       30
 SINCE 1/1          1                10      -9       30
.................................................................

WIND (MPH)
AVERAGE WIND SPEED              10.1
HIGHEST WIND SPEED/DIRECTION    62/340    DATE  03/13
HIGHEST GUST SPEED/DIRECTION    96/320    DATE  03/13

SKY COVER
POSSIBLE SUNSHINE (PERCENT)   MM
AVERAGE SKY COVER           0.60
NUMBER OF DAYS FAIR           11
NUMBER OF DAYS PC             52
NUMBER OF DAYS CLOUDY         29

AVERAGE RH (PERCENT)     56

WEATHER CONDITIONS. NUMBER OF DAYS WITH
THUNDERSTORM             11     MIXED PRECIP                4
HEAVY RAIN                1     RAIN                        8
LIGHT RAIN               37     FREEZING RAIN               0
LT FREEZING RAIN          0     HAIL                        2
HEAVY SNOW                3     SNOW                        9
LIGHT SNOW               21     SLEET                       0
FOG                      41     FOG W/VIS <= 1/4 MILE      14
HAZE                     22

-  INDICATES NEGATIVE NUMBERS.
R  INDICATES RECORD WAS SET OR TIED.
MM INDICATES DATA IS MISSING.
T  INDICATES TRACE AMOUNT.

$$
