000
CXUS55 KPUB 050315 RRA
CLSCOS

CLIMATE REPORT
NATIONAL WEATHER SERVICE PUEBLO
815 PM MST MON MAR 4 2019

...................................

...THE COLORADO SPRINGS CO CLIMATE SUMMARY FOR THE SEASON, FROM
12/1/2018 TO 2/28/2019...

CLIMATE NORMAL PERIOD 1981 TO 2010
CLIMATE RECORD PERIOD 1872 TO 2019

WEATHER         OBSERVED          NORMAL  DEPART  LAST YEAR`S
                 VALUE   DATE(S)  VALUE   FROM    VALUE  DATE(S)
                                          NORMAL
................................................................
TEMPERATURE (F)
RECORD
 HIGH              77   12/23/1955
 LOW              -27   02/01/1951
                        12/09/1919

HIGHEST            66   02/26                         70  01/19
LOWEST              0   01/01                         -1  01/16

AVG. MAXIMUM     46.2              43.4     2.8     48.1
AVG. MINIMUM     17.6              18.2    -0.6     18.8

MEAN             31.9              30.8     1.1     33.4

DAYS MAX >= 90      0               0.0     0.0
DAYS MAX <= 32     11              16.8    -5.8
DAYS MIN <= 32     88              85.8     2.2
DAYS MIN <= 0       1               4.5    -3.5

PRECIPITATION (INCHES)
RECORD
 MAXIMUM         4.05   1934
 MINIMUM         0.16   1928

TOTALS           0.65              1.00   -0.35     0.57
DAILY AVG.       0.01              0.01    0.00

DAYS >= .01        17              12.8     4.2
DAYS >= .10         2               2.8    -0.8
DAYS >= .50         0               0.2    -0.2
DAYS >= 1.00        0               0.0     0.0

GREATEST
 24 HR. TOTAL    0.18   02/22 TO 02/23
                        01/11 TO 01/11

SNOWFALL (INCHES)
RECORDS
 MAXIMUM         56.3   1987
 MINIMUM          2.6   1952

TOTALS           10.2              16.2    -6.0     11.6
SINCE 7/1        18.3              24.0    -5.7     13.2

SNOWDEPTH AVG.      0
DAYS >= 1.0         4               5.3    -1.3

GREATEST
 SNOW DEPTH         3   02/23                          3
 24 HR TOTAL      3.4   02/22 TO 02/23               4.0

DEGREE_DAYS
HEATING TOTAL    2952              3082    -130     2816
 SINCE 7/1       4366              4563    -197     3984

COOLING TOTAL       0                 0       0        0
 SINCE 1/1          0                 0       0        0
.................................................................

WIND (MPH)
AVERAGE WIND SPEED              9.0
HIGHEST WIND SPEED/DIRECTION    46/340    DATE  01/22
HIGHEST GUST SPEED/DIRECTION    67/320    DATE  01/07

SKY COVER
POSSIBLE SUNSHINE (PERCENT)   MM
AVERAGE SKY COVER           0.50
NUMBER OF DAYS FAIR           27
NUMBER OF DAYS PC             53
NUMBER OF DAYS CLOUDY         10

AVERAGE RH (PERCENT)     52

WEATHER CONDITIONS. NUMBER OF DAYS WITH

THUNDERSTORM          0   MIXED PRECIP           0
HEAVY RAIN            0   RAIN                   1
LIGHT RAIN            2   FREEZING RAIN          0
LT FREEZING RAIN      0   HAIL                   0
HEAVY SNOW            3   SNOW                   9
LIGHT SNOW           29   SLEET                  0
FOG                  33   FOG W/VIS <= 1/4 MILE 11
HAZE                 18

-  INDICATES NEGATIVE NUMBERS.
R  INDICATES RECORD WAS SET OR TIED.
MM INDICATES DATA IS MISSING.
T  INDICATES TRACE AMOUNT.

$$
