143
CXUS55 KPUB 020251 RRA
CLSCOS

CLIMATE REPORT
NATIONAL WEATHER SERVICE PUEBLO
751 PM MST SAT DEC 1 2018

...................................

...THE COLORADO SPRINGS CO CLIMATE SUMMARY FOR THE SEASON, FROM
9/1/2018 TO 11/30/2018...

CLIMATE NORMAL PERIOD 1981 TO 2010
CLIMATE RECORD PERIOD 1872 TO 2018

WEATHER         OBSERVED          NORMAL  DEPART  LAST YEAR`S
                 VALUE   DATE(S)  VALUE   FROM    VALUE  DATE(S)
                                          NORMAL
................................................................
TEMPERATURE (F)
RECORD
 HIGH              95   09/03/2017
                        09/17/1936
                        09/17/1936
 LOW              -12   11/14/1916
                        11/13/1916

HIGHEST            93   09/18                         95  09/03
LOWEST             11   11/13                         20  10/27
                        11/12

AVG. MAXIMUM     63.7              62.8     0.9     66.7
AVG. MINIMUM     37.6              36.1     1.5     39.3

MEAN             50.7              49.5     1.2     53.0

DAYS MAX >= 90      8               0.5     7.5
DAYS MAX <= 32      2               3.0    -1.0
DAYS MIN <= 32     35              33.3     1.7
DAYS MIN <= 0       0               0.2    -0.2

PRECIPITATION (INCHES)
RECORD
 MAXIMUM         7.50   1909
 MINIMUM         0.23   2016

TOTALS           2.48              2.41    0.07     3.15

DAILY AVG.       0.03              0.03    0.00
DAYS >= .01        20              16.9     3.1
DAYS >= .10         8               6.9     1.1
DAYS >= .50         0               1.2    -1.2
DAYS >= 1.00        0               0.2    -0.2
GREATEST
 24 HR. TOTAL    0.46   10/30 TO 10/31

SNOWFALL (INCHES)
RECORDS
 MAXIMUM         37.7   1959
 MINIMUM          0.0   1939

TOTALS            8.1               7.8     0.3      1.6
SINCE 7/1         8.1               7.8     0.3      1.6

SNOWDEPTH AVG.      0

DAYS >= 1.0         4               2.3     1.7

GREATEST
 SNOW DEPTH         3   10/31                          1
 24 HR TOTAL      3.7   10/30 TO 10/31               0.7

DEGREE_DAYS
HEATING TOTAL    1406              1451     -45     1159
 SINCE 7/1       1414              1481     -67     1168
COOLING TOTAL     119                37      82       91
 SINCE 1/1        730               455     275      639
.................................................................

WIND (MPH)
AVERAGE WIND SPEED              8.4
HIGHEST WIND SPEED/DIRECTION    44/350    DATE  11/24
HIGHEST GUST SPEED/DIRECTION    61/360    DATE  11/24

SKY COVER

AVERAGE SKY COVER           0.50
NUMBER OF DAYS FAIR           29
NUMBER OF DAYS PC             42
NUMBER OF DAYS CLOUDY         20

AVERAGE RH (PERCENT)     55

WEATHER CONDITIONS. NUMBER OF DAYS WITH

THUNDERSTORM          7   MIXED PRECIP           2
HEAVY RAIN            2   RAIN                   8
LIGHT RAIN           19   FREEZING RAIN          0
LT FREEZING RAIN      3   HAIL                   0
HEAVY SNOW            2   SNOW                   2
LIGHT SNOW           11   SLEET                  0
FOG                  28   FOG W/VIS <= 1/4 MILE 14
HAZE                  7

-  INDICATES NEGATIVE NUMBERS.
R  INDICATES RECORD WAS SET OR TIED.
MM INDICATES DATA IS MISSING.
T  INDICATES TRACE AMOUNT.

$$
!--NOT SENT--!
