189
CXUS53 KLSX 021742
CLSCOU

CLIMATE REPORT
NATIONAL WEATHER SERVICE ST LOUIS MO
1230 PM CDT SUN JUN 2 2019

...................................

...THE COLUMBIA CLIMATE SUMMARY FOR THE SEASON, FROM
3/1/2019 TO 5/31/2019...

CLIMATE NORMAL PERIOD 1981 TO 2010
CLIMATE RECORD PERIOD 1890 TO 2019

WEATHER         OBSERVED          NORMAL  DEPART
                 VALUE   DATE(S)  VALUE   FROM
                                          NORMAL
................................................
TEMPERATURE (F)
RECORD
 HIGH             101   05/31/1934
 LOW               -9   03/05/1960
HIGHEST            89   05/16
LOWEST                  03/04
AVG. MAXIMUM     65.2              65.2     0.0
AVG. MINIMUM     45.4              43.9     1.5
MEAN             55.3              54.5     0.8
DAYS MAX >= 90      0
DAYS MAX <= 32      4
DAYS MIN <= 32     12
DAYS MIN <= 0       1

PRECIPITATION (INCHES)
RECORD
 MAXIMUM        22.73   1922
 MINIMUM         4.87   1932
TOTALS          14.16             12.38    1.78
DAYS >= .01        34
DAYS >= .10        25
DAYS >= .50        10
DAYS >= 1.00        5
GREATEST
 24 HR. TOTAL    2.40   04/30 TO 04/30

SNOWFALL (INCHES)
RECORDS
 TOTAL           24.5   1960
 24 HR TOTAL     12.8   03/12/1937 TO 03/13/1937
TOTALS            2.6               1.9     0.7
SINCE 7/1        28.7              18.0    10.7
GREATEST
 SNOW DEPTH         2   03/04
 24 HR TOTAL      2.2   03/03 TO 03/03

DEGREE_DAYS
HEATING TOTAL    1036              1066     -30
 SINCE 7/1       5018              5012       6
COOLING TOTAL     164               104      60
 SINCE 1/1        164               103      61
.................................................

WIND (MPH)
HIGHEST WIND SPEED/DIRECTION    43/230    DATE  03/14
HIGHEST GUST SPEED/DIRECTION    56/230    DATE  03/14


WEATHER CONDITIONS. NUMBER OF DAYS WITH
THUNDERSTORM             25     HAIL                       0
FOG W/VIS <= 1/4 MILE     5

-  INDICATES NEGATIVE NUMBERS.
R  INDICATES RECORD WAS SET OR TIED.
MM INDICATES DATA IS MISSING.
T  INDICATES TRACE AMOUNT.


...SEASONAL...

NO RECORDS OF NOTE.


...MONTHLY...

NO RECORDS OF NOTE.


...DAILY...

RECORD HIGH TEMPERATURE OF 92 DEGREES TIED ON 05/16. (ALSO
SET IN 1962).

RECORD PRECIPITATION VALUE OF 1.09 INCHES SET ON 02/09. PREVIOUS
RECORD WAS 0.77 INCHES IN 2006.

RECORD SNOWFALL OF 2.2 INCHES SET ON 03/03. PREVIOUS RECORD WAS
1.6 INCHES IN 1998.

$$
