638
CXUS51 KRLX 020930
CLSCRW

CLIMATE REPORT
NATIONAL WEATHER SERVICE CHARLESTON WV
428 AM EST SUN DEC 2 2018

...................................

...THE CHARLESTON WV CLIMATE SUMMARY FOR THE SEASON, FROM
9/1/2018 TO 11/30/2018...

CLIMATE NORMAL PERIOD 1981 TO 2010
CLIMATE RECORD PERIOD 1901 TO 2018

WEATHER         OBSERVED          NORMAL  DEPART  LAST YEAR`S
                 VALUE   DATE(S)  VALUE   FROM    VALUE
                                          NORMAL
.............................................................
TEMPERATURE (F)
RECORD
 HIGH             104   09/03/1932
                        09/02/1932
                        09/01/1932
 LOW                6   11/25/1950
                        11/30/1929
HIGHEST            93   09/04                         92
LOWEST             20   11/29                         22
                        11/11
AVG. MAXIMUM     67.0              67.5    -0.5     70.1
AVG. MINIMUM     48.8              46.4     2.4     46.4
MEAN             57.9              57.0     0.9     58.2
DAYS MAX >= 90      8               1.5     6.5        5
DAYS MAX <= 32      2               0.4     1.6        0
DAYS MIN <= 32     19              13.0     6.0       12
DAYS MIN <= 0       0               0.0     0.0        0

PRECIPITATION (INCHES)
RECORD
 MAXIMUM        18.71R  2018
 MINIMUM         8.60   2016
TOTALS          18.71              9.65    9.06     8.77
DAILY AVG.       0.21              0.11    0.10     0.09
DAYS >= .01        43              30.7    12.3       26
DAYS >= .10        34              18.9    15.1       14
DAYS >= .50         9               6.6     2.4        6
DAYS >= 1.00        6               1.9     4.1        3
GREATEST
 24 HR. TOTAL    3.05   MM

SNOWFALL (INCHES)
RECORDS
 TOTAL           25.8   1950
 24 HR TOTAL     12.6   11/24/1950 TO 11/24/1950
TOTALS            2.0               1.4     0.6        T
SINCE 7/1         2.0               1.4     0.6        T
DAYS >= TRACE       7               1.6     5.4        1
DAYS >= 1.0         1               0.4     0.6        0
GREATEST
 24 HR TOTAL      1.9   MM

DEGREE_DAYS
HEATING TOTAL     982               883      99      786
 SINCE 7/1         MM               884      MM      786
COOLING TOTAL     357               150     207      200
 SINCE 1/1       1576              1096     480     1138
..............................................................

WIND (MPH)
AVERAGE WIND SPEED              4.1
HIGHEST WIND SPEED/DIRECTION    35/310    DATE  10/20
HIGHEST GUST SPEED/DIRECTION    52/310    DATE  10/20

SKY COVER
POSSIBLE SUNSHINE (PERCENT)   MM
AVERAGE SKY COVER           0.70
NUMBER OF DAYS FAIR           14
NUMBER OF DAYS PC             38
NUMBER OF DAYS CLOUDY         39

AVERAGE RH (PERCENT)     78

WEATHER CONDITIONS. NUMBER OF DAYS WITH
  0
 26
  0
  1
  1
  5
 18
HAZE                      3

-  INDICATES NEGATIVE NUMBERS.
R  INDICATES RECORD WAS SET OR TIED.
MM INDICATES DATA IS MISSING.
T  INDICATES TRACE AMOUNT.

$$
