000
CXUS51 KRLX 020827
CLSCRW

CLIMATE REPORT
NATIONAL WEATHER SERVICE CHARLESTON WV
315 AM EST SAT MAR 2 2019

...................................

...THE CHARLESTON WV CLIMATE SUMMARY FOR THE SEASON, FROM
12/1/2018 TO 2/28/2019...

CLIMATE NORMAL PERIOD 1981 TO 2010
CLIMATE RECORD PERIOD 1901 TO 2019

WEATHER         OBSERVED          NORMAL  DEPART  LAST YEAR`S
                 VALUE   DATE(S)  VALUE   FROM    VALUE
                                          NORMAL
.............................................................
TEMPERATURE (F)
RECORD
 HIGH              81   02/20/2018
                        01/15/1932
 LOW              -17   12/30/1917
HIGHEST            75   02/07                         81
LOWEST              2   01/31                         -2
AVG. MAXIMUM     48.4              44.9     3.5     47.3
AVG. MINIMUM     30.7              28.0     2.7     27.6
MEAN             39.6              36.4     3.2     37.4
DAYS MAX >= 90      0               0.0     0.0        0
DAYS MAX <= 32      7              14.1    -7.1       19
DAYS MIN <= 32     53              59.2    -6.2       65
DAYS MIN <= 0       0               0.9    -0.9        3

PRECIPITATION (INCHES)
RECORD
 MAXIMUM        18.74   1923
 MINIMUM         4.58   1941
TOTALS          14.66              9.46    5.20    13.42
DAILY AVG.       0.16              0.11    0.05     0.15
DAYS >= .01        47              42.8     4.2       39
DAYS >= .10        31              22.8     8.2       26
DAYS >= .50         9               5.6     3.4       10
DAYS >= 1.00        2               1.1     0.9        3
GREATEST
 24 HR. TOTAL    1.19   MM

SNOWFALL (INCHES)
RECORDS
 TOTAL           71.2   1996
 24 HR TOTAL     15.5   01/03/1994 TO 01/04/1994
TOTALS            5.2              27.8   -22.6     10.4
SINCE 7/1         7.2              29.2   -22.0     10.4
DAYS >= TRACE      31              20.5    10.5       34
DAYS >= 1.0         2               8.5    -6.5        2
GREATEST
 24 HR TOTAL      1.2   MM

DEGREE_DAYS
HEATING TOTAL    2274              2570    -296     2485
 SINCE 7/1         MM              3454      MM       MM
COOLING TOTAL       0                 1      -1        9
 SINCE 1/1          0                 0       0        9
..............................................................

WIND (MPH)
AVERAGE WIND SPEED              5.8
HIGHEST WIND SPEED/DIRECTION    43/240    DATE  02/24
HIGHEST GUST SPEED/DIRECTION    54/250    DATE  02/24

SKY COVER
POSSIBLE SUNSHINE (PERCENT)   MM
AVERAGE SKY COVER           0.70
NUMBER OF DAYS FAIR           12
NUMBER OF DAYS PC             29
NUMBER OF DAYS CLOUDY         49

AVERAGE RH (PERCENT)     74

-  INDICATES NEGATIVE NUMBERS.
R  INDICATES RECORD WAS SET OR TIED.
MM INDICATES DATA IS MISSING.
T  INDICATES TRACE AMOUNT.

$$
