000
CXUS51 KRNK 020310
CLSDAN


CLIMATE REPORT
NATIONAL WEATHER SERVICE BLACKSBURG VA
948 PM EST SAT DEC 1 2018

...................................

...THE DANVILLE VA CLIMATE SUMMARY FOR THE SEASON, FROM
9/1/2018 TO 11/30/2018...

CLIMATE NORMAL PERIOD 1981 TO 2010
CLIMATE RECORD PERIOD 1916 TO 2018

WEATHER         OBSERVED          NORMAL  DEPART  LAST YEAR`S
                 VALUE   DATE(S)  VALUE   FROM    VALUE
                                          NORMAL
.............................................................
TEMPERATURE (F)
RECORD
 HIGH             104   09/06/1954
 LOW               15   11/19/2014
                        11/25/2013
                        11/25/1970
HIGHEST            92   09/04                         90
LOWEST             22   11/29                         23
AVG. MAXIMUM     69.4              70.0    -0.6     71.6
AVG. MINIMUM     50.8              49.1     1.7     47.0
MEAN             60.1              59.5     0.6     59.3
DAYS MAX >= 90      5               2.6     2.4        2
DAYS MAX <= 32      0               0.0     0.0        0
DAYS MIN <= 32     14               9.6     4.4       19
DAYS MIN <= 0       0               0.0     0.0        0

PRECIPITATION (INCHES)
RECORD
 MAXIMUM        19.93   1996
 MINIMUM         2.31   2001
TOTALS          26.22R            10.85   15.37     7.59
DAILY AVG.       0.29              0.12    0.17     0.08
DAYS >= .01        36              24.8    11.2       25
DAYS >= .10        23              15.1     7.9       15
DAYS >= .50        15               7.0     8.0        4
DAYS >= 1.00       10               3.4     6.6        3
GREATEST
 24 HR. TOTAL    6.00                               1.38

SNOWFALL (INCHES)
TOTALS              T                                0.0
DAYS >= TRACE       1                                  0
DAYS >= 1.0         0                                  0
GREATEST
 24 HR TOTAL      0.0                                0.0

DEGREE_DAYS
HEATING TOTAL     810               709     101      722
COOLING TOTAL     386               213     173      227
..............................................................

WIND (MPH)
AVERAGE WIND SPEED              4.9
HIGHEST WIND SPEED/DIRECTION    40/360    DATE  10/11
HIGHEST GUST SPEED/DIRECTION    52/350    DATE  10/11

SKY COVER
AVERAGE SKY COVER           0.40

AVERAGE RH (PERCENT)     79

WEATHER CONDITIONS. NUMBER OF DAYS WITH
THUNDERSTORM              7     MIXED PRECIP                 0
HEAVY RAIN               16     RAIN                        22
LIGHT RAIN               17     FREEZING RAIN                0
LIGHT FREEZING RAIN       0     HAIL                         0
HEAVY SNOW                0     SNOW                         0
LIGHT SNOW                1     SLEET                        1
FOG                      58     FOG W/VIS <= 1/4 MILE       11
HAZE                      0

-  INDICATES NEGATIVE NUMBERS.
R  INDICATES RECORD WAS SET OR TIED.
MM INDICATES DATA IS MISSING.
T  INDICATES TRACE AMOUNT.

$$

RAB
