392
CXUS51 KRNK 011235
CLSDAN


CLIMATE REPORT
NATIONAL WEATHER SERVICE BLACKSBURG VA
830 AM EDT SAT JUN 1 2019

...................................

...THE DANVILLE VA CLIMATE SUMMARY FOR THE SEASON, FROM
3/1/2019 TO 5/31/2019...

CLIMATE NORMAL PERIOD 1981 TO 2010
CLIMATE RECORD PERIOD 1916 TO 2019

WEATHER         OBSERVED          NORMAL  DEPART  LAST YEAR`S
                 VALUE   DATE(S)  VALUE   FROM    VALUE
                                          NORMAL
.............................................................
TEMPERATURE (F)
RECORD
 HIGH             101   05/22/1941
 LOW                9   03/04/2014
HIGHEST            86   04/30                         91
LOWEST             20   03/07                         22
AVG. MAXIMUM     65.9              68.7    -2.8     68.6
AVG. MINIMUM     41.0              46.8    -5.8     45.0
MEAN             53.5              57.8    -4.3     56.8
DAYS MAX >= 90      0               1.0    -1.0        3
DAYS MAX <= 32      0               0.1    -0.1        0
DAYS MIN <= 32     17               9.7     7.3       24
DAYS MIN <= 0       0               0.0     0.0        0

PRECIPITATION (INCHES)
RECORD
 MAXIMUM        18.38   1998
 MINIMUM         3.07   1985
TOTALS           5.90             11.45   -5.55    14.73
DAILY AVG.       0.09              0.12   -0.03     0.16
DAYS >= .01        21              31.7   -10.7       32
DAYS >= .10        13              21.0    -8.0       20
DAYS >= .50         4               8.4    -4.4        7
DAYS >= 1.00        1               3.1    -2.1        3
GREATEST
 24 HR. TOTAL    1.21                               3.96

SNOWFALL (INCHES)
TOTALS              T                                7.4
DAYS >= TRACE       1                                  6
DAYS >= 1.0         0                                  3
GREATEST
 24 HR TOTAL      0.0                                3.7

DEGREE_DAYS
HEATING TOTAL     732               810     -78      930
COOLING TOTAL      35               144    -109      245
..............................................................

WIND (MPH)
AVERAGE WIND SPEED              5.8
HIGHEST WIND SPEED/DIRECTION    29/290    DATE  03/22
HIGHEST GUST SPEED/DIRECTION    48/270    DATE  03/22

SKY COVER
AVERAGE SKY COVER           0.30

AVERAGE RH (PERCENT)     64

WEATHER CONDITIONS. NUMBER OF DAYS WITH:
THUNDERSTORM              5     MIXED PRECIP                 0
HEAVY RAIN                6     RAIN                        10
LIGHT RAIN               24     FREEZING RAIN                0
LIGHT FREEZING RAIN       0     HAIL                         0
HEAVY SNOW                0     SNOW                         0
LIGHT SNOW                1     SLEET                        0
FOG                      21     FOG W/VIS <= 1/4 MILE        3
HAZE                      1

-  INDICATES NEGATIVE NUMBERS.
R  INDICATES RECORD WAS SET OR TIED.
MM INDICATES DATA IS MISSING.
T  INDICATES TRACE AMOUNT.

$$
RCS
