000
CXUS53 KDDC 021731
CLSDDC


CLIMATE REPORT
NATIONAL WEATHER SERVICE DODGE CITY KS
1123 AM CST MON DEC 2 2019

...................................

...THE DODGE CITY KS CLIMATE SUMMARY FOR THE SEASON, FROM
9/1/2019 TO 11/30/2019...

CLIMATE NORMAL PERIOD 1981 TO 2010
CLIMATE RECORD PERIOD 1875 TO 2019

WEATHER         OBSERVED          NORMAL  DEPART  LAST YEAR`S
                 VALUE   DATE(S)  VALUE   FROM    VALUE  DATE(S)
                                          NORMAL
................................................................
TEMPERATURE (F)
RECORD
 HIGH             107   09/01/2011
 LOW              -13   11/27/1887
HIGHEST            99   09/07        MM      MM       96  10/03
                        09/03
                        09/05
LOWEST              4   11/12        MM      MM        6  11/13
AVG. MAXIMUM     70.7              69.3     1.4     66.1
AVG. MINIMUM     43.5              43.3     0.2     42.2
MEAN             57.1              56.3     0.8     54.2
DAYS MAX >= 90     19               8.4    10.6        6
DAYS MAX <= 32      3               1.3     1.7        1
DAYS MIN <= 32     34              20.6    13.4       26
DAYS MIN <= 0       0               0.0     0.0        0

PRECIPITATION (INCHES)
RECORD
 MAXIMUM        12.72   1906
 MINIMUM         0.25   1980
TOTALS           1.84              4.17   -2.33     8.83
DAILY AVG.       0.02              0.05   -0.03     0.10
DAYS >= .01        12              16.3    -4.3       23
DAYS >= .10         6               7.7    -1.7       15
DAYS >= .50         1               2.5    -1.5        4
DAYS >= 1.00        0               1.1    -1.1        2
GREATEST
 24 HR. TOTAL    1.11   MM                       10/07 TO 10/08

SNOWFALL (INCHES)
RECORDS
 TOTAL           26.7   1992
 24 HR TOTAL     12.1   11/24/1992 TO 11/24/1992
 SNOW DEPTH        14   11/25/1992
                        11/26/1992
TOTALS            1.5               2.2    -0.7      4.8
 LIQUID EQUIV    0.15              0.20   -0.05     0.48
SINCE 7/1         1.5               2.2    -0.7      4.8
 LIQUID 7/1      0.15              0.20   -0.05     0.48
SNOWDEPTH AVG.      0                MM      MM        0
DAYS >= TRACE       7               1.4     5.6        5
DAYS >= 1.0         1               0.6     0.4        2
GREATEST
 SNOW DEPTH         1   11/28                          2  11/26
                                                          11/12
 24 HR TOTAL      1.0   MM                       11/25 TO 11/25

DEGREE_DAYS
HEATING TOTAL    1114              1009     105     1179
 SINCE 7/1       1114              1014     100     1179
COOLING TOTAL     410               216     194      215
 SINCE 1/1       1689              1463     226     1757
.................................................................

WIND (MPH)
AVERAGE WIND SPEED              13.8
RESULTANT WIND SPEED/DIRECTION   4/182
HIGHEST WIND SPEED/DIRECTION    46/320    DATE  11/30
HIGHEST GUST SPEED/DIRECTION    62/320    DATE  11/30

SKY COVER
POSSIBLE SUNSHINE (PERCENT)   MM
AVERAGE SKY COVER           0.20
NUMBER OF DAYS FAIR           67
NUMBER OF DAYS PC             16
NUMBER OF DAYS CLOUDY          8

AVERAGE RH (PERCENT)     59

WEATHER CONDITIONS. NUMBER OF DAYS WITH
THUNDERSTORM              6     MIXED PRECIP                0
HEAVY RAIN                3     RAIN                        4
LIGHT RAIN               12     FREEZING RAIN               0
LT FREEZING RAIN          2     HAIL                        0
HEAVY SNOW                0     SNOW                        0
LIGHT SNOW                6     SLEET                       0
FOG                      28     FOG W/VIS <= 1/4 MILE       4
HAZE                     52     BLOWING SNOW                0
TORNADO                   0

-  INDICATES NEGATIVE NUMBERS.
R  INDICATES RECORD WAS SET OR TIED.
MM INDICATES DATA IS MISSING.
T  INDICATES TRACE AMOUNT.

$$
