000
CXUS53 KDDC 031836
CLSDDC


CLIMATE REPORT
NATIONAL WEATHER SERVICE DODGE CITY KS
1230 PM CST MON DEC 3 2018

...................................

...THE DODGE CITY KS CLIMATE SUMMARY FOR THE SEASON, FROM
9/1/2018 TO 11/30/2018...

CLIMATE NORMAL PERIOD 1981 TO 2010
CLIMATE RECORD PERIOD 1875 TO 2018

WEATHER         OBSERVED          NORMAL  DEPART  LAST YEAR`S
                 VALUE   DATE(S)  VALUE   FROM    VALUE  DATE(S)
                                          NORMAL
................................................................
TEMPERATURE (F)
RECORD
 HIGH             107   09/01/2011
 LOW              -13   11/27/1887
HIGHEST            96   10/03        MM      MM      101  09/21
LOWEST              6   11/13        MM      MM       17  10/28
AVG. MAXIMUM     66.1              69.3    -3.2     73.0
AVG. MINIMUM     42.2              43.3    -1.1     44.2
MEAN             54.2              56.3    -2.1     58.6
DAYS MAX >= 90      6               8.4    -2.4       16
DAYS MAX <= 32      1               1.3    -0.3        0
DAYS MIN <= 32     26              20.6     5.4       19
DAYS MIN <= 0       0               0.0     0.0        0

PRECIPITATION (INCHES)
RECORD
 MAXIMUM        12.72   1906
 MINIMUM         0.25   1980
TOTALS           8.83              4.17    4.66     1.92
DAILY AVG.       0.10              0.05    0.05     0.02
DAYS >= .01        23              16.3     6.7        9
DAYS >= .10        15               7.7     7.3        4
DAYS >= .50         4               2.5     1.5        1
DAYS >= 1.00        2               1.1     0.9        0
GREATEST
 24 HR. TOTAL    3.14   10/07 TO 10/08           09/25 TO 09/25

SNOWFALL (INCHES)
RECORDS
 TOTAL           26.7   1992
 24 HR TOTAL     12.1   11/24/1992 TO 11/24/1992
 SNOW DEPTH        14   11/25/1992
                        11/26/1992
TOTALS            4.8               2.2     2.6      0.0
 LIQUID EQUIV    0.48              0.20    0.28     0.00
SINCE 7/1         4.8               2.2     2.6      0.0
 LIQUID 7/1      0.48              0.20    0.28     0.00
SNOWDEPTH AVG.      0                MM      MM        0
DAYS >= TRACE       5               1.4     3.6        0
DAYS >= 1.0         2               0.6     1.4        0
GREATEST
 SNOW DEPTH         2   11/26                          0  MM
                        11/12
 24 HR TOTAL      2.3   11/25 TO 11/25           09/25 TO 09/25

DEGREE_DAYS
HEATING TOTAL    1179              1009     170      854
 SINCE 7/1       1179              1014     165      854
COOLING TOTAL     215               216      -1      288
 SINCE 1/1       1757              1463     294     1520
.................................................................

WIND (MPH)
AVERAGE WIND SPEED              11.3
RESULTANT WIND SPEED/DIRECTION   2/172
HIGHEST WIND SPEED/DIRECTION    39/350    DATE  11/25
HIGHEST GUST SPEED/DIRECTION    62/350    DATE  11/25

SKY COVER
POSSIBLE SUNSHINE (PERCENT)   MM
AVERAGE SKY COVER           0.30
NUMBER OF DAYS FAIR           53
NUMBER OF DAYS PC             22
NUMBER OF DAYS CLOUDY         16

AVERAGE RH (PERCENT)     67


-  INDICATES NEGATIVE NUMBERS.
R  INDICATES RECORD WAS SET OR TIED.
MM INDICATES DATA IS MISSING.
T  INDICATES TRACE AMOUNT.

$$
