000
CXUS53 KDDC 031606
CLSDDC


CLIMATE REPORT
NATIONAL WEATHER SERVICE DODGE CITY KS
1037 AM CDT MON JUN 3 2019

...................................

...THE DODGE CITY KS CLIMATE SUMMARY FOR THE SEASON, FROM
3/1/2019 TO 5/31/2019...

CLIMATE NORMAL PERIOD 1981 TO 2010
CLIMATE RECORD PERIOD 1875 TO 2019

WEATHER         OBSERVED          NORMAL  DEPART  LAST YEAR`S
                 VALUE   DATE(S)  VALUE   FROM    VALUE  DATE(S)
                                          NORMAL
................................................................
TEMPERATURE (F)
RECORD
 HIGH             106   05/29/2011
 LOW              -15   03/11/1948
HIGHEST            90   04/21        MM      MM       98  05/26
LOWEST                  03/04        MM      MM       16  04/07
                                                          04/06
                                                          03/12
AVG. MAXIMUM     65.0              67.4    -2.4     72.3
AVG. MINIMUM     39.3              40.9    -1.6     40.6
MEAN             52.2              54.2    -2.0     56.5
DAYS MAX >= 90      1               3.7    -2.7       17
DAYS MAX <= 32      4               1.4     2.6        0
DAYS MIN <= 32     26              22.0     4.0       30
DAYS MIN <= 0       1               0.1     0.9        0

PRECIPITATION (INCHES)
RECORD
 MAXIMUM        15.62   1881
 MINIMUM         1.35   1893
TOTALS          10.19              6.26    3.93     4.33
DAILY AVG.       0.11              0.07    0.04     0.04
DAYS >= .01        26              22.5     3.5       18
DAYS >= .10        15              12.6     2.4       10
DAYS >= .50         8               4.2     3.8        3
DAYS >= 1.00        3               1.2     1.8        0
GREATEST
 24 HR. TOTAL    2.24   05/20 TO 05/21           05/28 TO 05/29

SNOWFALL (INCHES)
RECORDS
 TOTAL           25.8   1970
 24 HR TOTAL     13.3   03/16/1924
 SNOW DEPTH        14   03/13/1999
                   14   03/26/1957
                   14   03/25/1957
TOTALS            5.1               6.0    -0.9      2.2
SINCE 7/1        23.2              21.1     2.1      3.6
DAYS >= TRACE       6               2.9     3.1        5
DAYS >= 1.0         2               1.6     0.4        2
GREATEST
 SNOW DEPTH         4   03/05                          1  04/07
                        03/03                             03/19
                        03/04
 24 HR TOTAL      4.3   03/02 TO 03/03           04/06 TO 04/07

DEGREE_DAYS
HEATING TOTAL    1229              1107     122     1020
 SINCE 7/1       5312              4954     358     4676
COOLING TOTAL      68               109     -41      264
 SINCE 1/1         68               109     -41      264
.................................................................

WIND (MPH)
AVERAGE WIND SPEED              13.2
RESULTANT WIND SPEED/DIRECTION   1/185
HIGHEST WIND SPEED/DIRECTION    47/320    DATE  03/14
HIGHEST GUST SPEED/DIRECTION    71/320    DATE  03/14

SKY COVER
POSSIBLE SUNSHINE (PERCENT)   MM
AVERAGE SKY COVER           0.30
NUMBER OF DAYS FAIR           58
NUMBER OF DAYS PC             21
NUMBER OF DAYS CLOUDY         13

AVERAGE RH (PERCENT)     64

WEATHER CONDITIONS. NUMBER OF DAYS WITH
THUNDERSTORM             15     MIXED PRECIP                0
HEAVY RAIN               13     RAIN                       14
LIGHT RAIN               25     FREEZING RAIN               0
LT FREEZING RAIN          0     HAIL                        0
HEAVY SNOW                2     SNOW                        1
LIGHT SNOW                6     SLEET                       0
FOG                      41     FOG W/VIS <= 1/4 MILE      13
HAZE                     34     BLOWING SNOW                0
TORNADO                   0

-  INDICATES NEGATIVE NUMBERS.
R  INDICATES RECORD WAS SET OR TIED.
MM INDICATES DATA IS MISSING.
T  INDICATES TRACE AMOUNT.

$$
