000
CXUS51 KALY 010646
CLSDDH

CLIMATE REPORT
NATIONAL WEATHER SERVICE ALBANY NY
246 AM EDT SAT JUN 1 2019

...................................

...THE BENNINGTON VT CLIMATE SUMMARY FOR THE SEASON, FROM
3/1/2019 TO 5/31/2019...

CLIMATE NORMAL PERIOD 1981 TO 2010
CLIMATE RECORD PERIOD 9999 TO 9999

WEATHER         OBSERVED          NORMAL  DEPART  LAST YEAR`S
                 VALUE   DATE(S)  VALUE   FROM    VALUE  DATE(S)
                                          NORMAL
................................................................
TEMPERATURE (F)
HIGHEST            83   05/19                         87  05/02
LOWEST              1   03/05                          3  03/18
AVG. MAXIMUM     55.3              55.8    -0.5     54.2
AVG. MINIMUM     34.2              33.4     0.8     34.4
MEAN             44.8              44.6     0.2     44.3
DAYS MAX >= 90      0               0.3    -0.3        0
DAYS MAX <= 32      4               4.2    -0.2        3
DAYS MIN <= 32     37              42.5    -5.5       47
DAYS MIN <= 0       0               0.6    -0.6        0

PRECIPITATION (INCHES)
TOTALS           8.48             10.08   -1.60     6.91
DAILY AVG.       0.09              0.11   -0.02     0.08
DAYS >= .01        48                                 38
DAYS >= .10        26                                 25
DAYS >= .50         2                                  2
DAYS >= 1.00        0                                  0
GREATEST
 24 HR. TOTAL    0.60   04/26 TO 04/26

DEGREE_DAYS
HEATING TOTAL    1844              1888     -44
 SINCE 7/1       6635              7139    -504
COOLING TOTAL       6                13      -7
 SINCE 1/1          6                14      -8

FREEZE DATES
EARLIEST                        10/01
LATEST                          05/10
.................................................................

WIND (MPH)
AVERAGE WIND SPEED              6.0
HIGHEST WIND SPEED/DIRECTION    32/140    DATE  03/10
HIGHEST GUST SPEED/DIRECTION    49/260    DATE  04/15


WEATHER CONDITIONS. NUMBER OF DAYS WITH
THUNDERSTORM              5     MIXED PRECIP               0
HEAVY RAIN                7     RAIN                      15
LIGHT RAIN               50     FREEZING RAIN              0
LT FREEZING RAIN          0     HAIL                       0
HEAVY SNOW                0     SNOW                       2
LIGHT SNOW               12     SLEET                      0
FOG                      40     FOG W/VIS <= 1/4 MILE      5
HAZE                      3

-  INDICATES NEGATIVE NUMBERS.
R  INDICATES RECORD WAS SET OR TIED.
MM INDICATES DATA IS MISSING.
T  INDICATES TRACE AMOUNT.

$$
