309
CXUS51 KALY 011851
CLSDDH

CLIMATE REPORT
NATIONAL WEATHER SERVICE ALBANY NY
141 PM EST SAT DEC 1 2018

...................................

...THE BENNINGTON VT CLIMATE SUMMARY FOR THE SEASON, FROM
9/1/2018 TO 11/30/2018...

CLIMATE NORMAL PERIOD 1981 TO 2010
CLIMATE RECORD PERIOD 9999 TO 9999

WEATHER         OBSERVED          NORMAL  DEPART  LAST YEAR`S
                 VALUE   DATE(S)  VALUE   FROM    VALUE  DATE(S)
                                          NORMAL
................................................................
TEMPERATURE (F)
HIGHEST            91   09/05                         90  09/25
                        09/03
LOWEST              0   11/23                         14  11/11
AVG. MAXIMUM     57.9              58.8    -0.9     63.8
AVG. MINIMUM     41.4              37.8     3.6     40.5
MEAN             49.7              48.3     1.4     52.2
DAYS MAX >= 90      2               0.2     1.8        1
DAYS MAX <= 32      4               2.0     2.0        1
DAYS MIN <= 32     29              30.6    -1.6       26
DAYS MIN <= 0       1               0.0     1.0        0

PRECIPITATION (INCHES)
TOTALS          14.18             10.37    3.81     7.21
DAILY AVG.       0.16              0.11    0.05     0.08
DAYS >= .01        45                                 33
DAYS >= .10        28                                 15
DAYS >= .50         9                                  5
DAYS >= 1.00        3                                  1
GREATEST
 24 HR. TOTAL    2.34   09/18 TO 09/18

DEGREE_DAYS
HEATING TOTAL    1497              1541     -44
 SINCE 7/1       1505              1613    -108
COOLING TOTAL     123                25      98
 SINCE 1/1        637               313     324

FREEZE DATES
EARLIEST                        10/01
LATEST                          05/10
.................................................................

WIND (MPH)
AVERAGE WIND SPEED              4.6
HIGHEST WIND SPEED/DIRECTION    28/130    DATE  11/26
HIGHEST GUST SPEED/DIRECTION    42/070    DATE  11/16


WEATHER CONDITIONS. NUMBER OF DAYS WITH
THUNDERSTORM              3     MIXED PRECIP               0
HEAVY RAIN               12     RAIN                      16
LIGHT RAIN               43     FREEZING RAIN              0
LT FREEZING RAIN          0     HAIL                       0
HEAVY SNOW                1     SNOW                       4
LIGHT SNOW               10     SLEET                      0
FOG                      54     FOG W/VIS <= 1/4 MILE     10
HAZE                      3

-  INDICATES NEGATIVE NUMBERS.
R  INDICATES RECORD WAS SET OR TIED.
MM INDICATES DATA IS MISSING.
T  INDICATES TRACE AMOUNT.

$$
