000
CXUS53 KEAX 011402
CLSDMO

CLIMATE REPORT
NATIONAL WEATHER SERVICE KANSAS CITY/PLEASANT HILL MO
853 AM CDT SAT JUN 1 2019

...................................

...THE SEDALIA CLIMATE SUMMARY FOR THE SEASON, FROM
3/1/2019 TO 5/31/2019...

CLIMATE NORMAL PERIOD 1981 TO 2010
CLIMATE RECORD PERIOD 9999 TO 9999

WEATHER         OBSERVED          NORMAL  DEPART  LAST YEAR`S
                 VALUE   DATE(S)  VALUE   FROM    VALUE  DATE(S)
                                          NORMAL
................................................................
TEMPERATURE (F)
HIGHEST            83   04/10        87      -4       93  05/27
LOWEST             -2R  03/04        15     -17       22  04/07
                                                          04/04
AVG. MAXIMUM     62.2              66.6    -4.4     66.6
AVG. MINIMUM     43.5              45.8    -2.3     46.2
MEAN             52.8              56.2    -3.4     56.4
DAYS MAX >= 90      0               0.4    -0.4        7
DAYS MAX <= 32      4               0.9     3.1        0
DAYS MIN <= 32     15              21.6    -6.6       21
DAYS MIN <= 0       1               0.0     1.0        0

PRECIPITATION (INCHES)
TOTALS          12.59             11.55    1.04     7.28
DAILY AVG.       0.14              0.13    0.01     0.08
DAYS >= .01        38              31.5     6.5       31
DAYS >= .10        23              20.0     3.0       15
DAYS >= .50         7               7.9    -0.9        6
DAYS >= 1.00        4               3.0     1.0        2
GREATEST
 24 HR. TOTAL    2.06   MM

DEGREE_DAYS
HEATING TOTAL    1159               948     211     1089
COOLING TOTAL      59               140     -81      328
.................................................................

WIND (MPH)
AVERAGE WIND SPEED              10.0
HIGHEST WIND SPEED/DIRECTION    37/150    DATE  04/29
HIGHEST GUST SPEED/DIRECTION    56/240    DATE  03/14

SKY COVER
POSSIBLE SUNSHINE (PERCENT)   MM
AVERAGE SKY COVER           0.40
NUMBER OF DAYS FAIR           44
NUMBER OF DAYS PC             27
NUMBER OF DAYS CLOUDY         21

AVERAGE RH (PERCENT)     73

-  INDICATES NEGATIVE NUMBERS.
R  INDICATES RECORD WAS SET OR TIED.
MM INDICATES DATA IS MISSING.
T  INDICATES TRACE AMOUNT.

$$
