000
CXUS53 KEAX 010714
CLSDMO

CLIMATE REPORT
NATIONAL WEATHER SERVICE KANSAS CITY/PLEASANT HILL MO
207 AM CDT SAT SEP 1 2018

...................................

...THE SEDALIA CLIMATE SUMMARY FOR THE SEASON, FROM
6/1/2018 TO 8/31/2018...

CLIMATE NORMAL PERIOD 1981 TO 2010
CLIMATE RECORD PERIOD 9999 TO 9999

WEATHER         OBSERVED          NORMAL  DEPART  LAST YEAR`S
                 VALUE   DATE(S)  VALUE   FROM    VALUE  DATE(S)
                                          NORMAL
................................................................
TEMPERATURE (F)
HIGHEST            99   07/12        98       1       98  07/22
                                                          07/21
LOWEST             58   06/05        49       9       53  08/05
                        06/04                             06/26
AVG. MAXIMUM     89.1              87.7     1.4     86.5
AVG. MINIMUM     69.1              67.1     2.0     65.8
MEAN             79.1              77.4     1.7     76.1
DAYS MAX >= 90     48              29.7    18.3       28
DAYS MAX <= 32      0               0.0     0.0        0
DAYS MIN <= 32      0               0.0     0.0        0
DAYS MIN <= 0       0               0.0     0.0        0

PRECIPITATION (INCHES)
TOTALS          10.12             12.79   -2.67    13.01
DAILY AVG.       0.11              0.14   -0.03     0.14
DAYS >= .01        25              26.6    -1.6       22
DAYS >= .10        19              18.1     0.9       16
DAYS >= .50         6               8.9    -2.9        9
DAYS >= 1.00        2               4.0    -2.0        4
GREATEST
 24 HR. TOTAL    2.47   MM

DEGREE_DAYS
HEATING TOTAL       0                 7      -7        5
COOLING TOTAL    1307              1146     161     1011
.................................................................

WIND (MPH)
AVERAGE WIND SPEED              7.3
HIGHEST WIND SPEED/DIRECTION    38/100    DATE  06/02
HIGHEST GUST SPEED/DIRECTION    55/110    DATE  06/02

SKY COVER
POSSIBLE SUNSHINE (PERCENT)    0
AVERAGE SKY COVER           0.20
NUMBER OF DAYS FAIR           73
NUMBER OF DAYS PC             16
NUMBER OF DAYS CLOUDY          3

AVERAGE RH (PERCENT)     69

WEATHER CONDITIONS. NUMBER OF DAYS WITH
  0
 12
  0
  0
  0
  0
  0
HAZE                     13

-  INDICATES NEGATIVE NUMBERS.
R  INDICATES RECORD WAS SET OR TIED.
MM INDICATES DATA IS MISSING.
T  INDICATES TRACE AMOUNT.

$$
