686
CXUS51 KRLX 031355
CLSEKN


CLIMATE REPORT
NATIONAL WEATHER SERVICE CHARLESTON WV
953 AM EDT MON JUN 3 2019

...................................

...THE ELKINS WV CLIMATE SUMMARY FOR THE SEASON, FROM
3/1/2019 TO 5/31/2019...

CLIMATE NORMAL PERIOD 1981 TO 2010
CLIMATE RECORD PERIOD 1899 TO 2019

WEATHER         OBSERVED          NORMAL  DEPART  LAST YEAR`S
                 VALUE   DATE(S)  VALUE   FROM    VALUE
                                          NORMAL
.............................................................
TEMPERATURE (F)
RECORD
 HIGH              93   05/19/1996
 LOW              -15   03/02/1978
HIGHEST            88   05/01                         MM
LOWEST              9   03/06                         MM
AVG. MAXIMUM     65.2              61.7     3.5       MM
AVG. MINIMUM     40.9              36.7     4.2       MM
MEAN             53.1              49.2     3.9       MM
DAYS MAX >= 90      0               0.0     0.0       MM
DAYS MAX <= 32      3               2.1     0.9       MM
DAYS MIN <= 32     27              32.7    -5.7       MM
DAYS MIN <= 0       0               0.2    -0.2       MM

PRECIPITATION (INCHES)
RECORD
 MAXIMUM        23.57   1996
 MINIMUM         6.24   1976
TOTALS          12.95             12.88    0.07       MM
DAILY AVG.       0.14              0.14    0.00       MM
DAYS >= .01        47              47.0     0.0       MM
DAYS >= .10        32              29.2     2.8       MM
DAYS >= .50         9               8.1     0.9       MM
DAYS >= 1.00        3               1.8     1.2       MM
GREATEST
 24 HR. TOTAL    1.31   MM

SNOWFALL (INCHES)
RECORDS
 TOTAL             MM   5
 24 HR TOTAL       MM
TOTALS            5.8              18.0   -12.2       MM
SINCE 7/1        35.0              83.5   -48.5       MM
DAYS >= TRACE      10              10.8    -0.8       MM
DAYS >= 1.0         3               5.4    -2.4       MM
GREATEST
 24 HR TOTAL      1.8   MM

DEGREE_DAYS
HEATING TOTAL    1161              1476    -315       MM
 SINCE 7/1         MM              5797      MM       MM
COOLING TOTAL      83                23      60       MM
 SINCE 1/1         83                23      60       MM
..............................................................

WIND (MPH)
AVERAGE WIND SPEED              5.6
HIGHEST WIND SPEED/DIRECTION    30/290    DATE  04/26
HIGHEST GUST SPEED/DIRECTION    43/180    DATE  04/14

SKY COVER
POSSIBLE SUNSHINE (PERCENT)   MM
AVERAGE SKY COVER           0.50
NUMBER OF DAYS FAIR           29
NUMBER OF DAYS PC             37
NUMBER OF DAYS CLOUDY         26

AVERAGE RH (PERCENT)     64

-  INDICATES NEGATIVE NUMBERS.
R  INDICATES RECORD WAS SET OR TIED.
MM INDICATES DATA IS MISSING.
T  INDICATES TRACE AMOUNT.

$$
