000
CXUS55 KLKN 031057
CLSEKO


CLIMATE REPORT
NATIONAL WEATHER SERVICE ELKO NV
238 AM PST MON DEC 3 2018

...................................

...THE ELKO AIRPORT NV CLIMATE SUMMARY FOR THE SEASON, FROM
9/1/2018 TO 11/30/2018...

CLIMATE NORMAL PERIOD 1981 TO 2010
CLIMATE RECORD PERIOD 1888 TO 2018

WEATHER         OBSERVED          NORMAL  DEPART  LAST YEAR`S
                 VALUE   DATE(S)  VALUE   FROM    VALUE
                                          NORMAL
.............................................................
TEMPERATURE (F)
RECORD
 HIGH             100   09/04/2017
 LOW              -16   11/29/1896
HIGHEST            92   09/07        92       0      100
LOWEST              5   11/19         4       1       18
                        11/12
AVG. MAXIMUM     65.5              63.7     1.8     64.8
AVG. MINIMUM     29.1              29.7    -0.6     31.9
MEAN             47.3              46.7     0.6     48.4
DAYS MAX >= 90      3               2.0     1.0        7
DAYS MAX <= 32      0               2.2    -2.2        0
DAYS MIN <= 32     50              52.2    -2.2       61
DAYS MIN <= 0       0               0.7    -0.7        0

PRECIPITATION (INCHES)
RECORD
 MAXIMUM         5.73   1900
 MINIMUM         0.45   1933
TOTALS           1.81              2.43   -0.62     3.32
DAILY AVG.       0.02              0.03   -0.01     0.03
DAYS >= .01        12              17.3    -5.3       19
DAYS >= .10         7               7.8    -0.8        8
DAYS >= .50         0               1.0    -1.0        2
DAYS >= 1.00        0               0.0     0.0        0

SNOWFALL (INCHES)
RECORDS
 TOTAL           20.0   1930
TOTALS            2.2               5.7    -3.5      0.7
DAYS >= 1.0         1               2.2    -1.2        0

DEGREE_DAYS
HEATING TOTAL    1614              1686     -72     1584
COOLING TOTAL      24                21       3       89
..............................................................

WIND (MPH)
AVERAGE WIND SPEED              4.7
HIGHEST WIND SPEED/DIRECTION    39/280    DATE  10/04
HIGHEST GUST SPEED/DIRECTION    55/270    DATE  10/04

AVERAGE RH (PERCENT)     46

WEATHER CONDITIONS. NUMBER OF DAYS WITH
THUNDERSTORM              2     MIXED PRECIP               0
HEAVY RAIN                0     RAIN                       3
LIGHT RAIN               12     FREEZING RAIN              0
LT FREEZING RAIN          0     HAIL                       0
HEAVY SNOW                0     SNOW                       1
LIGHT SNOW                3     SLEET                      0
FOG                      12     FOG W/VIS <= 1/4 MILE      2
HAZE                     21

-  INDICATES NEGATIVE NUMBERS.
R  INDICATES RECORD WAS SET OR TIED.
MM INDICATES DATA IS MISSING.
T  INDICATES TRACE AMOUNT.

&&
==============================================================

...44TH WARMEST METEOROLOGICAL FALL ON RECORD IN ELKO...
...55TH DRIEST METEOROLOGICAL FALL ON RECORD IN ELKO...
...44TH LEAST SNOWY METEOROLOGICAL FALL ON RECORD IN ELKO...

THE AVERAGE TEMPERATURE IN ELKO DURING METEOROLOGICAL FALL
(SEP-NOV) 2018 WAS 47.3 DEGREES...WHICH IS 0.6 DEGREES ABOVE
THE 1981-2010 CLIMATOLOGICAL NORMAL 46.7 DEGREES. THIS MAKES
METEOROLOGICAL FALL 2018 THE 44TH WARMEST ON RECORD. THE
TOTAL PRECIPITATION WAS 1.81 INCHES...WHICH IS 0.62 INCHES
BELOW OR 72 PERCENT OF THE 1981-2010 CLIMATOLOGICAL NORMAL
OF 2.43 INCHES. THIS MAKES FALL 2018 THE 55TH DRIEST ON
RECORD. THE TOTAL SNOWFALL WAS 2.2 INCHES...WHICH IS 3.5 INCHES
BELOW OR 39 PERCENT OF THE 1981-2010 CLIMATOLOGICAL NORMAL OF
5.7 INCHES. THIS MAKES FALL 2018 THE 44TH LEAST SNOWY ON
RECORD.

$$
DTK
