805
CXUS55 KLKN 021305
CLSELY


CLIMATE REPORT
NATIONAL WEATHER SERVICE ELKO NV
339 AM PST SAT MAR 2 2019

...................................

...THE ELY AIRPORT NV CLIMATE SUMMARY FOR THE SEASON, FROM
12/1/2018 TO 2/28/2019...

CLIMATE NORMAL PERIOD 1981 TO 2010
CLIMATE RECORD PERIOD 1893 TO 2019

WEATHER         OBSERVED          NORMAL  DEPART  LAST YEAR`S
                 VALUE   DATE(S)  VALUE   FROM    VALUE
                                          NORMAL
.............................................................
TEMPERATURE (F)
RECORD
 HIGH              68   01/25/1951
 LOW              -30   02/06/1989
HIGHEST            56   12/20        61      -5       62
LOWEST            -15   02/11       -16       1       -7
AVG. MAXIMUM     38.0              40.4    -2.4     46.1
AVG. MINIMUM     13.0              12.5     0.5     13.3
MEAN             25.5              26.5    -1.0     29.7
DAYS MAX >= 90      0               0.0     0.0        0
DAYS MAX <= 32     28              17.5    10.5       10
DAYS MIN <= 32     88              87.5     0.5       89
DAYS MIN <= 0      15              13.6     1.4       10

PRECIPITATION (INCHES)
RECORD
 MAXIMUM         7.65   1895
 MINIMUM         0.48   1977
TOTALS           3.04              2.04    1.00     1.48
DAILY AVG.       0.03              0.02    0.01     0.02
DAYS >= .01        31              20.4    10.6       13
DAYS >= .10        11               7.1     3.9        3
DAYS >= .50         0               0.4    -0.4        1
DAYS >= 1.00        0               0.0     0.0        0

SNOWFALL (INCHES)
RECORDS
 TOTAL           66.0   1895
TOTALS           39.1              25.4    13.7     21.5
DAYS >= 1.0        11               7.8     3.2        2
GREATEST
 SNOW DEPTH         9   02/16                         15

DEGREE_DAYS
HEATING TOTAL    3526              3469      57     3153
COOLING TOTAL       0                 0       0        0
..............................................................

WIND (MPH)
AVERAGE WIND SPEED              9.8
HIGHEST WIND SPEED/DIRECTION    39/160    DATE  02/13
HIGHEST GUST SPEED/DIRECTION    52/160    DATE  02/13

AVERAGE RH (PERCENT)     68

WEATHER CONDITIONS. NUMBER OF DAYS WITH
THUNDERSTORM              0     MIXED PRECIP               0
HEAVY RAIN                1     RAIN                       2
LIGHT RAIN                8     FREEZING RAIN              0
LT FREEZING RAIN          0     HAIL                       0
HEAVY SNOW                1     SNOW                       3
LIGHT SNOW               33     SLEET                      0
FOG                      17     FOG W/VIS <= 1/4 MILE      4
HAZE                      4

-  INDICATES NEGATIVE NUMBERS.
R  INDICATES RECORD WAS SET OR TIED.
MM INDICATES DATA IS MISSING.
T  INDICATES TRACE AMOUNT.

&&
==============================================================

...14TH SNOWIEST METEOROLOGICAL WINTER ON RECORD IN ELY...
...16TH WETTEST METEOROLOGICAL WINTER ON RECORD IN ELY...
...29TH COOLEST METEOROLOGICAL WINTER ON RECORD IN ELY...

THE AVERAGE TEMPERATURE IN ELY DURING 2018/2019 METEOROLOGICAL
WINTER (DEC-FEB) WAS 25.5 DEGREES...WHICH IS 1.0 DEGREE BELOW
THE 1981-2010 CLIMATOLOGICAL NORMAL OF 26.5 DEGREES. THIS
MAKES WINTER 2018/2019 THE 29TH COOLEST ON RECORD. THE TOTAL
PRECIPITATION WAS 3.04 INCHES...WHICH IS 1.00 INCHES ABOVE OR
149 PERCENT OF THE 1981-2010 CLIMATOLOGICAL NORMAL OF 2.04
INCHES. THIS MAKES WINTER 2018/2019 THE 16TH WETTEST ON
RECORD. THE TOTAL SNOWFALL WAS 39.1 INCHES...WHICH IS 13.7 INCHES
ABOVE OR 154 PERCENT OF THE 1981-2010 CLIMATOLOGICAL NORMAL OF
25.4 INCHES. THIS MAKES WINTER 2018/2019 THE 14TH SNOWIEST ON
RECORD.

$$
DTK
