891
CXUS55 KLKN 020110
CLSELY


CLIMATE REPORT
NATIONAL WEATHER SERVICE ELKO NV
609 PM PDT SAT JUN 1 2019

...................................

...THE ELY AIRPORT NV CLIMATE SUMMARY FOR THE SEASON, FROM
3/1/2019 TO 5/31/2019...

CLIMATE NORMAL PERIOD 1981 TO 2010
CLIMATE RECORD PERIOD 1893 TO 2019

WEATHER         OBSERVED          NORMAL  DEPART  LAST YEAR`S
                 VALUE   DATE(S)  VALUE   FROM    VALUE
                                          NORMAL
.............................................................
TEMPERATURE (F)
RECORD
 HIGH              95   05/31/1910
 LOW              -13   03/03/1952
HIGHEST            76   05/13        82      -6       85
LOWEST             10   03/11         3       7       -2
AVG. MAXIMUM     54.8              58.6    -3.8     60.2
AVG. MINIMUM     29.4              27.7     1.7     28.2
MEAN             42.1              43.2    -1.1     44.2
DAYS MAX >= 90      0               0.1    -0.1        0
DAYS MAX <= 32      1               0.8     0.2        1
DAYS MIN <= 32     64              64.0     0.0       63
DAYS MIN <= 0       0               0.3    -0.3        2

PRECIPITATION (INCHES)
RECORD
 MAXIMUM         6.80   1896
 MINIMUM         0.50   1910
TOTALS           8.69R             2.98    5.71     2.90
DAILY AVG.       0.09              0.03    0.06     0.03
DAYS >= .01        37              22.8    14.2       19
DAYS >= .10        25               9.6    15.4       12
DAYS >= .50         4               0.9     3.1        0
DAYS >= 1.00        0               0.0     0.0        0

SNOWFALL (INCHES)
RECORDS
 TOTAL           50.0   1964
TOTALS           24.4              15.8     8.6     18.4
DAYS >= 1.0         8               5.4     2.6        5
GREATEST
 SNOW DEPTH         5   03/22                          6

DEGREE_DAYS
HEATING TOTAL    2091              2010      81     1894
COOLING TOTAL       0                 1      -1        0
..............................................................

WIND (MPH)
AVERAGE WIND SPEED              8.9
HIGHEST WIND SPEED/DIRECTION    36/230    DATE  05/16
HIGHEST GUST SPEED/DIRECTION    50/190    DATE  05/26

AVERAGE RH (PERCENT)     65

WEATHER CONDITIONS. NUMBER OF DAYS WITH
THUNDERSTORM             13     MIXED PRECIP               0
HEAVY RAIN                2     RAIN                      18
LIGHT RAIN               36     FREEZING RAIN              1
LT FREEZING RAIN          0     HAIL                       0
HEAVY SNOW                7     SNOW                      12
LIGHT SNOW               24     SLEET                      0
FOG                      30     FOG W/VIS <= 1/4 MILE      3
HAZE                      4

-  INDICATES NEGATIVE NUMBERS.
R  INDICATES RECORD WAS SET OR TIED.
MM INDICATES DATA IS MISSING.
T  INDICATES TRACE AMOUNT.

$$
