000
CXUS55 KLKN 101327
CLSELY

CLIMATE REPORT
NATIONAL WEATHER SERVICE ELKO NV
528 AM PST MON DEC 10 2018

...................................

...THE ELY AIRPORT NV CLIMATE SUMMARY FOR THE SEASON, FROM
9/1/2018 TO 11/30/2018...CORRECTED FOR NOV SNOWFALL...

CLIMATE NORMAL PERIOD 1981 TO 2010
CLIMATE RECORD PERIOD 1893 TO 2018

WEATHER         OBSERVED          NORMAL  DEPART  LAST YEAR`S
                 VALUE   DATE(S)  VALUE   FROM    VALUE
                                          NORMAL
.............................................................
TEMPERATURE (F)
RECORD
 HIGH              93   09/05/2017
                        09/12/1990
                        09/03/1950
 LOW              -20   11/25/2010
HIGHEST            88   09/10        88       0       93
                        09/08
                        09/09
LOWEST              3   11/12                 4        4
AVG. MAXIMUM     64.0              62.3     1.7     65.3
AVG. MINIMUM     28.1              28.2    -0.1     28.8
MEAN             46.0              45.2     0.8     47.0
DAYS MAX >= 90      0               0.2    -0.2        4
DAYS MAX <= 32      0               2.4    -2.4        0
DAYS MIN <= 32     57              56.8     0.2       62
DAYS MIN <= 0       0               1.4    -1.4        0

PRECIPITATION (INCHES)
RECORD
 MAXIMUM         7.30   1982
 MINIMUM         0.35   1893
TOTALS           1.86              2.53   -0.67     2.12
DAILY AVG.       0.02              0.03   -0.01     0.02
DAYS >= .01        14              16.0    -2.0       13
DAYS >= .10         7               7.1    -0.1        4
DAYS >= .50         1               1.0     0.0        1
DAYS >= 1.00        0               0.1    -0.1        0

SNOWFALL (INCHES)
RECORDS
 TOTAL           26.0   1985
TOTALS            5.2               9.5    -4.3      5.0
DAYS >= 1.0         2               3.0    -1.0        1
GREATEST
 SNOW DEPTH         1   11/30                          3
                        11/29

DEGREE_DAYS
HEATING TOTAL    1714              1805     -91     1638
COOLING TOTAL       9                 6       3       24
..............................................................

WIND (MPH)
AVERAGE WIND SPEED              9.6
HIGHEST WIND SPEED/DIRECTION    41/180    DATE  09/15
HIGHEST GUST SPEED/DIRECTION    55/160    DATE  09/15

AVERAGE RH (PERCENT)     43

WEATHER CONDITIONS. NUMBER OF DAYS WITH
THUNDERSTORM              5     MIXED PRECIP               0
HEAVY RAIN                3     RAIN                       3
LIGHT RAIN               14     FREEZING RAIN              0
LT FREEZING RAIN          0     HAIL                       0
HEAVY SNOW                0     SNOW                       4
LIGHT SNOW                4     SLEET                      0
FOG                       8     FOG W/VIS <= 1/4 MILE      0
HAZE                      4

-  INDICATES NEGATIVE NUMBERS.
R  INDICATES RECORD WAS SET OR TIED.
MM INDICATES DATA IS MISSING.
T  INDICATES TRACE AMOUNT.

&&
==============================================================

...39TH WARMEST METEOROLOGICAL FALL ON RECORD IN ELY...
...38TH DRIEST METEOROLOGICAL FALL ON RECORD IN ELY...
...56TH LEAST SNOWY METEOROLOGICAL FALL ON RECORD IN ELY...

THE AVERAGE TEMPERATURE IN ELY DURING METEOROLOGICAL FALL
(SEP-NOV) 2018 WAS 46.0 DEGREES...WHICH IS 0.6 DEGREES ABOVE THE
1981-2010 CLIMATOLOGICAL NORMAL 45.2 DEGREES. THIS MAKES
METEOROLOGICAL FALL 2018 THE 39TH WARMEST ON RECORD. THE TOTAL
PRECIPITATION WAS 1.86 INCHES...WHICH IS 0.67 INCHES BELOW OR 74
PERCENT OF THE 1981-2010 CLIMATOLOGICAL NORMAL OF 2.53 INCHES. THIS
MAKES FALL 2018 THE 38TH DRIEST ON RECORD. THE TOTAL SNOWFALL WAS
5.2 INCHES...WHICH IS 4.3 INCHES BELOW OR 55 PERCENT OF THE 1981-
2010 CLIMATOLOGICAL NORMAL OF 9.5 INCHES. THIS MAKES FALL 2018 THE
56TH LEAST SNOWY ON RECORD.

$$
DTK
